{"id":1069,"date":"2017-11-30T16:49:14","date_gmt":"2017-11-30T15:49:14","guid":{"rendered":"http:\/\/agora.xtec.cat\/ceip-pins\/?page_id=1069"},"modified":"2026-02-21T12:25:10","modified_gmt":"2026-02-21T11:25:10","slug":"afa","status":"publish","type":"page","link":"https:\/\/agora.xtec.cat\/ceip-pins\/afa\/","title":{"rendered":"AFA"},"content":{"rendered":"<p>Participa a les <a href=\"https:\/\/agora.xtec.cat\/ceip-pins\/afa\/documentacio\/\">juntes obertes de l&#8217;AFA mensuals<\/a> per dir la teva i informar-te !<\/p>\n<p>Descarrega\u2019t el <a href=\"https:\/\/agora.xtec.cat\/ceip-pins\/wp-content\/uploads\/usu1715\/2022\/02\/AFA-2025-2027.pdf\"> PDF de presentaci\u00f3 de l\u2019AFA 2025-2027<\/a><\/p>\n<p>&nbsp;<br \/>\n<!--\n<center>\n\n\n<div style=\"position: relative; max-width: 410px; height: 1024px;\">\n\n<img decoding=\"async\" style=\"width: 100%; height: auto;\" src=\"https:\/\/agora.xtec.cat\/ceip-pins\/wp-content\/uploads\/usu1715\/2022\/04\/FEM_AFA_SOM_PINS_-410x1024.jpeg\" \/>\n\n\n<div style=\"position: absolute; left: 0%; top: 0%; width: 100%; height: 21%; background-color: transparent;\" title=\"FEM AFA SOM PINS\"><\/div>\n\n\n&nbsp;\n\n\n<div style=\"position: absolute; left: 0%; top: 21%; width: 100%; height: 13.5%; background-color: transparent;\" title=\"GT COMUNICACI\u00d3\"><\/div>\n\n\n&nbsp;\n\n\n<div style=\"position: absolute; left: 0%; top: 34%; width: 100%; height: 13.5%; background-color: transparent;\" title=\"GT MENJADOR I TEMPS DE MIGDIA\"><\/div>\n\n\n&nbsp;\n\n\n<div style=\"position: absolute; left: 0%; top: 47.5%; width: 100%; height: 14.5%; background-color: transparent;\" title=\"GT APRENENTATGE\"><\/div>\n\n\n&nbsp;\n\n\n<div style=\"position: absolute; left: 0%; top: 62%; width: 100%; height: 15%; background-color: transparent;\" title=\"GT FESTES\"><\/div>\n\n\n&nbsp;\n\n\n<div style=\"position: absolute; left: 0%; top: 77%; width: 100%; height: 10%; background-color: transparent;\" title=\"GT TRESORERIA\"><\/div>\n\n\n&nbsp;\n\n<\/div>\n\n\n<\/center>\n&nbsp;\n\n--><br \/>\n<strong>Benvolgudes fam\u00edlies,<\/strong><\/p>\n<p>Ens fa molta il\u00b7lusi\u00f3 presentar-nos com a Junta de l\u2019AFA. Som la Aitziber, l\u2019Anna, el Bernat, la Berta, l\u2019Elisabet, l\u2019Eva, l\u2019Helena, l\u2019Irantzu, la Laura, la Maria, la Mireia, la M\u00edriam, la N\u00faria, l\u2019Oriol, el Ray i el Ricard; un grup de fam\u00edlies, combinaci\u00f3 de membres de la Junta sortint i noves incorporacions, amb moltes ganes de continuar col\u00b7laborant amb l\u2019escola i de seguir treballant per fer del nostre centre un espai educatiu encara m\u00e9s enriquidor i acollidor per als nostres infants.<\/p>\n<p>Des de la Junta, creiem fermament en la import\u00e0ncia de sumar esfor\u00e7os entre escola i fam\u00edlies, fomentant i afavorint la conviv\u00e8ncia al centre educatiu. Per aix\u00f2, ens proposem continuar impulsant activitats, donar suport a projectes educatius, col\u00b7laborar en l\u2019organitzaci\u00f3 d\u2019esdeveniments i, sobretot, escoltar-vos per recollir propostes, inquietuds i iniciatives que puguin millorar la vida escolar de tota la comunitat.<\/p>\n<p>Ens agradaria fomentar encara m\u00e9s la participaci\u00f3 i la implicaci\u00f3 de totes les fam\u00edlies. Totes les persones son benvingudes: qualsevol ajuda, idea o col\u00b7laboraci\u00f3 ser\u00e0 molt ben rebuda.<\/p>\n<p>Esperem trobar-nos a les reunions i activitats que organitza l&#8217;AFA. Mentrestant, ens podeu contactar:<\/p>\n<ul>\n<li>Per correu electr\u00f2nic de l\u2019AFA ( <strong><a href=\"mailto:junta.afa.pins@gmail.com\">junta.afa.pins@gmail.com<\/a><\/strong> )\n<li>Per les xarxes socials de l\u2019escola (Instagram: <strong>afapinsdelvalles<\/strong>; Facebook: <strong>Afa Pins del Vall\u00e8s<\/strong>; Xarxa X: <strong>@afapinsdelvalles<\/strong>).\n<li>Per la <strong>comunitat de Whatsapp<\/strong>.\n<\/ul>\n<p>I si ja sabeu de quina comissi\u00f3 voleu formar part o no sabeu de quina, per\u00f2 teniu tantes ganes com nosaltres d\u2019afegir el vostre granet de sorra, envia\u2019ns un mail (<strong><a href=\"mailto:junta.afa.pins@gmail.com\">junta.afa.pins@gmail.com<\/a><\/strong>) amb l\u2019assumpte TRUQUEU-ME i el vostre tel\u00e8fon i ens posem en contacte amb tu.<\/p>\n<p>Gr\u00e0cies per la vostra confian\u00e7a i per formar part d\u2019aquesta comunitat educativa!<\/p>\n<p><strong>Cordialment<\/strong>,<\/p>\n<p>Junta de l\u2019AFA de l\u2019Escola Pins del Vall\u00e8s<\/p>\n<p><!--\n\nLa Junta de l'AFA -Associaci\u00f3 de Fam\u00edlies d\u2019Alumnes- est\u00e0 formada per fam\u00edlies ja implicades en la vida de l'escola que han decidit fer-hi un pas m\u00e9s. Quant a la nova denominaci\u00f3, pret\u00e9n ser reflex de la diversitat de models de fam\u00edlies que presenta la societat i, per tant, la nostra escola; tots i totes ens volem sentir identificades\/ts i representades\/ts per aquesta nova proposta.\n\nLes nostres <strong>prioritats<\/strong> passen per preservar el que tenim de diferencial:\n\n\n<ul>\n \t\n\n<li>Gaudir de la gran <strong>qualitat de la cuina<\/strong>, un excel\u00b7lent servei de menjador i una gesti\u00f3 del lleure educatiu on cada detall est\u00e0 pensat per als infants.<\/li>\n\n\n \t\n\n<li>Potenciar l'<strong>espai natural<\/strong> on s'ubica l\u2019escola, un entorn privilegiat que cal mantenir i gaudir.<\/li>\n\n\n \t\n\n<li>Viure el que passi al <strong>poble<\/strong>; que tamb\u00e9 es visqui al Pins. \u00c9s a dir, que sigui una escola oberta a la vida local, en l\u2019\u00e0mbit social, cultural i tradicional.<\/li>\n\n\n<\/ul>\n\n\nVolem un Pins participatiu, cr\u00edtic, obert, i, sobretot, del qual tothom se'n senti orgull\u00f3s de formar part. Pretenem que tothom s\u00e0piga qu\u00e8 es fa a l'escola i se'n senti part. Treballarem per a aconseguir la m\u00e0xima implicaci\u00f3 per part de totes les fam\u00edlies.\n\nEns organitzem de tal manera que fomentem que totes les opinions comptin per igual, aix\u00ed que ens estructurem de forma el m\u00e0xim horitzontal possible i amb una m\u00ednima jerarquia. D'altra banda, l'organitzaci\u00f3 dels membres de l' AFA \u00e9s en grups de treball, els quals engloben les comissions que gestionaran cadascuna de les activitats que es desenvolupen.\n\nParticiem al Consell Escolar i a la Coordinadora d'AFEs de Sant Cugat.\n\nLa quota de l'AFA actual \u00e9s de 42\u20ac anuals per fam\u00edlia.\n\nSegueix-nos !\n\n--><\/p>\n<p>&nbsp;<\/p>\n<p>&nbsp;<\/p>\n<p>&nbsp;<\/p>\n","protected":false},"excerpt":{"rendered":"<p>Participa a les <a href=\"https:\/\/agora.xtec.cat\/ceip-pins\/afa\/documentacio\/\">juntes obertes de l&#8217;AFA mensuals<\/a> per dir la teva i informar-te !<br \/>\nDescarrega\u2019t el <a href=\"https:\/\/agora.xtec.cat\/ceip-pins\/wp-content\/uploads\/usu1715\/2022\/02\/AFA-2025-2027.pdf\"> PDF de presentaci\u00f3 de l\u2019AFA 2025-2027<\/a><br \/>\n&nbsp;<\/p>\n<p>Benvolgudes fam\u00edlies,<br \/>\nEns fa molta il\u00b7lusi\u00f3 presentar-nos com a Junta de l\u2019AFA. Som la Aitziber, l\u2019Anna, el Bernat, la Berta, l\u2019Elisabet, l\u2019Eva,&hellip;  <a href=\"https:\/\/agora.xtec.cat\/ceip-pins\/afa\/\" title=\"Read AFA\">Llegeix m\u00e9s\u00bb<\/a><\/p>\n","protected":false},"author":3,"featured_media":0,"parent":0,"menu_order":0,"comment_status":"closed","ping_status":"closed","template":"page-templates\/side-menu.php","meta":{"_bbp_topic_count":0,"_bbp_reply_count":0,"_bbp_total_topic_count":0,"_bbp_total_reply_count":0,"_bbp_voice_count":0,"_bbp_anonymous_reply_count":0,"_bbp_topic_count_hidden":0,"_bbp_reply_count_hidden":0,"_bbp_forum_subforum_count":0,"footnotes":""},"class_list":["post-1069","page","type-page","status-publish","hentry"],"post_mailing_queue_ids":[],"_links":{"self":[{"href":"https:\/\/agora.xtec.cat\/ceip-pins\/wp-json\/wp\/v2\/pages\/1069","targetHints":{"allow":["GET"]}}],"collection":[{"href":"https:\/\/agora.xtec.cat\/ceip-pins\/wp-json\/wp\/v2\/pages"}],"about":[{"href":"https:\/\/agora.xtec.cat\/ceip-pins\/wp-json\/wp\/v2\/types\/page"}],"author":[{"embeddable":true,"href":"https:\/\/agora.xtec.cat\/ceip-pins\/wp-json\/wp\/v2\/users\/3"}],"replies":[{"embeddable":true,"href":"https:\/\/agora.xtec.cat\/ceip-pins\/wp-json\/wp\/v2\/comments?post=1069"}],"version-history":[{"count":6,"href":"https:\/\/agora.xtec.cat\/ceip-pins\/wp-json\/wp\/v2\/pages\/1069\/revisions"}],"predecessor-version":[{"id":11557,"href":"https:\/\/agora.xtec.cat\/ceip-pins\/wp-json\/wp\/v2\/pages\/1069\/revisions\/11557"}],"wp:attachment":[{"href":"https:\/\/agora.xtec.cat\/ceip-pins\/wp-json\/wp\/v2\/media?parent=1069"}],"curies":[{"name":"wp","href":"https:\/\/api.w.org\/{rel}","templated":true}]}}

<p>Participa a les <a href="https://agora.xtec.cat/ceip-pins/afa/documentacio/">juntes obertes de l&#8217;AFA mensuals</a> per dir la teva i informar-te !</p>
<p>Descarrega’t el <a href="https://agora.xtec.cat/ceip-pins/wp-content/uploads/usu1715/2022/02/AFA-2025-2027.pdf"> PDF de presentació de l’AFA 2025-2027</a></p>
<p>&nbsp;<br />
<!--
<center>


<div style="position: relative; max-width: 410px; height: 1024px;">

<img decoding="async" style="width: 100%; height: auto;" src="https://agora.xtec.cat/ceip-pins/wp-content/uploads/usu1715/2022/04/FEM_AFA_SOM_PINS_-410x1024.jpeg" />


<div style="position: absolute; left: 0%; top: 0%; width: 100%; height: 21%; background-color: transparent;" title="FEM AFA SOM PINS"></div>


&nbsp;


<div style="position: absolute; left: 0%; top: 21%; width: 100%; height: 13.5%; background-color: transparent;" title="GT COMUNICACIÓ"></div>


&nbsp;


<div style="position: absolute; left: 0%; top: 34%; width: 100%; height: 13.5%; background-color: transparent;" title="GT MENJADOR I TEMPS DE MIGDIA"></div>


&nbsp;


<div style="position: absolute; left: 0%; top: 47.5%; width: 100%; height: 14.5%; background-color: transparent;" title="GT APRENENTATGE"></div>


&nbsp;


<div style="position: absolute; left: 0%; top: 62%; width: 100%; height: 15%; background-color: transparent;" title="GT FESTES"></div>


&nbsp;


<div style="position: absolute; left: 0%; top: 77%; width: 100%; height: 10%; background-color: transparent;" title="GT TRESORERIA"></div>


&nbsp;

</div>


</center>
&nbsp;

--><br />
<strong>Benvolgudes famílies,</strong></p>
<p>Ens fa molta il·lusió presentar-nos com a Junta de l’AFA. Som la Aitziber, l’Anna, el Bernat, la Berta, l’Elisabet, l’Eva, l’Helena, l’Irantzu, la Laura, la Maria, la Mireia, la Míriam, la Núria, l’Oriol, el Ray i el Ricard; un grup de famílies, combinació de membres de la Junta sortint i noves incorporacions, amb moltes ganes de continuar col·laborant amb l’escola i de seguir treballant per fer del nostre centre un espai educatiu encara més enriquidor i acollidor per als nostres infants.</p>
<p>Des de la Junta, creiem fermament en la importància de sumar esforços entre escola i famílies, fomentant i afavorint la convivència al centre educatiu. Per això, ens proposem continuar impulsant activitats, donar suport a projectes educatius, col·laborar en l’organització d’esdeveniments i, sobretot, escoltar-vos per recollir propostes, inquietuds i iniciatives que puguin millorar la vida escolar de tota la comunitat.</p>
<p>Ens agradaria fomentar encara més la participació i la implicació de totes les famílies. Totes les persones son benvingudes: qualsevol ajuda, idea o col·laboració serà molt ben rebuda.</p>
<p>Esperem trobar-nos a les reunions i activitats que organitza l&#8217;AFA. Mentrestant, ens podeu contactar:</p>
<ul>
<li>Per correu electrònic de l’AFA ( <strong><a href="mailto:junta.afa.pins@gmail.com">junta.afa.pins@gmail.com</a></strong> )
<li>Per les xarxes socials de l’escola (Instagram: <strong>afapinsdelvalles</strong>; Facebook: <strong>Afa Pins del Vallès</strong>; Xarxa X: <strong>@afapinsdelvalles</strong>).
<li>Per la <strong>comunitat de Whatsapp</strong>.
</ul>
<p>I si ja sabeu de quina comissió voleu formar part o no sabeu de quina, però teniu tantes ganes com nosaltres d’afegir el vostre granet de sorra, envia’ns un mail (<strong><a href="mailto:junta.afa.pins@gmail.com">junta.afa.pins@gmail.com</a></strong>) amb l’assumpte TRUQUEU-ME i el vostre telèfon i ens posem en contacte amb tu.</p>
<p>Gràcies per la vostra confiança i per formar part d’aquesta comunitat educativa!</p>
<p><strong>Cordialment</strong>,</p>
<p>Junta de l’AFA de l’Escola Pins del Vallès</p>
<p><!--

La Junta de l'AFA -Associació de Famílies d’Alumnes- està formada per famílies ja implicades en la vida de l'escola que han decidit fer-hi un pas més. Quant a la nova denominació, pretén ser reflex de la diversitat de models de famílies que presenta la societat i, per tant, la nostra escola; tots i totes ens volem sentir identificades/ts i representades/ts per aquesta nova proposta.

Les nostres <strong>prioritats</strong> passen per preservar el que tenim de diferencial:


<ul>
 	

<li>Gaudir de la gran <strong>qualitat de la cuina</strong>, un excel·lent servei de menjador i una gestió del lleure educatiu on cada detall està pensat per als infants.</li>


 	

<li>Potenciar l'<strong>espai natural</strong> on s'ubica l’escola, un entorn privilegiat que cal mantenir i gaudir.</li>


 	

<li>Viure el que passi al <strong>poble</strong>; que també es visqui al Pins. És a dir, que sigui una escola oberta a la vida local, en l’àmbit social, cultural i tradicional.</li>


</ul>


Volem un Pins participatiu, crític, obert, i, sobretot, del qual tothom se'n senti orgullós de formar part. Pretenem que tothom sàpiga què es fa a l'escola i se'n senti part. Treballarem per a aconseguir la màxima implicació per part de totes les famílies.

Ens organitzem de tal manera que fomentem que totes les opinions comptin per igual, així que ens estructurem de forma el màxim horitzontal possible i amb una mínima jerarquia. D'altra banda, l'organització dels membres de l' AFA és en grups de treball, els quals engloben les comissions que gestionaran cadascuna de les activitats que es desenvolupen.

Particiem al Consell Escolar i a la Coordinadora d'AFEs de Sant Cugat.

La quota de l'AFA actual és de 42€ anuals per família.

Segueix-nos !

--></p>
<p>&nbsp;</p>
<p>&nbsp;</p>
<p>&nbsp;</p>

<p>Participa a les <a href="https://agora.xtec.cat/ceip-pins/afa/documentacio/">juntes obertes de l&#8217;AFA mensuals</a> per dir la teva i informar-te !<br />
Descarrega’t el <a href="https://agora.xtec.cat/ceip-pins/wp-content/uploads/usu1715/2022/02/AFA-2025-2027.pdf"> PDF de presentació de l’AFA 2025-2027</a><br />
&nbsp;</p>
<p>Benvolgudes famílies,<br />
Ens fa molta il·lusió presentar-nos com a Junta de l’AFA. Som la Aitziber, l’Anna, el Bernat, la Berta, l’Elisabet, l’Eva,&hellip;  <a href="https://agora.xtec.cat/ceip-pins/afa/" title="Read AFA">Llegeix més»</a></p>
