{"id":759,"date":"2019-11-19T20:26:51","date_gmt":"2019-11-19T19:26:51","guid":{"rendered":"http:\/\/agora.xtec.cat\/ceip-pilarmestres\/?page_id=759"},"modified":"2020-10-09T10:43:32","modified_gmt":"2020-10-09T08:43:32","slug":"representants-dels-alumnes","status":"publish","type":"page","link":"https:\/\/agora.xtec.cat\/ceip-pilarmestres\/lescola\/representants-dels-alumnes\/","title":{"rendered":"Representants dels alumnes"},"content":{"rendered":"<p><strong><span style=\"color: #ff6600;\"> <a href=\"https:\/\/agora.xtec.cat\/ceip-pilarmestres\/wp-content\/uploads\/usu1873\/2020\/10\/Sense-t\u00edtol-2.png\"><img loading=\"lazy\" decoding=\"async\" class=\" wp-image-1210 aligncenter\" src=\"https:\/\/agora.xtec.cat\/ceip-pilarmestres\/wp-content\/uploads\/usu1873\/2020\/10\/Sense-t\u00edtol-2.png\" alt=\"\" width=\"601\" height=\"213\" srcset=\"https:\/\/agora.xtec.cat\/ceip-pilarmestres\/wp-content\/uploads\/usu1873\/2020\/10\/Sense-t\u00edtol-2.png 626w, https:\/\/agora.xtec.cat\/ceip-pilarmestres\/wp-content\/uploads\/usu1873\/2020\/10\/Sense-t\u00edtol-2-300x106.png 300w\" sizes=\"auto, (max-width: 601px) 100vw, 601px\" \/><\/a><\/span><\/strong><\/p>\n<p><img loading=\"lazy\" decoding=\"async\" class=\"alignnone\" style=\"font-family: inherit; font-size: 0.875em; font-weight: normal;\" src=\"http:\/\/static.wixstatic.com\/media\/38e4b9_7b5d6c09df1e43de8d72f90c465d3361.png\" alt=\"Resultado de imagen de grupo personas colores\" width=\"63\" height=\"55\" \/> <strong style=\"font-size: 1.6875em;\"><span style=\"color: #ff6600;\">DELEGADES\/DELEGATS I SUBDELEGATS\/SUBDELEGADES\u00a0<\/span><\/strong><\/p>\n<p>Cada classe escull els seus representants. Aquests representen els seus companys en el\u00a0<em>consell de delegats<\/em>, \u00f2rgan de participaci\u00f3 dels alumnes en la gesti\u00f3 de l&#8217;escola.<\/p>\n<p>&nbsp;<\/p>\n<h3><strong><span style=\"color: #008000;\"><img loading=\"lazy\" decoding=\"async\" id=\"rg_hi\" class=\"rg_hi uh_hi\" src=\"https:\/\/encrypted-tbn2.gstatic.com\/images?q=tbn:ANd9GcQ-i4LqSHZr_vGN3-BY7slJulUAfz6k3vf5bBQxO2fNVZz1LeFNRg\" alt=\"\" width=\"72\" height=\"62\" data-height=\"189\" data-width=\"184\" \/>\u00a0ECODELEGATS I ECODELEGADES<\/span><\/strong><\/h3>\n<p>&nbsp;<\/p>\n<p>Els ecodelegats i ecodelegades s\u00f3n els representants de cada classe encarregats de planificar \u00a0i promoure actuacions \u00a0en favor de la cura del medi ambient a l&#8217;escola. Aquests es reuneixen peri\u00f2dicament en el consel d&#8217;ecodelegats.<\/p>\n","protected":false},"excerpt":{"rendered":"<p> <a href=\"https:\/\/agora.xtec.cat\/ceip-pilarmestres\/wp-content\/uploads\/usu1873\/2020\/10\/Sense-t\u00edtol-2.png\"><\/a><br \/>\n DELEGADES\/DELEGATS I SUBDELEGATS\/SUBDELEGADES\u00a0<br \/>\nCada classe escull els seus representants. Aquests representen els seus companys en el\u00a0consell de delegats, \u00f2rgan de participaci\u00f3 dels alumnes en la gesti\u00f3 de l&#8217;escola.<br \/>\n&nbsp;<br \/>\n\u00a0ECODELEGATS I ECODELEGADES<br \/>\n&nbsp;<br \/>\nEls ecodelegats i ecodelegades s\u00f3n els representants de cada classe encarregats de planificar \u00a0i&hellip;  <a href=\"https:\/\/agora.xtec.cat\/ceip-pilarmestres\/lescola\/representants-dels-alumnes\/\" title=\"Read Representants dels alumnes\">Llegeix m\u00e9s\u00bb<\/a><\/p>\n","protected":false},"author":1,"featured_media":0,"parent":22,"menu_order":3,"comment_status":"closed","ping_status":"closed","template":"page-templates\/side-menu.php","meta":{"_bbp_topic_count":0,"_bbp_reply_count":0,"_bbp_total_topic_count":0,"_bbp_total_reply_count":0,"_bbp_voice_count":0,"_bbp_anonymous_reply_count":0,"_bbp_topic_count_hidden":0,"_bbp_reply_count_hidden":0,"_bbp_forum_subforum_count":0,"footnotes":""},"class_list":["post-759","page","type-page","status-publish","hentry"],"post_mailing_queue_ids":[],"_links":{"self":[{"href":"https:\/\/agora.xtec.cat\/ceip-pilarmestres\/wp-json\/wp\/v2\/pages\/759","targetHints":{"allow":["GET"]}}],"collection":[{"href":"https:\/\/agora.xtec.cat\/ceip-pilarmestres\/wp-json\/wp\/v2\/pages"}],"about":[{"href":"https:\/\/agora.xtec.cat\/ceip-pilarmestres\/wp-json\/wp\/v2\/types\/page"}],"author":[{"embeddable":true,"href":"https:\/\/agora.xtec.cat\/ceip-pilarmestres\/wp-json\/wp\/v2\/users\/1"}],"replies":[{"embeddable":true,"href":"https:\/\/agora.xtec.cat\/ceip-pilarmestres\/wp-json\/wp\/v2\/comments?post=759"}],"version-history":[{"count":3,"href":"https:\/\/agora.xtec.cat\/ceip-pilarmestres\/wp-json\/wp\/v2\/pages\/759\/revisions"}],"predecessor-version":[{"id":1211,"href":"https:\/\/agora.xtec.cat\/ceip-pilarmestres\/wp-json\/wp\/v2\/pages\/759\/revisions\/1211"}],"up":[{"embeddable":true,"href":"https:\/\/agora.xtec.cat\/ceip-pilarmestres\/wp-json\/wp\/v2\/pages\/22"}],"wp:attachment":[{"href":"https:\/\/agora.xtec.cat\/ceip-pilarmestres\/wp-json\/wp\/v2\/media?parent=759"}],"curies":[{"name":"wp","href":"https:\/\/api.w.org\/{rel}","templated":true}]}}