{"id":707,"date":"2019-11-18T19:27:02","date_gmt":"2019-11-18T18:27:02","guid":{"rendered":"http:\/\/agora.xtec.cat\/ceip-pilarmestres\/?page_id=707"},"modified":"2025-07-07T11:04:33","modified_gmt":"2025-07-07T09:04:33","slug":"projecte-linguistic","status":"publish","type":"page","link":"https:\/\/agora.xtec.cat\/ceip-pilarmestres\/documents-del-centre\/projecte-linguistic\/","title":{"rendered":"Projecte lingu\u00edstic"},"content":{"rendered":"<p><a href=\"https:\/\/agora.xtec.cat\/ceip-pilarmestres\/wp-content\/uploads\/usu1873\/2020\/10\/projecte-linguistic.png\"><img loading=\"lazy\" decoding=\"async\" class=\"wp-image-1120 aligncenter\" src=\"https:\/\/agora.xtec.cat\/ceip-pilarmestres\/wp-content\/uploads\/usu1873\/2020\/10\/projecte-linguistic.png\" alt=\"\" width=\"292\" height=\"274\" srcset=\"https:\/\/agora.xtec.cat\/ceip-pilarmestres\/wp-content\/uploads\/usu1873\/2020\/10\/projecte-linguistic.png 457w, https:\/\/agora.xtec.cat\/ceip-pilarmestres\/wp-content\/uploads\/usu1873\/2020\/10\/projecte-linguistic-300x282.png 300w\" sizes=\"auto, (max-width: 292px) 100vw, 292px\" \/><\/a><\/p>\n<p>El Projecte Ling\u00fc\u00edstic de Centre que compartim presenta el marc que defineix el centre envers les lleng\u00fces i s\u2019identifica amb la pol\u00edtica ling\u00fc\u00edstica educativa de Catalunya. Es presenta amb l\u2019objectiu de contribuir a consolidar un model d\u2019educaci\u00f3 pluriling\u00fce i intercultural per al sistema educatiu catal\u00e0.<\/p>\n<p>El document ofereix orientacions metodol\u00f2giques i organitzatives que faciliten l\u2019assoliment de la compet\u00e8ncia comunicativa i ling\u00fc\u00edstica de l\u2019alumnat en l\u2019etapa d\u2019infantil i prim\u00e0ria.<\/p>\n<p>Aix\u00ed, el Projecte Ling\u00fc\u00edstic de l\u2019escola <strong>Pilar Mestres &#8211; Jaume Torrens<\/strong> \u00e9s el recull dels acords i propostes que la comunitat educativa ha elaborat per a l\u2019ensenyament-aprenentatge de les lleng\u00fces i de la compet\u00e8ncia comunicativa, ling\u00fc\u00edstica i audiovisual. Per llegir el document sencer cliqueu <a href=\"https:\/\/drive.google.com\/file\/d\/1Gllc68AJKWzTSZ69eIMDaqPTBiZiYTGG\/view?usp=sharing\">aqu\u00ed<\/a><\/p>\n","protected":false},"excerpt":{"rendered":"<p><a href=\"https:\/\/agora.xtec.cat\/ceip-pilarmestres\/wp-content\/uploads\/usu1873\/2020\/10\/projecte-linguistic.png\"><\/a><br \/>\nEl Projecte Ling\u00fc\u00edstic de Centre que compartim presenta el marc que defineix el centre envers les lleng\u00fces i s\u2019identifica amb la pol\u00edtica ling\u00fc\u00edstica educativa de Catalunya. Es presenta amb l\u2019objectiu de contribuir a consolidar un model d\u2019educaci\u00f3 pluriling\u00fce i intercultural per al sistema educatiu&hellip;  <a href=\"https:\/\/agora.xtec.cat\/ceip-pilarmestres\/documents-del-centre\/projecte-linguistic\/\" title=\"Read Projecte lingu\u00edstic\">Llegeix m\u00e9s\u00bb<\/a><\/p>\n","protected":false},"author":1,"featured_media":0,"parent":698,"menu_order":3,"comment_status":"closed","ping_status":"closed","template":"page-templates\/side-menu.php","meta":{"_bbp_topic_count":0,"_bbp_reply_count":0,"_bbp_total_topic_count":0,"_bbp_total_reply_count":0,"_bbp_voice_count":0,"_bbp_anonymous_reply_count":0,"_bbp_topic_count_hidden":0,"_bbp_reply_count_hidden":0,"_bbp_forum_subforum_count":0,"footnotes":""},"class_list":["post-707","page","type-page","status-publish","hentry"],"post_mailing_queue_ids":[],"_links":{"self":[{"href":"https:\/\/agora.xtec.cat\/ceip-pilarmestres\/wp-json\/wp\/v2\/pages\/707","targetHints":{"allow":["GET"]}}],"collection":[{"href":"https:\/\/agora.xtec.cat\/ceip-pilarmestres\/wp-json\/wp\/v2\/pages"}],"about":[{"href":"https:\/\/agora.xtec.cat\/ceip-pilarmestres\/wp-json\/wp\/v2\/types\/page"}],"author":[{"embeddable":true,"href":"https:\/\/agora.xtec.cat\/ceip-pilarmestres\/wp-json\/wp\/v2\/users\/1"}],"replies":[{"embeddable":true,"href":"https:\/\/agora.xtec.cat\/ceip-pilarmestres\/wp-json\/wp\/v2\/comments?post=707"}],"version-history":[{"count":5,"href":"https:\/\/agora.xtec.cat\/ceip-pilarmestres\/wp-json\/wp\/v2\/pages\/707\/revisions"}],"predecessor-version":[{"id":4914,"href":"https:\/\/agora.xtec.cat\/ceip-pilarmestres\/wp-json\/wp\/v2\/pages\/707\/revisions\/4914"}],"up":[{"embeddable":true,"href":"https:\/\/agora.xtec.cat\/ceip-pilarmestres\/wp-json\/wp\/v2\/pages\/698"}],"wp:attachment":[{"href":"https:\/\/agora.xtec.cat\/ceip-pilarmestres\/wp-json\/wp\/v2\/media?parent=707"}],"curies":[{"name":"wp","href":"https:\/\/api.w.org\/{rel}","templated":true}]}}