{"id":681,"date":"2019-11-10T20:23:51","date_gmt":"2019-11-10T19:23:51","guid":{"rendered":"http:\/\/agora.xtec.cat\/ceip-pilarmestres\/?page_id=681"},"modified":"2025-01-16T13:27:11","modified_gmt":"2025-01-16T12:27:11","slug":"projectes-descola","status":"publish","type":"page","link":"https:\/\/agora.xtec.cat\/ceip-pilarmestres\/projectes-descola\/","title":{"rendered":"Projectes d&#8217;escola"},"content":{"rendered":"<table style=\"height: 481px; width: 1036px;\">\n<tbody>\n<tr style=\"height: 216px;\">\n<td style=\"height: 216px; width: 207px;\"><a href=\"http:\/\/agora.xtec.cat\/ceip-pilarmestres\/projectes-descola\/escola-verda\/\"><img loading=\"lazy\" decoding=\"async\" class=\"wp-image-586 aligncenter\" src=\"https:\/\/agora.xtec.cat\/ceip-pilarmestres\/wp-content\/uploads\/usu1873\/2019\/11\/somescolaverda.png\" alt=\"\" width=\"200\" height=\"200\" srcset=\"https:\/\/agora.xtec.cat\/ceip-pilarmestres\/wp-content\/uploads\/usu1873\/2019\/11\/somescolaverda.png 464w, https:\/\/agora.xtec.cat\/ceip-pilarmestres\/wp-content\/uploads\/usu1873\/2019\/11\/somescolaverda-150x150.png 150w, https:\/\/agora.xtec.cat\/ceip-pilarmestres\/wp-content\/uploads\/usu1873\/2019\/11\/somescolaverda-300x300.png 300w\" sizes=\"auto, (max-width: 200px) 100vw, 200px\" \/><\/a><\/td>\n<td style=\"height: 216px; width: 821px; text-align: justify;\">Des de l&#8217;any 2013 participem activament en el <strong><em>Programa Escoles Verdes<\/em><\/strong> (Departament de Territori i Sostenibilitat), programa que sorgeix per donar suport a tots els centres educatius de Catalunya que volem innovar, incloure, avan\u00e7ar, sistematitzar i organitzar accions educatives que tinguin la finalitat d&#8217;afrontar, des de l&#8217;educaci\u00f3, els nous reptes i valors de la sostenibilitat.Tenim un equip impulsor que es reuneix dos cops a l&#8217;any amb l&#8217;objectiu de proposar millores directes en el nostre entorn i vetllar per totes aquelles bones pr\u00e0ctiques que es realitzen al centre. Alguns dels projectes i\/o activitats que estem duent a terme: ecodelegats i ecodelegades, hort, compostatge, cura d&#8217;espais naturals, sortides d&#8217;entorn, projecte Rius, tallers de medi ambient, activitats a la natura, dia de la fruita&#8230;<\/td>\n<\/tr>\n<tr style=\"height: 141px;\">\n<td style=\"height: 141px; width: 207px;\"><a href=\"https:\/\/agora.xtec.cat\/ceip-pilarmestres\/wp-content\/uploads\/usu1873\/2019\/11\/B974F39E-4CD5-4FA1-B342-37DFB241E7D5.png\"><img loading=\"lazy\" decoding=\"async\" class=\"wp-image-847 aligncenter\" src=\"https:\/\/agora.xtec.cat\/ceip-pilarmestres\/wp-content\/uploads\/usu1873\/2019\/11\/B974F39E-4CD5-4FA1-B342-37DFB241E7D5.png\" alt=\"\" width=\"212\" height=\"125\" srcset=\"https:\/\/agora.xtec.cat\/ceip-pilarmestres\/wp-content\/uploads\/usu1873\/2019\/11\/B974F39E-4CD5-4FA1-B342-37DFB241E7D5.png 880w, https:\/\/agora.xtec.cat\/ceip-pilarmestres\/wp-content\/uploads\/usu1873\/2019\/11\/B974F39E-4CD5-4FA1-B342-37DFB241E7D5-300x178.png 300w, https:\/\/agora.xtec.cat\/ceip-pilarmestres\/wp-content\/uploads\/usu1873\/2019\/11\/B974F39E-4CD5-4FA1-B342-37DFB241E7D5-768x455.png 768w\" sizes=\"auto, (max-width: 212px) 100vw, 212px\" \/><\/a><\/td>\n<td style=\"height: 141px; width: 821px; text-align: justify;\">El\u00a0<em><strong>programa GEP<\/strong><\/em>\u00a0promou augmentar la compet\u00e8ncia comunicativa de l&#8217;alumnat en les lleng\u00fces estrangeres curriculars incrementant el grau d&#8217;exposici\u00f3 a aquestes lleng\u00fces.A trav\u00e9s del programa s&#8217;impulsen accions innovadores en l&#8217;\u00e0mbit de l&#8217;organitzaci\u00f3 curricular de les lleng\u00fces estrangeres i en l&#8217;\u00e0mbit metodol\u00f2gic de l&#8217;ensenyament d&#8217;aquestes lleng\u00fces. Tamb\u00e9 es promou un aprenentatge actiu i significatiu per part de l&#8217;alumnat, basat en el treball cooperatiu i per projectes que integrin les TIC, en una avaluaci\u00f3 orientada a l&#8217;aprenentatge, i en l&#8217;adquisici\u00f3 d&#8217;estrat\u00e8gies per a un aprenentatge aut\u00f2nom.<\/p>\n<p>A l&#8217;escola fem activitats diverses com &#8220;Daily routines&#8221;, &#8220;P<span lang=\"en\">sychomotor Activity&#8221;, <\/span>&#8220;Science Projects&#8221;, projectes &#8220;E-twinnings&#8221;, &#8220;English Day&#8221;&#8230;<\/td>\n<\/tr>\n<tr style=\"height: 31px;\">\n<td style=\"height: 31px; width: 207px;\"><a href=\"https:\/\/agora.xtec.cat\/ceip-pilarmestres\/wp-content\/uploads\/usu1873\/2019\/11\/D67BEBFC-A085-449C-83A8-B3BBD369B935.jpeg\"><img loading=\"lazy\" decoding=\"async\" class=\"wp-image-846 aligncenter\" src=\"https:\/\/agora.xtec.cat\/ceip-pilarmestres\/wp-content\/uploads\/usu1873\/2019\/11\/D67BEBFC-A085-449C-83A8-B3BBD369B935.jpeg\" alt=\"\" width=\"169\" height=\"134\" srcset=\"https:\/\/agora.xtec.cat\/ceip-pilarmestres\/wp-content\/uploads\/usu1873\/2019\/11\/D67BEBFC-A085-449C-83A8-B3BBD369B935.jpeg 640w, https:\/\/agora.xtec.cat\/ceip-pilarmestres\/wp-content\/uploads\/usu1873\/2019\/11\/D67BEBFC-A085-449C-83A8-B3BBD369B935-300x238.jpeg 300w\" sizes=\"auto, (max-width: 169px) 100vw, 169px\" \/><\/a><\/td>\n<td style=\"height: 31px; width: 821px; text-align: justify;\">La\u00a0<em><strong>Rob\u00f2tica Educativa<\/strong><\/em> \u00e9s transversal i interdisciplin\u00e0ria perqu\u00e8 abasta diferents \u00e0rees del curr\u00edculum. Aix\u00ed, amb continguts ben estructurats, es poden treballar continguts de ci\u00e8ncies, tecnologia, enginyeria (construcci\u00f3) i matem\u00e0tica, aix\u00ed com \u00e0rees de llengua i, tamb\u00e9, el pluriling\u00fcisme.Desenvolupar les capacitats creatives i d\u2019organitzaci\u00f3, fomentar el treball en grup, promoure la necessitat d\u2019experimentar, de descobrir noves habilitats i l\u2019inter\u00e8s per investigar s\u00f3n alguns dels objectius de la rob\u00f2tica educativa, fent especial \u00e8mfasi en el treball en equip, l&#8217;autonomia i emprenedoria, l&#8217;aprenentatge a partir dels errors, tot aix\u00f2 dins d&#8217;un context d&#8217;aprenentage l\u00fadic.<\/td>\n<\/tr>\n<tr style=\"height: 31px;\">\n<td style=\"height: 31px; width: 207px;\">\n<h5 style=\"text-align: justify;\"><img loading=\"lazy\" decoding=\"async\" class=\"wp-image-769 aligncenter\" src=\"https:\/\/agora.xtec.cat\/ceip-pilarmestres\/wp-content\/uploads\/usu1873\/2019\/11\/pcee.jpg\" alt=\"\" width=\"173\" height=\"118\" srcset=\"https:\/\/agora.xtec.cat\/ceip-pilarmestres\/wp-content\/uploads\/usu1873\/2019\/11\/pcee.jpg 354w, https:\/\/agora.xtec.cat\/ceip-pilarmestres\/wp-content\/uploads\/usu1873\/2019\/11\/pcee-300x205.jpg 300w\" sizes=\"auto, (max-width: 173px) 100vw, 173px\" \/><\/h5>\n<\/td>\n<td style=\"height: 31px; width: 821px; text-align: justify;\">L&#8217;escola participa en el <em><strong>Pla Catal\u00e0 de l&#8217;Esport<\/strong><\/em> a l&#8217;Escola des de l&#8217;any 2010, amb l&#8217;objectiu d&#8217;incrementar la participaci\u00f3 dels infants i joves en activitats f\u00edsiques i esportives en horari no lectiu en el propi centre educatiu i, alhora, emprar aquestes pr\u00e0ctiques per a la difusi\u00f3 i educaci\u00f3 en valors i per a l&#8217;adquisici\u00f3 d&#8217;h\u00e0bits saludables.A la nostra escola, aquest pla es porta a terme en col\u00b7laboraci\u00f3 amb l&#8217;AMPA i est\u00e0 coordinat pel mestre d&#8217;educaci\u00f3 f\u00edsica. Entre les activitats que es realitzen dins el pla hi ha iniciaci\u00f3 a l&#8217;esport, patinatge, futbol, trial running, escacs&#8230;<\/p>\n<p>El Pla Catal\u00e0 de l&#8217;Esport tamb\u00e9 ens permet participar, amb els alumnes de 6\u00e8, en les Jornades Esportives de Prim\u00e0ria que organitza el Consell Esportiu del Vall\u00e8s Oriental. Gr\u00e0cies a aquestes jornades, a m\u00e9s a m\u00e9s de con\u00e8ixer i practicar diferents esports en equip, treballem\u00a0els valors educatius de l&#8217;esport, fent especial atenci\u00f3 a la coeducaci\u00f3.<\/td>\n<\/tr>\n<tr style=\"height: 31px;\">\n<td style=\"height: 31px; width: 207px;\"><img loading=\"lazy\" decoding=\"async\" class=\"wp-image-774 aligncenter\" src=\"https:\/\/agora.xtec.cat\/ceip-pilarmestres\/wp-content\/uploads\/usu1873\/2019\/11\/biblio-e1574197994844.jpg\" alt=\"\" width=\"183\" height=\"168\" srcset=\"https:\/\/agora.xtec.cat\/ceip-pilarmestres\/wp-content\/uploads\/usu1873\/2019\/11\/biblio-e1574197994844.jpg 618w, https:\/\/agora.xtec.cat\/ceip-pilarmestres\/wp-content\/uploads\/usu1873\/2019\/11\/biblio-e1574197994844-300x276.jpg 300w\" sizes=\"auto, (max-width: 183px) 100vw, 183px\" \/><\/td>\n<td style=\"height: 31px; width: 821px; text-align: justify;\">El programa <em><strong>biblioteca escolar \u201cpuntedu\u201d<\/strong><\/em> t\u00e9 per objectiu potenciar\u00a0la\u00a0biblioteca escolar com un espai de recursos on tota la comunitat educativa pugui trobar informaci\u00f3 en diversos suports. La biblioteca \u00e9s un recurs fonamental per a l\u2019adquisici\u00f3 de les compet\u00e8ncies b\u00e0siques i el desplegament dels continguts curriculars, aix\u00ed com un element clau en l\u2019assoliment de l\u2019h\u00e0bit lector, la compet\u00e8ncia informacional i l\u2019adquisici\u00f3 d\u2019aprenentatges aut\u00f2noms.La nostra escola potencia el gust per la lectura, oferint propostes diverses als alumnes per motivar-los, dins i fora de l&#8217;aula. Cada dia, els alumnes gaudeixen de 15 minuts dedicats a la lectura. A l&#8217;aula es realitzen diferents activitats per omplir de significat aquests moments i despertar el gust per la lectura en els alumnes. Tamb\u00e9 fem f\u00f2rums d&#8217;autor per apropar la literatura als alumnes i poder transmetre els valors de l&#8217;esfor\u00e7 i la const\u00e0ncia.<\/td>\n<\/tr>\n<tr style=\"height: 31px;\">\n<td style=\"height: 31px; width: 207px; text-align: justify;\"><a href=\"https:\/\/agora.xtec.cat\/ceip-pilarmestres\/wp-content\/uploads\/usu1873\/2019\/11\/5D7745E0-74EF-4875-A63F-D19D628383E6.jpeg\"><img loading=\"lazy\" decoding=\"async\" class=\"wp-image-844\" src=\"https:\/\/agora.xtec.cat\/ceip-pilarmestres\/wp-content\/uploads\/usu1873\/2019\/11\/5D7745E0-74EF-4875-A63F-D19D628383E6.jpeg\" alt=\"\" width=\"178\" height=\"222\" srcset=\"https:\/\/agora.xtec.cat\/ceip-pilarmestres\/wp-content\/uploads\/usu1873\/2019\/11\/5D7745E0-74EF-4875-A63F-D19D628383E6.jpeg 640w, https:\/\/agora.xtec.cat\/ceip-pilarmestres\/wp-content\/uploads\/usu1873\/2019\/11\/5D7745E0-74EF-4875-A63F-D19D628383E6-240x300.jpeg 240w\" sizes=\"auto, (max-width: 178px) 100vw, 178px\" \/><\/a><\/td>\n<td style=\"height: 31px; width: 821px; text-align: justify;\">L&#8217;escola col\u00b7labora directament amb l&#8217;escola Municipal de M\u00fasica de La Roca, sent protagonista en diferents <em><strong>projectes musicals<\/strong><\/em>. Amb els alumnes de 2n realitzem un concert de primavera conjunt amb altres escoles, amb m\u00fasics en directe i treballem can\u00e7ons que ens ajuden a parlar de les emocions i els valors.Els alumnes de cicle mitj\u00e0 (3r i 4t) participen del projecte Perkulele, projecte que<span style=\"font-weight: 400;\">\u00a0combina els instruments de percussi\u00f3 amb l\u2019aprenentatge de\u00a0<\/span><span style=\"font-weight: 400;\">l\u2019ukelele. <\/span><span style=\"font-weight: 400;\">El repte \u00e9s aconseguir\u00a0<\/span><span style=\"font-weight: 400;\">que els infants puguin avan\u00e7ar <\/span><span style=\"font-weight: 400;\">en la t\u00e8cnica instrumental, per\u00f2 encara m\u00e9s important, en un projecte col\u00b7lectiu\u00a0<\/span><span style=\"font-weight: 400;\">de creaci\u00f3 art\u00edstica i en el gaudir de la pr\u00f2pia interpretaci\u00f3 musical col\u00b7lectiva.<\/span><\/p>\n<p>Els alumnes de 5\u00e8 participen cada any de la Cant\u00e0nia, experi\u00e8ncia musical inoblidable per a tots. Cada temporada s\u2019encarrega una obra a compositors i escriptors catalans de reconegut prestigi i s&#8217;estrena a final de curs a l&#8217;Auditori de Granollers.<\/td>\n<\/tr>\n<\/tbody>\n<\/table>\n","protected":false},"excerpt":{"rendered":"<p><a href=\"http:\/\/agora.xtec.cat\/ceip-pilarmestres\/projectes-descola\/escola-verda\/\"><\/a><br \/>\nDes de l&#8217;any 2013 participem activament en el Programa Escoles Verdes (Departament de Territori i Sostenibilitat), programa que sorgeix per donar suport a tots els centres educatius de Catalunya que volem innovar, incloure, avan\u00e7ar, sistematitzar i organitzar accions educatives que tinguin la finalitat d&#8217;afrontar,&hellip;  <a href=\"https:\/\/agora.xtec.cat\/ceip-pilarmestres\/projectes-descola\/\" title=\"Read Projectes d&#8217;escola\">Llegeix m\u00e9s\u00bb<\/a><\/p>\n","protected":false},"author":1,"featured_media":0,"parent":0,"menu_order":0,"comment_status":"closed","ping_status":"closed","template":"","meta":{"_bbp_topic_count":0,"_bbp_reply_count":0,"_bbp_total_topic_count":0,"_bbp_total_reply_count":0,"_bbp_voice_count":0,"_bbp_anonymous_reply_count":0,"_bbp_topic_count_hidden":0,"_bbp_reply_count_hidden":0,"_bbp_forum_subforum_count":0,"footnotes":""},"class_list":["post-681","page","type-page","status-publish","hentry"],"post_mailing_queue_ids":[],"_links":{"self":[{"href":"https:\/\/agora.xtec.cat\/ceip-pilarmestres\/wp-json\/wp\/v2\/pages\/681","targetHints":{"allow":["GET"]}}],"collection":[{"href":"https:\/\/agora.xtec.cat\/ceip-pilarmestres\/wp-json\/wp\/v2\/pages"}],"about":[{"href":"https:\/\/agora.xtec.cat\/ceip-pilarmestres\/wp-json\/wp\/v2\/types\/page"}],"author":[{"embeddable":true,"href":"https:\/\/agora.xtec.cat\/ceip-pilarmestres\/wp-json\/wp\/v2\/users\/1"}],"replies":[{"embeddable":true,"href":"https:\/\/agora.xtec.cat\/ceip-pilarmestres\/wp-json\/wp\/v2\/comments?post=681"}],"version-history":[{"count":5,"href":"https:\/\/agora.xtec.cat\/ceip-pilarmestres\/wp-json\/wp\/v2\/pages\/681\/revisions"}],"predecessor-version":[{"id":4498,"href":"https:\/\/agora.xtec.cat\/ceip-pilarmestres\/wp-json\/wp\/v2\/pages\/681\/revisions\/4498"}],"wp:attachment":[{"href":"https:\/\/agora.xtec.cat\/ceip-pilarmestres\/wp-json\/wp\/v2\/media?parent=681"}],"curies":[{"name":"wp","href":"https:\/\/api.w.org\/{rel}","templated":true}]}}