{"id":4419,"date":"2024-11-28T10:44:20","date_gmt":"2024-11-28T09:44:20","guid":{"rendered":"https:\/\/agora.xtec.cat\/ceip-pilarmestres\/?page_id=4419"},"modified":"2024-11-28T16:14:25","modified_gmt":"2024-11-28T15:14:25","slug":"projecte-pilarcells","status":"publish","type":"page","link":"https:\/\/agora.xtec.cat\/ceip-pilarmestres\/projectes-descola\/projecte-pilarcells\/","title":{"rendered":"Projecte Pilarcells"},"content":{"rendered":"\n<p>Pilarcells \u00e9s una iniciativa de ci\u00e8ncia ciutadana que convida a la participaci\u00f3 de tothom. T\u00e9 com a objectius generals apropar la ciutadania a la natura, fomentar la biodiversitat i crear coneixement cient\u00edfic. D\u2019altra banda, com a objectiu concret, vol donar resposta a la pregunta: com es mouen els pardals i les mallerengues del nostre entorn?<\/p>\n\n\n\n<figure class=\"wp-block-embed is-type-video is-provider-youtube wp-block-embed-youtube wp-embed-aspect-16-9 wp-has-aspect-ratio\"><div class=\"wp-block-embed__wrapper\">\n<iframe loading=\"lazy\" title=\"Video presentaci\u00f3 Pilarcells\" width=\"500\" height=\"281\" src=\"https:\/\/www.youtube.com\/embed\/vN3eVtdi3qI?feature=oembed\" frameborder=\"0\" allow=\"accelerometer; autoplay; clipboard-write; encrypted-media; gyroscope; picture-in-picture; web-share\" referrerpolicy=\"strict-origin-when-cross-origin\" allowfullscreen><\/iframe>\n<\/div><\/figure>\n\n\n\n<p>A continuaci\u00f3 teniu informaci\u00f3 detallada del projecte i com podeu participar-hi. \u00c9s molt senzill.<\/p>\n\n\n\n<figure class=\"wp-block-image size-large is-resized\"><a href=\"https:\/\/agora.xtec.cat\/ceip-pilarmestres\/wp-content\/uploads\/usu1873\/2024\/11\/Poster-Pilarcells-scaled.jpg\"><img loading=\"lazy\" decoding=\"async\" width=\"724\" height=\"1024\" src=\"https:\/\/agora.xtec.cat\/ceip-pilarmestres\/wp-content\/uploads\/usu1873\/2024\/11\/Poster-Pilarcells-724x1024.jpg\" alt=\"\" class=\"wp-image-4420\" style=\"width:840px;height:auto\" srcset=\"https:\/\/agora.xtec.cat\/ceip-pilarmestres\/wp-content\/uploads\/usu1873\/2024\/11\/Poster-Pilarcells-724x1024.jpg 724w, https:\/\/agora.xtec.cat\/ceip-pilarmestres\/wp-content\/uploads\/usu1873\/2024\/11\/Poster-Pilarcells-212x300.jpg 212w, https:\/\/agora.xtec.cat\/ceip-pilarmestres\/wp-content\/uploads\/usu1873\/2024\/11\/Poster-Pilarcells-768x1086.jpg 768w, https:\/\/agora.xtec.cat\/ceip-pilarmestres\/wp-content\/uploads\/usu1873\/2024\/11\/Poster-Pilarcells-1086x1536.jpg 1086w, https:\/\/agora.xtec.cat\/ceip-pilarmestres\/wp-content\/uploads\/usu1873\/2024\/11\/Poster-Pilarcells-1448x2048.jpg 1448w, https:\/\/agora.xtec.cat\/ceip-pilarmestres\/wp-content\/uploads\/usu1873\/2024\/11\/Poster-Pilarcells-scaled.jpg 1810w\" sizes=\"auto, (max-width: 724px) 100vw, 724px\" \/><\/a><\/figure>\n\n\n\n<p>El nom i el logo del projecte han estat creat pels alumnes de 6\u00e8. Despr\u00e9s de moltes reunions, van sorgir uns dibuixos preciosos que tamb\u00e9 hem fet servir per dissenyar aquests cartells informatius.<\/p>\n\n\n\n<figure class=\"wp-block-image size-large\"><a href=\"https:\/\/agora.xtec.cat\/ceip-pilarmestres\/wp-content\/uploads\/usu1873\/2024\/11\/triptic1-1.png\"><img loading=\"lazy\" decoding=\"async\" width=\"1024\" height=\"724\" src=\"https:\/\/agora.xtec.cat\/ceip-pilarmestres\/wp-content\/uploads\/usu1873\/2024\/11\/triptic1-1-1024x724.png\" alt=\"\" class=\"wp-image-4423\" srcset=\"https:\/\/agora.xtec.cat\/ceip-pilarmestres\/wp-content\/uploads\/usu1873\/2024\/11\/triptic1-1-1024x724.png 1024w, https:\/\/agora.xtec.cat\/ceip-pilarmestres\/wp-content\/uploads\/usu1873\/2024\/11\/triptic1-1-300x212.png 300w, https:\/\/agora.xtec.cat\/ceip-pilarmestres\/wp-content\/uploads\/usu1873\/2024\/11\/triptic1-1-768x543.png 768w, https:\/\/agora.xtec.cat\/ceip-pilarmestres\/wp-content\/uploads\/usu1873\/2024\/11\/triptic1-1.png 1168w\" sizes=\"auto, (max-width: 1024px) 100vw, 1024px\" \/><\/a><\/figure>\n\n\n\n<figure class=\"wp-block-image size-large\"><a href=\"https:\/\/agora.xtec.cat\/ceip-pilarmestres\/wp-content\/uploads\/usu1873\/2024\/11\/triptic2.png\"><img loading=\"lazy\" decoding=\"async\" width=\"1024\" height=\"727\" src=\"https:\/\/agora.xtec.cat\/ceip-pilarmestres\/wp-content\/uploads\/usu1873\/2024\/11\/triptic2-1024x727.png\" alt=\"\" class=\"wp-image-4424\" srcset=\"https:\/\/agora.xtec.cat\/ceip-pilarmestres\/wp-content\/uploads\/usu1873\/2024\/11\/triptic2-1024x727.png 1024w, https:\/\/agora.xtec.cat\/ceip-pilarmestres\/wp-content\/uploads\/usu1873\/2024\/11\/triptic2-300x213.png 300w, https:\/\/agora.xtec.cat\/ceip-pilarmestres\/wp-content\/uploads\/usu1873\/2024\/11\/triptic2-768x545.png 768w, https:\/\/agora.xtec.cat\/ceip-pilarmestres\/wp-content\/uploads\/usu1873\/2024\/11\/triptic2.png 1162w\" sizes=\"auto, (max-width: 1024px) 100vw, 1024px\" \/><\/a><\/figure>\n\n\n\n<p><\/p>\n","protected":false},"excerpt":{"rendered":"<p>Pilarcells \u00e9s una iniciativa de ci\u00e8ncia ciutadana que convida a la participaci\u00f3 de tothom. T\u00e9 com a objectius generals apropar la ciutadania a la natura, fomentar la biodiversitat i crear coneixement cient\u00edfic. D\u2019altra banda, com a objectiu concret, vol donar resposta a la pregunta: com&hellip;  <a href=\"https:\/\/agora.xtec.cat\/ceip-pilarmestres\/projectes-descola\/projecte-pilarcells\/\" title=\"Read Projecte Pilarcells\">Llegeix m\u00e9s\u00bb<\/a><\/p>\n","protected":false},"author":1,"featured_media":0,"parent":681,"menu_order":0,"comment_status":"closed","ping_status":"close","template":"","meta":{"_bbp_topic_count":0,"_bbp_reply_count":0,"_bbp_total_topic_count":0,"_bbp_total_reply_count":0,"_bbp_voice_count":0,"_bbp_anonymous_reply_count":0,"_bbp_topic_count_hidden":0,"_bbp_reply_count_hidden":0,"_bbp_forum_subforum_count":0,"footnotes":""},"class_list":["post-4419","page","type-page","status-publish","hentry"],"post_mailing_queue_ids":[],"_links":{"self":[{"href":"https:\/\/agora.xtec.cat\/ceip-pilarmestres\/wp-json\/wp\/v2\/pages\/4419","targetHints":{"allow":["GET"]}}],"collection":[{"href":"https:\/\/agora.xtec.cat\/ceip-pilarmestres\/wp-json\/wp\/v2\/pages"}],"about":[{"href":"https:\/\/agora.xtec.cat\/ceip-pilarmestres\/wp-json\/wp\/v2\/types\/page"}],"author":[{"embeddable":true,"href":"https:\/\/agora.xtec.cat\/ceip-pilarmestres\/wp-json\/wp\/v2\/users\/1"}],"replies":[{"embeddable":true,"href":"https:\/\/agora.xtec.cat\/ceip-pilarmestres\/wp-json\/wp\/v2\/comments?post=4419"}],"version-history":[{"count":2,"href":"https:\/\/agora.xtec.cat\/ceip-pilarmestres\/wp-json\/wp\/v2\/pages\/4419\/revisions"}],"predecessor-version":[{"id":4428,"href":"https:\/\/agora.xtec.cat\/ceip-pilarmestres\/wp-json\/wp\/v2\/pages\/4419\/revisions\/4428"}],"up":[{"embeddable":true,"href":"https:\/\/agora.xtec.cat\/ceip-pilarmestres\/wp-json\/wp\/v2\/pages\/681"}],"wp:attachment":[{"href":"https:\/\/agora.xtec.cat\/ceip-pilarmestres\/wp-json\/wp\/v2\/media?parent=4419"}],"curies":[{"name":"wp","href":"https:\/\/api.w.org\/{rel}","templated":true}]}}