{"id":21019,"date":"2024-02-29T16:18:35","date_gmt":"2024-02-29T15:18:35","guid":{"rendered":"https:\/\/agora.xtec.cat\/ceip-peretorrent\/?page_id=21019"},"modified":"2024-02-29T16:20:46","modified_gmt":"2024-02-29T15:20:46","slug":"programes-on-participa-lescola","status":"publish","type":"page","link":"https:\/\/agora.xtec.cat\/ceip-peretorrent\/programes-on-participa-lescola\/","title":{"rendered":"PROGRAMES ON PARTICIPA L&#8217;ESCOLA"},"content":{"rendered":"<ul style=\"list-style-type: square;\">\n<li><strong>PLA DE MILLORA D&#8217;OPORTUNITATS EDUCATIVES (PMOE-PROA+)<\/strong><\/li>\n<\/ul>\n<p><span style=\"font-weight: 400;\">El Pla t\u00e9 com a destinatari l&#8217;alumnat d&#8217;educaci\u00f3 infantil, prim\u00e0ria, secund\u00e0ria i formaci\u00f3 professional de grau b\u00e0sic, dels centres del Servei d&#8217;Educaci\u00f3 de Catalunya amb m\u00e9s complexitat educativa derivada de les condicions socioecon\u00f2miques desafavorides de l&#8217;alumnat, d&#8217;acord amb el darrer estudi de complexitat del Consell Superior d&#8217;Avaluaci\u00f3 del Sistema Educatiu elaborat l&#8217;any 2020.<\/span><\/p>\n<p><b>Objectius:<\/b><\/p>\n<ul>\n<li style=\"font-weight: 400;\" aria-level=\"1\"><span style=\"font-weight: 400;\">Contribuir a la millora de l&#8217;equitat en l&#8217;acc\u00e9s a oportunitats educatives i a l&#8217;\u00e8xit escolar de tot l&#8217;alumnat amb l&#8217;enfortiment dels centres educatius p\u00fablics de m\u00e9s complexitat educativa del Servei d&#8217;Educaci\u00f3 de Catalunya per tal que disposin dels recursos necessaris per compensar les necessitats i desigualtats educatives de l&#8217;alumnat i les seves fam\u00edlies.<\/span><\/li>\n<li style=\"font-weight: 400;\" aria-level=\"1\"><span style=\"font-weight: 400;\">Integrar el Programa de cooperaci\u00f3 territorial per a l&#8217;orientaci\u00f3, l&#8217;aven\u00e7 i l&#8217;enriquiment educatiu PROA+ en el Pla de millora d&#8217;oportunitats educatives PMOE.<\/span><\/li>\n<li style=\"font-weight: 400;\" aria-level=\"1\"><span style=\"font-weight: 400;\">Refor\u00e7ar l&#8217;atenci\u00f3 de l&#8217;alumnat amb necessitats espec\u00edfiques de suport educatiu i millorar l&#8217;enfocament inclusiu.<\/span><\/li>\n<li style=\"font-weight: 400;\" aria-level=\"1\"><span style=\"font-weight: 400;\">Refor\u00e7ar la dimensi\u00f3 comunit\u00e0ria de l&#8217;acci\u00f3 educativa.<\/span><\/li>\n<\/ul>\n<ul style=\"list-style-type: square;\">\n<li><b>CENTRE FORMADOR D\u2019ESTUDIANTS EN PR\u00c0CTIQUES<\/b><\/li>\n<\/ul>\n<p><span style=\"font-weight: 400;\">Acollim estudiants de cicles formatius i estudiants universitaris perqu\u00e8 puguin portar a terme la seva estada de pr\u00e0ctiques en el centre educatiu.<\/span><\/p>\n<p><span style=\"font-weight: 400;\">Les pr\u00e0ctiques suposen la immersi\u00f3 de l\u2019estudiant a l\u2019escola. La formaci\u00f3 a partir de la realitat escolar i educativa permet la integraci\u00f3 dels coneixements professionals, acad\u00e8mics i personals derivats de la pr\u00e0ctica del dia a dia. El Pr\u00e0cticum implica la incorporaci\u00f3 de l\u2019estudiant a la pr\u00e0ctica professional per adquirir criteris propis respecte al perfil docent, que cada estudiant ha de reconstruir al llarg dels seus estudis.\u00a0<\/span><\/p>\n<ul style=\"list-style-type: square;\">\n<li><b>PROJECTE ROSSINYOL<\/b><\/li>\n<\/ul>\n<p><span style=\"font-weight: 400;\">El Projecte Rossinyol \u00e9s una iniciativa que neix amb la voluntat de fomentar el di\u00e0leg i intercanvi d\u2019experi\u00e8ncies entre estudiants universitaris i alumnat nouvingut i \/o d\u2019origen estranger del nostre centre. En aquest projecte, vinculat al Pla Educatiu d\u2019Entorn, participa l\u2019Ajuntament del municipi i la Universitat de Girona. Durant les trobades que es fan al llarg d\u2019aquest projecte, els mentors\/es i els mentorats\/des duen a terme activitats culturals i d\u2019oci al municipi i altres indrets del voltant, tot ajudant al creixement personal dels infants i a la seva inclusi\u00f3 social, cultural i ling\u00fc\u00edstica a Catalunya.<\/span><\/p>\n<ul style=\"list-style-type: square;\">\n<li><b>PROGRAMA ESCOLAR DE FRUITA I HORTALISSES (AFRUCAT)<\/b><\/li>\n<\/ul>\n<p><span style=\"font-weight: 400;\">\u00c9s una iniciativa de la Uni\u00f3 Europea que a casa nostra es fa efectiva mitjan\u00e7ant una acci\u00f3 coordinada del Departament d\u2019Acci\u00f3 Clim\u00e0tica, Alimentaci\u00f3 i Agenda Rural, el de Salut i el d\u2019Ensenyament de la Generalitat de Catalunya.<\/span><\/p>\n<p><span style=\"font-weight: 400;\">Durant el curs escolar, una setmana de cada mes, es distribuir\u00e0 fruita seleccionada en funci\u00f3 de l\u2019estaci\u00f3 de l\u2019any, la proximitat de la producci\u00f3 i la qualitat. La fruita es repartir\u00e0 entre els nens i les nenes de cicle inicial dins del recinte de l\u2019escola perqu\u00e8 la consumeixin durant l\u2019esmorzar.<\/span><\/p>\n","protected":false},"excerpt":{"rendered":"<ul style=\"list-style-type: square;\">\n<li>PLA DE MILLORA D&#8217;OPORTUNITATS EDUCATIVES (PMOE-PROA+)<\/li>\n<\/ul>\n<p>El Pla t\u00e9 com a destinatari l&#8217;alumnat d&#8217;educaci\u00f3 infantil, prim\u00e0ria, secund\u00e0ria i formaci\u00f3 professional de grau b\u00e0sic, dels centres del Servei d&#8217;Educaci\u00f3 de Catalunya amb m\u00e9s complexitat educativa derivada de les condicions socioecon\u00f2miques desafavorides de l&#8217;alumnat, d&#8217;acord amb&hellip;  <a href=\"https:\/\/agora.xtec.cat\/ceip-peretorrent\/programes-on-participa-lescola\/\" title=\"Read PROGRAMES ON PARTICIPA L&#8217;ESCOLA\">Llegeix m\u00e9s\u00bb<\/a><\/p>\n","protected":false},"author":1,"featured_media":0,"parent":0,"menu_order":0,"comment_status":"closed","ping_status":"closed","template":"","meta":{"_bbp_topic_count":0,"_bbp_reply_count":0,"_bbp_total_topic_count":0,"_bbp_total_reply_count":0,"_bbp_voice_count":0,"_bbp_anonymous_reply_count":0,"_bbp_topic_count_hidden":0,"_bbp_reply_count_hidden":0,"_bbp_forum_subforum_count":0,"footnotes":""},"class_list":["post-21019","page","type-page","status-publish","hentry"],"post_mailing_queue_ids":[],"_links":{"self":[{"href":"https:\/\/agora.xtec.cat\/ceip-peretorrent\/wp-json\/wp\/v2\/pages\/21019","targetHints":{"allow":["GET"]}}],"collection":[{"href":"https:\/\/agora.xtec.cat\/ceip-peretorrent\/wp-json\/wp\/v2\/pages"}],"about":[{"href":"https:\/\/agora.xtec.cat\/ceip-peretorrent\/wp-json\/wp\/v2\/types\/page"}],"author":[{"embeddable":true,"href":"https:\/\/agora.xtec.cat\/ceip-peretorrent\/wp-json\/wp\/v2\/users\/1"}],"replies":[{"embeddable":true,"href":"https:\/\/agora.xtec.cat\/ceip-peretorrent\/wp-json\/wp\/v2\/comments?post=21019"}],"version-history":[{"count":2,"href":"https:\/\/agora.xtec.cat\/ceip-peretorrent\/wp-json\/wp\/v2\/pages\/21019\/revisions"}],"predecessor-version":[{"id":21021,"href":"https:\/\/agora.xtec.cat\/ceip-peretorrent\/wp-json\/wp\/v2\/pages\/21019\/revisions\/21021"}],"wp:attachment":[{"href":"https:\/\/agora.xtec.cat\/ceip-peretorrent\/wp-json\/wp\/v2\/media?parent=21019"}],"curies":[{"name":"wp","href":"https:\/\/api.w.org\/{rel}","templated":true}]}}