{"id":32,"date":"2021-02-25T00:00:33","date_gmt":"2021-02-24T23:00:33","guid":{"rendered":"http:\/\/agora.xtec.cat\/ceip-peredetera\/?page_id=32"},"modified":"2025-11-04T10:25:49","modified_gmt":"2025-11-04T09:25:49","slug":"calendari-del-curs","status":"publish","type":"page","link":"https:\/\/agora.xtec.cat\/ceip-peredetera\/lescola\/calendari-del-curs\/","title":{"rendered":"CALENDARI CURS 2025-2026"},"content":{"rendered":"<h4 style=\"text-align: center;\"><a href=\"https:\/\/agora.xtec.cat\/ceip-peredetera\/wp-content\/uploads\/usu1268\/2025\/10\/Calendari-Escolar-25-26.jpg\"><img loading=\"lazy\" decoding=\"async\" class=\" wp-image-7709 alignright\" src=\"https:\/\/agora.xtec.cat\/ceip-peredetera\/wp-content\/uploads\/usu1268\/2025\/10\/Calendari-Escolar-25-26.jpg\" alt=\"\" width=\"667\" height=\"966\" srcset=\"https:\/\/agora.xtec.cat\/ceip-peredetera\/wp-content\/uploads\/usu1268\/2025\/10\/Calendari-Escolar-25-26.jpg 549w, https:\/\/agora.xtec.cat\/ceip-peredetera\/wp-content\/uploads\/usu1268\/2025\/10\/Calendari-Escolar-25-26-207x300.jpg 207w\" sizes=\"auto, (max-width: 667px) 100vw, 667px\" \/><\/a><\/h4>\n<h4><strong>Inici de curs:<\/strong><\/h4>\n<p>9 de setembre de 2025<\/p>\n<h4><strong>Vacances:<\/strong><\/h4>\n<p>Del 21 de desembre de 2025 al 7 de gener de 2026 (ambd\u00f3s inclosos)<\/p>\n<p>Del 12 d&#8217; abril a l&#8217;21 d&#8217;abril de 2026 (ambd\u00f3s inclosos)<\/p>\n<p>A partir del 21 de juny de 2026<\/p>\n<h4><strong>Dies festius de lliure disposici\u00f3:<\/strong><\/h4>\n<p>3 de novembre de 2025<\/p>\n<p>14 de febrer de 2026<\/p>\n<p>3 de mar\u00e7 2026 (carnestoltes)<\/p>\n<p>2 de maig 2026<\/p>\n<h4><b>Dies festius:<\/b><\/h4>\n<div>\n<p>11 de setembre de 2025 (Diada Nacional de Catalunya)<\/p>\n<p>12 d\u2019octubre de 2025 (Dia de la Hispanitat)<\/p>\n<p>1 de novembre de 2025 (Tots Sants)<\/p>\n<p>6 de desembre de 2025 (Constituci\u00f3)<\/p>\n<p>8 de desembre de 2025 (Immaculada Concepci\u00f3)<\/p>\n<p>24 de juny de 2026 (Sant Joan)<\/p>\n<h4><b>Festes locals:<\/b><\/h4>\n<p>12 de maig de 2026 (Festes de Badalona)<\/p>\n<p>9 de juny de 2026 (Segona Pasqua)<\/p>\n<\/div>\n<h4><strong>Jornada intensiva:<\/strong><\/h4>\n<p>20 de desembre 2025<\/p>\n<p>Des del dia 10 fins al 20 de juny de 2026<\/p>\n<p>Hi haur\u00e0 servei de menjador (els nens surten a les 15:00h.)<\/p>\n<p><strong>Acollida<\/strong> matinal de 8 a 9 hores.<\/p>\n<p>&nbsp;<\/p>\n<div class=\"gtranslate_wrapper\"><\/div>\n<p><script>window.gtranslateSettings = {\"default_language\":\"ca\",\"native_language_names\":true,\"languages\":[\"ca\",\"ar\",\"hy\",\"be\",\"zh-CN\",\"zh-TW\",\"en\",\"fr\",\"ka\",\"nl\",\"ur\",\"it\",\"pl\",\"pt\",\"pa\",\"ro\",\"ru\",\"es\",\"uk\",\"yi\",\"hi\"],\"wrapper_selector\":\".gtranslate_wrapper\"}<\/script><br \/>\n<script src=\"https:\/\/cdn.gtranslate.net\/widgets\/latest\/float.js\" defer><\/script><\/p>\n","protected":false},"excerpt":{"rendered":"<p>Inici de curs: 9 de setembre de 2025 Vacances: Del 21 de desembre de 2025 al 7 de gener de 2026 (ambd\u00f3s inclosos) Del 12 d&#8217; abril a l&#8217;21 d&#8217;abril de 2026 (ambd\u00f3s inclosos) A partir del 21 de juny de 2026 Dies festius de lliure disposici\u00f3: 3 de novembre de 2025 14 de febrer [&hellip;]<\/p>\n","protected":false},"author":1,"featured_media":0,"parent":22,"menu_order":50,"comment_status":"closed","ping_status":"closed","template":"page-templates\/side-menu.php","meta":{"_bbp_topic_count":0,"_bbp_reply_count":0,"_bbp_total_topic_count":0,"_bbp_total_reply_count":0,"_bbp_voice_count":0,"_bbp_anonymous_reply_count":0,"_bbp_topic_count_hidden":0,"_bbp_reply_count_hidden":0,"_bbp_forum_subforum_count":0,"site-sidebar-layout":"default","site-content-layout":"","ast-site-content-layout":"","site-content-style":"default","site-sidebar-style":"default","ast-global-header-display":"","ast-banner-title-visibility":"","ast-main-header-display":"","ast-hfb-above-header-display":"","ast-hfb-below-header-display":"","ast-hfb-mobile-header-display":"","site-post-title":"","ast-breadcrumbs-content":"","ast-featured-img":"","footer-sml-layout":"","theme-transparent-header-meta":"","adv-header-id-meta":"","stick-header-meta":"","header-above-stick-meta":"","header-main-stick-meta":"","header-below-stick-meta":"","astra-migrate-meta-layouts":"default","ast-page-background-enabled":"default","ast-page-background-meta":{"desktop":{"background-color":"var(--ast-global-color-4)","background-image":"","background-repeat":"repeat","background-position":"center center","background-size":"auto","background-attachment":"scroll","background-type":"","background-media":"","overlay-type":"","overlay-color":"","overlay-opacity":"","overlay-gradient":""},"tablet":{"background-color":"","background-image":"","background-repeat":"repeat","background-position":"center center","background-size":"auto","background-attachment":"scroll","background-type":"","background-media":"","overlay-type":"","overlay-color":"","overlay-opacity":"","overlay-gradient":""},"mobile":{"background-color":"","background-image":"","background-repeat":"repeat","background-position":"center center","background-size":"auto","background-attachment":"scroll","background-type":"","background-media":"","overlay-type":"","overlay-color":"","overlay-opacity":"","overlay-gradient":""}},"ast-content-background-meta":{"desktop":{"background-color":"var(--ast-global-color-5)","background-image":"","background-repeat":"repeat","background-position":"center center","background-size":"auto","background-attachment":"scroll","background-type":"","background-media":"","overlay-type":"","overlay-color":"","overlay-opacity":"","overlay-gradient":""},"tablet":{"background-color":"var(--ast-global-color-5)","background-image":"","background-repeat":"repeat","background-position":"center center","background-size":"auto","background-attachment":"scroll","background-type":"","background-media":"","overlay-type":"","overlay-color":"","overlay-opacity":"","overlay-gradient":""},"mobile":{"background-color":"var(--ast-global-color-5)","background-image":"","background-repeat":"repeat","background-position":"center center","background-size":"auto","background-attachment":"scroll","background-type":"","background-media":"","overlay-type":"","overlay-color":"","overlay-opacity":"","overlay-gradient":""}},"footnotes":""},"class_list":["post-32","page","type-page","status-publish","hentry"],"post_mailing_queue_ids":[],"_links":{"self":[{"href":"https:\/\/agora.xtec.cat\/ceip-peredetera\/wp-json\/wp\/v2\/pages\/32","targetHints":{"allow":["GET"]}}],"collection":[{"href":"https:\/\/agora.xtec.cat\/ceip-peredetera\/wp-json\/wp\/v2\/pages"}],"about":[{"href":"https:\/\/agora.xtec.cat\/ceip-peredetera\/wp-json\/wp\/v2\/types\/page"}],"author":[{"embeddable":true,"href":"https:\/\/agora.xtec.cat\/ceip-peredetera\/wp-json\/wp\/v2\/users\/1"}],"replies":[{"embeddable":true,"href":"https:\/\/agora.xtec.cat\/ceip-peredetera\/wp-json\/wp\/v2\/comments?post=32"}],"version-history":[{"count":8,"href":"https:\/\/agora.xtec.cat\/ceip-peredetera\/wp-json\/wp\/v2\/pages\/32\/revisions"}],"predecessor-version":[{"id":7721,"href":"https:\/\/agora.xtec.cat\/ceip-peredetera\/wp-json\/wp\/v2\/pages\/32\/revisions\/7721"}],"up":[{"embeddable":true,"href":"https:\/\/agora.xtec.cat\/ceip-peredetera\/wp-json\/wp\/v2\/pages\/22"}],"wp:attachment":[{"href":"https:\/\/agora.xtec.cat\/ceip-peredetera\/wp-json\/wp\/v2\/media?parent=32"}],"curies":[{"name":"wp","href":"https:\/\/api.w.org\/{rel}","templated":true}]}}

<h4 style="text-align: center;"><a href="https://agora.xtec.cat/ceip-peredetera/wp-content/uploads/usu1268/2025/10/Calendari-Escolar-25-26.jpg"><img loading="lazy" decoding="async" class=" wp-image-7709 alignright" src="https://agora.xtec.cat/ceip-peredetera/wp-content/uploads/usu1268/2025/10/Calendari-Escolar-25-26.jpg" alt="" width="667" height="966" srcset="https://agora.xtec.cat/ceip-peredetera/wp-content/uploads/usu1268/2025/10/Calendari-Escolar-25-26.jpg 549w, https://agora.xtec.cat/ceip-peredetera/wp-content/uploads/usu1268/2025/10/Calendari-Escolar-25-26-207x300.jpg 207w" sizes="auto, (max-width: 667px) 100vw, 667px" /></a></h4>
<h4><strong>Inici de curs:</strong></h4>
<p>9 de setembre de 2025</p>
<h4><strong>Vacances:</strong></h4>
<p>Del 21 de desembre de 2025 al 7 de gener de 2026 (ambdós inclosos)</p>
<p>Del 12 d&#8217; abril a l&#8217;21 d&#8217;abril de 2026 (ambdós inclosos)</p>
<p>A partir del 21 de juny de 2026</p>
<h4><strong>Dies festius de lliure disposició:</strong></h4>
<p>3 de novembre de 2025</p>
<p>14 de febrer de 2026</p>
<p>3 de març 2026 (carnestoltes)</p>
<p>2 de maig 2026</p>
<h4><b>Dies festius:</b></h4>
<div>
<p>11 de setembre de 2025 (Diada Nacional de Catalunya)</p>
<p>12 d’octubre de 2025 (Dia de la Hispanitat)</p>
<p>1 de novembre de 2025 (Tots Sants)</p>
<p>6 de desembre de 2025 (Constitució)</p>
<p>8 de desembre de 2025 (Immaculada Concepció)</p>
<p>24 de juny de 2026 (Sant Joan)</p>
<h4><b>Festes locals:</b></h4>
<p>12 de maig de 2026 (Festes de Badalona)</p>
<p>9 de juny de 2026 (Segona Pasqua)</p>
</div>
<h4><strong>Jornada intensiva:</strong></h4>
<p>20 de desembre 2025</p>
<p>Des del dia 10 fins al 20 de juny de 2026</p>
<p>Hi haurà servei de menjador (els nens surten a les 15:00h.)</p>
<p><strong>Acollida</strong> matinal de 8 a 9 hores.</p>
<p>&nbsp;</p>
<div class="gtranslate_wrapper"></div>
<p><script>window.gtranslateSettings = {"default_language":"ca","native_language_names":true,"languages":["ca","ar","hy","be","zh-CN","zh-TW","en","fr","ka","nl","ur","it","pl","pt","pa","ro","ru","es","uk","yi","hi"],"wrapper_selector":".gtranslate_wrapper"}</script><br />
<script src="https://cdn.gtranslate.net/widgets/latest/float.js" defer></script></p>

<p>Inici de curs: 9 de setembre de 2025 Vacances: Del 21 de desembre de 2025 al 7 de gener de 2026 (ambdós inclosos) Del 12 d&#8217; abril a l&#8217;21 d&#8217;abril de 2026 (ambdós inclosos) A partir del 21 de juny de 2026 Dies festius de lliure disposició: 3 de novembre de 2025 14 de febrer [&hellip;]</p>
