{"id":28,"date":"2022-09-01T00:00:35","date_gmt":"2022-08-31T22:00:35","guid":{"rendered":"http:\/\/agora.xtec.cat\/ceip-peredetera\/?page_id=28"},"modified":"2025-01-17T16:50:48","modified_gmt":"2025-01-17T15:50:48","slug":"consell-escolar","status":"publish","type":"page","link":"https:\/\/agora.xtec.cat\/ceip-peredetera\/lescola\/consell-escolar\/","title":{"rendered":"Consell escolar"},"content":{"rendered":"<div>\n<p><span lang=\"CA\">El consell escolar es reuneix com a m\u00ednim una vegada al trimestre i sempre que el convoca el director\/a o ho sol\u00b7licita un ter\u00e7 de les persones membres.<\/span><b><span lang=\"CA\">\u00a0<\/span><\/b><\/p>\n<p>Les funcions del consell escolar dels centres p\u00fablics s\u00f3n:<\/p>\n<ul style=\"list-style-type: disc;\">\n<li>Aprovar el projecte educatiu i les modificacions corresponents per una majoria de tres cinquenes parts dels membres.<\/li>\n<li>Aprovar la programaci\u00f3 general anual del centre i avaluar-ne el desenvolupament i els resultats.<\/li>\n<li>Aprovar les propostes d&#8217;acords de corresponsabilitat, convenis i altres acords de col\u00b7laboraci\u00f3 del centre amb entitats o institucions.<\/li>\n<li>Aprovar les normes d&#8217;organitzaci\u00f3 i funcionament i les modificacions corresponents.<\/li>\n<li>Aprovar la carta de comprom\u00eds educatiu.<\/li>\n<li>Aprovar el pressupost del centre i el rendiment de comptes.<\/li>\n<li>Intervenir en el procediment d&#8217;admissi\u00f3 d&#8217;alumnes.<\/li>\n<li>Participar en el procediment de selecci\u00f3 i en la proposta de cessament del director o directora.<\/li>\n<li>Intervenir en la resoluci\u00f3 dels conflictes i, si s&#8217;escau, revisar les sancions als alumnes.<\/li>\n<li>Aprovar les directrius per a la programaci\u00f3 d&#8217;activitats escolars complement\u00e0ries i d&#8217;activitats extraescolars, i avaluar-ne el desenvolupament.<\/li>\n<li>Participar en les an\u00e0lisis i les avaluacions del funcionament general del centre i con\u00e8ixer l&#8217;evoluci\u00f3 del rendiment escolar.<\/li>\n<li>Aprovar els criteris de col\u00b7laboraci\u00f3 amb altres centres i amb l&#8217;entorn.<\/li>\n<li>Qualsevol altra que li sigui atribu\u00efda per les normes legals o reglament\u00e0ries.<\/li>\n<\/ul>\n<\/div>\n<div><\/div>\n<div><\/div>\n<h5 style=\"text-align: left;\"><b><span lang=\"CA\"><span style=\"font-family: Arial;\">\u00a0 \u00a0 \u00a0 \u00a0 \u00a0 \u00a0 \u00a0 \u00a0 \u00a0 \u00a0 \u00a0 \u00a0 \u00a0 \u00a0 \u00a0 MEMBRES DEL CONSELL ESCOLAR<\/span><\/span><\/b><\/h5>\n<table style=\"width: 48.9665%; height: 627px;\">\n<tbody>\n<tr style=\"height: 33px;\">\n<td style=\"text-align: center; width: 48.0634%; height: 33px;\" width=\"277\"><strong><u>Nom i Cognoms<\/u><\/strong><\/td>\n<td style=\"text-align: center; width: 50.7042%; height: 33px;\" width=\"292\"><strong><u>C\u00e0rrec<\/u><\/strong><\/td>\n<\/tr>\n<tr style=\"height: 33px;\">\n<td style=\"text-align: center; width: 48.0634%; height: 33px;\" width=\"277\">Ra\u00fal Torres Peinado<\/td>\n<td style=\"text-align: center; width: 50.7042%; height: 33px;\" width=\"292\">President<\/td>\n<\/tr>\n<tr style=\"height: 33px;\">\n<td style=\"text-align: center; width: 48.0634%; height: 33px;\" width=\"277\">Silvia Soler Anglada<\/td>\n<td style=\"text-align: center; width: 50.7042%; height: 33px;\" width=\"292\">Vicepresidenta<\/td>\n<\/tr>\n<tr style=\"height: 33px;\">\n<td style=\"text-align: center; width: 48.0634%; height: 33px;\" width=\"277\">David Mu\u00f1oz Franco<\/td>\n<td style=\"text-align: center; width: 50.7042%; height: 33px;\" width=\"292\">Secretari<\/td>\n<\/tr>\n<tr style=\"height: 33px;\">\n<td style=\"text-align: center; width: 48.0634%; height: 33px;\" width=\"277\">Joan Cuspinera Pi\u00f1ol<\/td>\n<td style=\"text-align: center; width: 50.7042%; height: 33px;\" width=\"292\">Representant PAS<\/td>\n<\/tr>\n<tr style=\"height: 33px;\">\n<td style=\"text-align: center; width: 48.0634%; height: 33px;\" width=\"277\">Maribel Macarr\u00f3n P\u00e9rez<\/td>\n<td style=\"text-align: center; width: 50.7042%; height: 33px;\" width=\"292\">Representant PAE<\/td>\n<\/tr>\n<tr style=\"height: 33px;\">\n<td style=\"text-align: center; width: 48.0634%; height: 33px;\" width=\"277\">Ester Lozano Pozo<\/td>\n<td style=\"text-align: center; width: 50.7042%; height: 33px;\" width=\"292\">Representant sector mestres<\/td>\n<\/tr>\n<tr style=\"height: 33px;\">\n<td style=\"text-align: center; width: 48.0634%; height: 33px;\" width=\"277\">N\u00faria S\u00e1nchez Ventura<\/td>\n<td style=\"text-align: center; width: 50.7042%; height: 33px;\" width=\"292\">Representant sector\u00a0mestres<\/td>\n<\/tr>\n<tr style=\"height: 33px;\">\n<td style=\"text-align: center; width: 48.0634%; height: 33px;\" width=\"277\">Sabrie Sami<\/td>\n<td style=\"text-align: center; width: 50.7042%; height: 33px;\" width=\"292\">Representant sector\u00a0mestres<\/td>\n<\/tr>\n<tr style=\"height: 33px;\">\n<td style=\"text-align: center; width: 48.0634%; height: 33px;\" width=\"277\">Laura Berlanga Lara<\/td>\n<td style=\"text-align: center; width: 50.7042%; height: 33px;\" width=\"292\">Representant sector\u00a0mestres<\/td>\n<\/tr>\n<tr style=\"height: 33px;\">\n<td style=\"text-align: center; width: 48.0634%; height: 33px;\" width=\"277\">Alena Tryhubkina<\/td>\n<td style=\"text-align: center; width: 50.7042%; height: 33px;\" width=\"292\">Representant sector\u00a0mestres<\/td>\n<\/tr>\n<tr style=\"height: 33px;\">\n<td style=\"text-align: center; width: 48.0634%; height: 33px;\" width=\"277\">Aida Cano Medina<\/td>\n<td style=\"text-align: center; width: 50.7042%; height: 33px;\" width=\"292\">Representant sector\u00a0mestres<\/td>\n<\/tr>\n<tr style=\"height: 33px;\">\n<td style=\"text-align: center; width: 48.0634%; height: 33px;\" width=\"277\">Elena Lizana Vera<\/td>\n<td style=\"text-align: center; width: 50.7042%; height: 33px;\" width=\"292\">Representant \u00a0sector pares i mares<\/td>\n<\/tr>\n<tr style=\"height: 33px;\">\n<td style=\"text-align: center; width: 48.0634%; height: 33px;\" width=\"277\">Cristina Casta\u00f1o Hern\u00e1ndez<\/td>\n<td style=\"text-align: center; width: 50.7042%; height: 33px;\" width=\"292\">Representant sector pares i mares<\/td>\n<\/tr>\n<tr style=\"height: 33px;\">\n<td style=\"text-align: center; width: 48.0634%; height: 33px;\" width=\"277\">M\u00aa Jos\u00e9 Merino Merino<\/td>\n<td style=\"text-align: center; width: 50.7042%; height: 33px;\" width=\"292\">Representant sector pares i mares<\/td>\n<\/tr>\n<tr style=\"height: 33px;\">\n<td style=\"text-align: center; width: 48.0634%; height: 33px;\" width=\"277\">\u00d3scar Poncelas L\u00f3pez<\/td>\n<td style=\"text-align: center; width: 50.7042%; height: 33px;\" width=\"292\">Representant sector pares i mares<\/td>\n<\/tr>\n<tr style=\"height: 33px;\">\n<td style=\"text-align: center; width: 48.0634%; height: 33px;\" width=\"277\">Neus Lorenzo Mellado<\/td>\n<td style=\"text-align: center; width: 50.7042%; height: 33px;\" width=\"292\">Representant sector pares i mares<\/td>\n<\/tr>\n<tr style=\"height: 33px;\">\n<td style=\"text-align: center; width: 48.0634%; height: 33px;\" width=\"277\">Vanesa Mart\u00edn Molina<\/td>\n<td style=\"text-align: center; width: 50.7042%; height: 33px;\" width=\"292\">Representant AMPA<\/td>\n<\/tr>\n<\/tbody>\n<\/table>\n<p>&nbsp;<\/p>\n<div class=\"gtranslate_wrapper\"><\/div>\n<p><script>window.gtranslateSettings = {\"default_language\":\"ca\",\"native_language_names\":true,\"languages\":[\"ca\",\"ar\",\"hy\",\"be\",\"zh-CN\",\"zh-TW\",\"en\",\"fr\",\"ka\",\"nl\",\"ur\",\"it\",\"pl\",\"pt\",\"pa\",\"ro\",\"ru\",\"es\",\"uk\",\"yi\",\"hi\"],\"wrapper_selector\":\".gtranslate_wrapper\"}<\/script><br \/>\n<script src=\"https:\/\/cdn.gtranslate.net\/widgets\/latest\/float.js\" defer><\/script><\/p>\n","protected":false},"excerpt":{"rendered":"<p>El consell escolar es reuneix com a m\u00ednim una vegada al trimestre i sempre que el convoca el director\/a o ho sol\u00b7licita un ter\u00e7 de les persones membres.\u00a0 Les funcions del consell escolar dels centres p\u00fablics s\u00f3n: Aprovar el projecte educatiu i les modificacions corresponents per una majoria de tres cinquenes parts dels membres. Aprovar [&hellip;]<\/p>\n","protected":false},"author":1,"featured_media":0,"parent":22,"menu_order":30,"comment_status":"closed","ping_status":"closed","template":"page-templates\/side-menu.php","meta":{"_bbp_topic_count":0,"_bbp_reply_count":0,"_bbp_total_topic_count":0,"_bbp_total_reply_count":0,"_bbp_voice_count":0,"_bbp_anonymous_reply_count":0,"_bbp_topic_count_hidden":0,"_bbp_reply_count_hidden":0,"_bbp_forum_subforum_count":0,"site-sidebar-layout":"default","site-content-layout":"","ast-site-content-layout":"","site-content-style":"default","site-sidebar-style":"default","ast-global-header-display":"","ast-banner-title-visibility":"","ast-main-header-display":"","ast-hfb-above-header-display":"","ast-hfb-below-header-display":"","ast-hfb-mobile-header-display":"","site-post-title":"","ast-breadcrumbs-content":"","ast-featured-img":"","footer-sml-layout":"","theme-transparent-header-meta":"","adv-header-id-meta":"","stick-header-meta":"","header-above-stick-meta":"","header-main-stick-meta":"","header-below-stick-meta":"","astra-migrate-meta-layouts":"default","ast-page-background-enabled":"default","ast-page-background-meta":{"desktop":{"background-color":"var(--ast-global-color-4)","background-image":"","background-repeat":"repeat","background-position":"center center","background-size":"auto","background-attachment":"scroll","background-type":"","background-media":"","overlay-type":"","overlay-color":"","overlay-opacity":"","overlay-gradient":""},"tablet":{"background-color":"","background-image":"","background-repeat":"repeat","background-position":"center center","background-size":"auto","background-attachment":"scroll","background-type":"","background-media":"","overlay-type":"","overlay-color":"","overlay-opacity":"","overlay-gradient":""},"mobile":{"background-color":"","background-image":"","background-repeat":"repeat","background-position":"center center","background-size":"auto","background-attachment":"scroll","background-type":"","background-media":"","overlay-type":"","overlay-color":"","overlay-opacity":"","overlay-gradient":""}},"ast-content-background-meta":{"desktop":{"background-color":"var(--ast-global-color-5)","background-image":"","background-repeat":"repeat","background-position":"center center","background-size":"auto","background-attachment":"scroll","background-type":"","background-media":"","overlay-type":"","overlay-color":"","overlay-opacity":"","overlay-gradient":""},"tablet":{"background-color":"var(--ast-global-color-5)","background-image":"","background-repeat":"repeat","background-position":"center center","background-size":"auto","background-attachment":"scroll","background-type":"","background-media":"","overlay-type":"","overlay-color":"","overlay-opacity":"","overlay-gradient":""},"mobile":{"background-color":"var(--ast-global-color-5)","background-image":"","background-repeat":"repeat","background-position":"center center","background-size":"auto","background-attachment":"scroll","background-type":"","background-media":"","overlay-type":"","overlay-color":"","overlay-opacity":"","overlay-gradient":""}},"footnotes":""},"class_list":["post-28","page","type-page","status-publish","hentry"],"post_mailing_queue_ids":[],"_links":{"self":[{"href":"https:\/\/agora.xtec.cat\/ceip-peredetera\/wp-json\/wp\/v2\/pages\/28","targetHints":{"allow":["GET"]}}],"collection":[{"href":"https:\/\/agora.xtec.cat\/ceip-peredetera\/wp-json\/wp\/v2\/pages"}],"about":[{"href":"https:\/\/agora.xtec.cat\/ceip-peredetera\/wp-json\/wp\/v2\/types\/page"}],"author":[{"embeddable":true,"href":"https:\/\/agora.xtec.cat\/ceip-peredetera\/wp-json\/wp\/v2\/users\/1"}],"replies":[{"embeddable":true,"href":"https:\/\/agora.xtec.cat\/ceip-peredetera\/wp-json\/wp\/v2\/comments?post=28"}],"version-history":[{"count":7,"href":"https:\/\/agora.xtec.cat\/ceip-peredetera\/wp-json\/wp\/v2\/pages\/28\/revisions"}],"predecessor-version":[{"id":7467,"href":"https:\/\/agora.xtec.cat\/ceip-peredetera\/wp-json\/wp\/v2\/pages\/28\/revisions\/7467"}],"up":[{"embeddable":true,"href":"https:\/\/agora.xtec.cat\/ceip-peredetera\/wp-json\/wp\/v2\/pages\/22"}],"wp:attachment":[{"href":"https:\/\/agora.xtec.cat\/ceip-peredetera\/wp-json\/wp\/v2\/media?parent=28"}],"curies":[{"name":"wp","href":"https:\/\/api.w.org\/{rel}","templated":true}]}}

<div>
<p><span lang="CA">El consell escolar es reuneix com a mínim una vegada al trimestre i sempre que el convoca el director/a o ho sol·licita un terç de les persones membres.</span><b><span lang="CA"> </span></b></p>
<p>Les funcions del consell escolar dels centres públics són:</p>
<ul style="list-style-type: disc;">
<li>Aprovar el projecte educatiu i les modificacions corresponents per una majoria de tres cinquenes parts dels membres.</li>
<li>Aprovar la programació general anual del centre i avaluar-ne el desenvolupament i els resultats.</li>
<li>Aprovar les propostes d&#8217;acords de corresponsabilitat, convenis i altres acords de col·laboració del centre amb entitats o institucions.</li>
<li>Aprovar les normes d&#8217;organització i funcionament i les modificacions corresponents.</li>
<li>Aprovar la carta de compromís educatiu.</li>
<li>Aprovar el pressupost del centre i el rendiment de comptes.</li>
<li>Intervenir en el procediment d&#8217;admissió d&#8217;alumnes.</li>
<li>Participar en el procediment de selecció i en la proposta de cessament del director o directora.</li>
<li>Intervenir en la resolució dels conflictes i, si s&#8217;escau, revisar les sancions als alumnes.</li>
<li>Aprovar les directrius per a la programació d&#8217;activitats escolars complementàries i d&#8217;activitats extraescolars, i avaluar-ne el desenvolupament.</li>
<li>Participar en les anàlisis i les avaluacions del funcionament general del centre i conèixer l&#8217;evolució del rendiment escolar.</li>
<li>Aprovar els criteris de col·laboració amb altres centres i amb l&#8217;entorn.</li>
<li>Qualsevol altra que li sigui atribuïda per les normes legals o reglamentàries.</li>
</ul>
</div>
<div></div>
<div></div>
<h5 style="text-align: left;"><b><span lang="CA"><span style="font-family: Arial;">                              MEMBRES DEL CONSELL ESCOLAR</span></span></b></h5>
<table style="width: 48.9665%; height: 627px;">
<tbody>
<tr style="height: 33px;">
<td style="text-align: center; width: 48.0634%; height: 33px;" width="277"><strong><u>Nom i Cognoms</u></strong></td>
<td style="text-align: center; width: 50.7042%; height: 33px;" width="292"><strong><u>Càrrec</u></strong></td>
</tr>
<tr style="height: 33px;">
<td style="text-align: center; width: 48.0634%; height: 33px;" width="277">Raúl Torres Peinado</td>
<td style="text-align: center; width: 50.7042%; height: 33px;" width="292">President</td>
</tr>
<tr style="height: 33px;">
<td style="text-align: center; width: 48.0634%; height: 33px;" width="277">Silvia Soler Anglada</td>
<td style="text-align: center; width: 50.7042%; height: 33px;" width="292">Vicepresidenta</td>
</tr>
<tr style="height: 33px;">
<td style="text-align: center; width: 48.0634%; height: 33px;" width="277">David Muñoz Franco</td>
<td style="text-align: center; width: 50.7042%; height: 33px;" width="292">Secretari</td>
</tr>
<tr style="height: 33px;">
<td style="text-align: center; width: 48.0634%; height: 33px;" width="277">Joan Cuspinera Piñol</td>
<td style="text-align: center; width: 50.7042%; height: 33px;" width="292">Representant PAS</td>
</tr>
<tr style="height: 33px;">
<td style="text-align: center; width: 48.0634%; height: 33px;" width="277">Maribel Macarrón Pérez</td>
<td style="text-align: center; width: 50.7042%; height: 33px;" width="292">Representant PAE</td>
</tr>
<tr style="height: 33px;">
<td style="text-align: center; width: 48.0634%; height: 33px;" width="277">Ester Lozano Pozo</td>
<td style="text-align: center; width: 50.7042%; height: 33px;" width="292">Representant sector mestres</td>
</tr>
<tr style="height: 33px;">
<td style="text-align: center; width: 48.0634%; height: 33px;" width="277">Núria Sánchez Ventura</td>
<td style="text-align: center; width: 50.7042%; height: 33px;" width="292">Representant sector mestres</td>
</tr>
<tr style="height: 33px;">
<td style="text-align: center; width: 48.0634%; height: 33px;" width="277">Sabrie Sami</td>
<td style="text-align: center; width: 50.7042%; height: 33px;" width="292">Representant sector mestres</td>
</tr>
<tr style="height: 33px;">
<td style="text-align: center; width: 48.0634%; height: 33px;" width="277">Laura Berlanga Lara</td>
<td style="text-align: center; width: 50.7042%; height: 33px;" width="292">Representant sector mestres</td>
</tr>
<tr style="height: 33px;">
<td style="text-align: center; width: 48.0634%; height: 33px;" width="277">Alena Tryhubkina</td>
<td style="text-align: center; width: 50.7042%; height: 33px;" width="292">Representant sector mestres</td>
</tr>
<tr style="height: 33px;">
<td style="text-align: center; width: 48.0634%; height: 33px;" width="277">Aida Cano Medina</td>
<td style="text-align: center; width: 50.7042%; height: 33px;" width="292">Representant sector mestres</td>
</tr>
<tr style="height: 33px;">
<td style="text-align: center; width: 48.0634%; height: 33px;" width="277">Elena Lizana Vera</td>
<td style="text-align: center; width: 50.7042%; height: 33px;" width="292">Representant  sector pares i mares</td>
</tr>
<tr style="height: 33px;">
<td style="text-align: center; width: 48.0634%; height: 33px;" width="277">Cristina Castaño Hernández</td>
<td style="text-align: center; width: 50.7042%; height: 33px;" width="292">Representant sector pares i mares</td>
</tr>
<tr style="height: 33px;">
<td style="text-align: center; width: 48.0634%; height: 33px;" width="277">Mª José Merino Merino</td>
<td style="text-align: center; width: 50.7042%; height: 33px;" width="292">Representant sector pares i mares</td>
</tr>
<tr style="height: 33px;">
<td style="text-align: center; width: 48.0634%; height: 33px;" width="277">Óscar Poncelas López</td>
<td style="text-align: center; width: 50.7042%; height: 33px;" width="292">Representant sector pares i mares</td>
</tr>
<tr style="height: 33px;">
<td style="text-align: center; width: 48.0634%; height: 33px;" width="277">Neus Lorenzo Mellado</td>
<td style="text-align: center; width: 50.7042%; height: 33px;" width="292">Representant sector pares i mares</td>
</tr>
<tr style="height: 33px;">
<td style="text-align: center; width: 48.0634%; height: 33px;" width="277">Vanesa Martín Molina</td>
<td style="text-align: center; width: 50.7042%; height: 33px;" width="292">Representant AMPA</td>
</tr>
</tbody>
</table>
<p>&nbsp;</p>
<div class="gtranslate_wrapper"></div>
<p><script>window.gtranslateSettings = {"default_language":"ca","native_language_names":true,"languages":["ca","ar","hy","be","zh-CN","zh-TW","en","fr","ka","nl","ur","it","pl","pt","pa","ro","ru","es","uk","yi","hi"],"wrapper_selector":".gtranslate_wrapper"}</script><br />
<script src="https://cdn.gtranslate.net/widgets/latest/float.js" defer></script></p>

<p>El consell escolar es reuneix com a mínim una vegada al trimestre i sempre que el convoca el director/a o ho sol·licita un terç de les persones membres.  Les funcions del consell escolar dels centres públics són: Aprovar el projecte educatiu i les modificacions corresponents per una majoria de tres cinquenes parts dels membres. Aprovar [&hellip;]</p>
