{"id":2094,"date":"2020-05-13T00:02:03","date_gmt":"2020-05-12T22:02:03","guid":{"rendered":"http:\/\/agora.xtec.cat\/ceip-peredetera\/?page_id=2094"},"modified":"2025-09-22T17:38:00","modified_gmt":"2025-09-22T15:38:00","slug":"documents","status":"publish","type":"page","link":"https:\/\/agora.xtec.cat\/ceip-peredetera\/lescola\/documents\/","title":{"rendered":"DOCUMENTS D&#8217;ESCOLA"},"content":{"rendered":"<p>En aquest apartat podeu localitzar els documents oficials que disposa l&#8217;escola.<br \/>\nA continuaci\u00f3, podeu accedir a:<\/p>\n<div>\n<table style=\"border-collapse: collapse; width: 100%;\">\n<tbody>\n<tr>\n<td style=\"width: 25%; text-align: center;\"><strong><a href=\"https:\/\/agora.xtec.cat\/ceip-peredetera\/wp-content\/uploads\/usu1268\/2025\/09\/PEC-23.5.25.pdf\"><img loading=\"lazy\" decoding=\"async\" class=\"wp-image-6567 alignnone\" src=\"https:\/\/agora.xtec.cat\/ceip-peredetera\/wp-content\/uploads\/usu1268\/2022\/09\/pec.jpg\" alt=\"\" width=\"227\" height=\"112\" \/><\/a><\/strong><\/p>\n<p><strong>PROJECTE EDUCATIU DE CENTRE<\/strong><br \/>\n<strong>(CURS 2024-25)<\/strong><\/td>\n<td style=\"width: 25%; text-align: center;\"><strong><a href=\"https:\/\/agora.xtec.cat\/ceip-peredetera\/wp-content\/uploads\/usu1268\/2025\/07\/NOFC-definitiu-aprovat-1.7.25.pdf\" target=\"_blank\" rel=\"noopener\"><img loading=\"lazy\" decoding=\"async\" class=\"alignnone wp-image-6568\" src=\"https:\/\/agora.xtec.cat\/ceip-peredetera\/wp-content\/uploads\/usu1268\/2022\/09\/NODES-NOF.jpg\" alt=\"\" width=\"230\" height=\"93\" srcset=\"https:\/\/agora.xtec.cat\/ceip-peredetera\/wp-content\/uploads\/usu1268\/2022\/09\/NODES-NOF.jpg 326w, https:\/\/agora.xtec.cat\/ceip-peredetera\/wp-content\/uploads\/usu1268\/2022\/09\/NODES-NOF-300x121.jpg 300w\" sizes=\"auto, (max-width: 230px) 100vw, 230px\" \/><\/a><\/strong><\/p>\n<p style=\"text-align: center;\"><strong>NORMES D&#8217;ORGANITZACI\u00d3 I FUNCIONAMENT DEL CENTRE<\/strong><br \/>\n<strong>(Actualitzaci\u00f3 1.7.25)<\/strong><\/p>\n<\/td>\n<td style=\"width: 25%; text-align: center;\"><strong><a href=\"https:\/\/agora.xtec.cat\/ceip-peredetera\/wp-content\/uploads\/usu1268\/2022\/06\/PLC-16.6.22.pdf\"><img loading=\"lazy\" decoding=\"async\" class=\"wp-image-6569 alignnone\" src=\"https:\/\/agora.xtec.cat\/ceip-peredetera\/wp-content\/uploads\/usu1268\/2022\/09\/PLC.png\" alt=\"\" width=\"217\" height=\"82\" srcset=\"https:\/\/agora.xtec.cat\/ceip-peredetera\/wp-content\/uploads\/usu1268\/2022\/09\/PLC.png 364w, https:\/\/agora.xtec.cat\/ceip-peredetera\/wp-content\/uploads\/usu1268\/2022\/09\/PLC-300x114.png 300w\" sizes=\"auto, (max-width: 217px) 100vw, 217px\" \/><\/a><\/strong><\/p>\n<p style=\"text-align: center;\"><strong>PROJECTE LING\u00dcISTIC DE CENTRE<\/strong><br \/>\n<strong>(CURS 2022-23)<\/strong><\/p>\n<\/td>\n<td style=\"width: 25%; text-align: center;\"><strong><a href=\"https:\/\/drive.google.com\/file\/d\/1T62-OP_A0XZVFqh2-x5PubFN6_mxjBDK\/view?usp=drive_link\"><img loading=\"lazy\" decoding=\"async\" class=\"aligncenter wp-image-6571\" src=\"https:\/\/agora.xtec.cat\/ceip-peredetera\/wp-content\/uploads\/usu1268\/2022\/09\/images.png\" alt=\"\" width=\"124\" height=\"124\" srcset=\"https:\/\/agora.xtec.cat\/ceip-peredetera\/wp-content\/uploads\/usu1268\/2022\/09\/images.png 225w, https:\/\/agora.xtec.cat\/ceip-peredetera\/wp-content\/uploads\/usu1268\/2022\/09\/images-150x150.png 150w\" sizes=\"auto, (max-width: 124px) 100vw, 124px\" \/><\/a><\/strong><\/p>\n<p><strong>PLA GENERAL DEL CENTRE<\/strong><br \/>\n<strong>(CURS 2024-25)<\/strong><\/td>\n<\/tr>\n<tr>\n<td style=\"width: 25%; text-align: center;\"><strong><a href=\"https:\/\/drive.google.com\/file\/d\/1ZWeKXeWqhCW_EKH0pTec6xMqkY4g1Vlm\/view?usp=drive_link\"><img loading=\"lazy\" decoding=\"async\" class=\"alignnone wp-image-6570\" src=\"https:\/\/agora.xtec.cat\/ceip-peredetera\/wp-content\/uploads\/usu1268\/2022\/09\/convivencia-escolar-1024x341-1.png\" alt=\"\" width=\"219\" height=\"73\" srcset=\"https:\/\/agora.xtec.cat\/ceip-peredetera\/wp-content\/uploads\/usu1268\/2022\/09\/convivencia-escolar-1024x341-1.png 1024w, https:\/\/agora.xtec.cat\/ceip-peredetera\/wp-content\/uploads\/usu1268\/2022\/09\/convivencia-escolar-1024x341-1-300x100.png 300w, https:\/\/agora.xtec.cat\/ceip-peredetera\/wp-content\/uploads\/usu1268\/2022\/09\/convivencia-escolar-1024x341-1-768x256.png 768w\" sizes=\"auto, (max-width: 219px) 100vw, 219px\" \/><\/a><\/strong><\/p>\n<p style=\"text-align: center;\"><strong>PROJECTE DE CONVIV\u00c8NCIA<\/strong><br \/>\n<strong>(CURS 2024-25)<\/strong><\/p>\n<\/td>\n<td style=\"width: 25%; text-align: center;\"><strong><a href=\"https:\/\/drive.google.com\/file\/d\/1xljen2wC0kQaJG65vwaRHBULvZiPFfMV\/view?usp=sharing\"><img loading=\"lazy\" decoding=\"async\" class=\"aligncenter wp-image-6577\" src=\"https:\/\/agora.xtec.cat\/ceip-peredetera\/wp-content\/uploads\/usu1268\/2022\/09\/gastos_escolares_1600x900.jpg\" alt=\"\" width=\"210\" height=\"118\" srcset=\"https:\/\/agora.xtec.cat\/ceip-peredetera\/wp-content\/uploads\/usu1268\/2022\/09\/gastos_escolares_1600x900.jpg 660w, https:\/\/agora.xtec.cat\/ceip-peredetera\/wp-content\/uploads\/usu1268\/2022\/09\/gastos_escolares_1600x900-300x169.jpg 300w\" sizes=\"auto, (max-width: 210px) 100vw, 210px\" \/><\/a><\/strong><\/p>\n<p><strong>QUOTES<\/strong><br \/>\n<strong>(CURS 2024-25)<\/strong><\/td>\n<td style=\"width: 25%; text-align: center;\"><strong><a href=\"https:\/\/agora.xtec.cat\/ceip-peredetera\/wp-content\/uploads\/usu1268\/2021\/09\/PLA-DORGANITZACIO-DEL-CENTRE-8.9.21.pdf\"><img loading=\"lazy\" decoding=\"async\" class=\"wp-image-6573 aligncenter\" src=\"https:\/\/agora.xtec.cat\/ceip-peredetera\/wp-content\/uploads\/usu1268\/2022\/09\/descarga.jpg\" alt=\"\" width=\"211\" height=\"156\" \/><\/a><\/strong><\/p>\n<p><strong>PLA D&#8217;ORGANITZACI\u00d3 DEL CENTRE<\/strong><br \/>\n<strong>(CURS 2022-23)<\/strong><\/td>\n<td style=\"width: 25%; text-align: center;\"><strong><a href=\"https:\/\/agora.xtec.cat\/ceip-peredetera\/wp-content\/uploads\/usu1268\/2024\/01\/Pla-de-funcionament-menjador-23-24.pdf?usp=sharing\"><img loading=\"lazy\" decoding=\"async\" class=\"wp-image-6572 aligncenter\" src=\"https:\/\/agora.xtec.cat\/ceip-peredetera\/wp-content\/uploads\/usu1268\/2022\/09\/menjador-escolar.png\" alt=\"\" width=\"215\" height=\"135\" \/><\/a><\/strong><\/p>\n<p><strong>PLA FUNCIONAMENT MENJADOR<\/strong><br \/>\n<strong>(CURS 2023-24)<\/strong><\/td>\n<\/tr>\n<tr>\n<td style=\"width: 25%; text-align: center;\"><a href=\"https:\/\/agora.xtec.cat\/ceip-peredetera\/wp-content\/uploads\/usu1268\/2025\/03\/PLA-EDC-Escola-Pere-de-Tera.pdf\"><img loading=\"lazy\" decoding=\"async\" class=\"alignnone wp-image-7589\" src=\"https:\/\/agora.xtec.cat\/ceip-peredetera\/wp-content\/uploads\/usu1268\/2025\/03\/Pla-digital-de-centre-2-1024x920-1-300x270.png\" alt=\"\" width=\"182\" height=\"164\" srcset=\"https:\/\/agora.xtec.cat\/ceip-peredetera\/wp-content\/uploads\/usu1268\/2025\/03\/Pla-digital-de-centre-2-1024x920-1-300x270.png 300w, https:\/\/agora.xtec.cat\/ceip-peredetera\/wp-content\/uploads\/usu1268\/2025\/03\/Pla-digital-de-centre-2-1024x920-1-768x690.png 768w, https:\/\/agora.xtec.cat\/ceip-peredetera\/wp-content\/uploads\/usu1268\/2025\/03\/Pla-digital-de-centre-2-1024x920-1.png 1024w\" sizes=\"auto, (max-width: 182px) 100vw, 182px\" \/><\/a><\/p>\n<p><strong>ESTRAT\u00c8GIA DIGITAL DE CENTRE<\/strong><\/td>\n<td style=\"width: 25%; text-align: center;\"><strong>PLA DE COMUNICACI\u00d3 DE CENTRE<\/strong><\/td>\n<td style=\"width: 25%; text-align: center;\"><strong><a href=\"https:\/\/drive.google.com\/file\/d\/1Gd3djakq_RU8TNlQBCxEDrmFxG9ZFgGW\/view?usp=sharing\"><img loading=\"lazy\" decoding=\"async\" class=\"aligncenter wp-image-6575\" src=\"https:\/\/agora.xtec.cat\/ceip-peredetera\/wp-content\/uploads\/usu1268\/2022\/09\/pr.jpg\" alt=\"\" width=\"196\" height=\"163\" \/><\/a><\/strong><\/p>\n<p><strong>PRESSUPOST 2025<\/strong><\/td>\n<td style=\"width: 25%; text-align: center;\"><strong><a href=\"https:\/\/drive.google.com\/file\/d\/1W6beCUBZOJNiSBB82miDUIV_ozJc92-I\/view?usp=sharing\"><img loading=\"lazy\" decoding=\"async\" class=\"wp-image-6832 aligncenter\" src=\"https:\/\/agora.xtec.cat\/ceip-peredetera\/wp-content\/uploads\/usu1268\/2023\/02\/presupuestoscast-300x200.jpg\" alt=\"\" width=\"192\" height=\"128\" srcset=\"https:\/\/agora.xtec.cat\/ceip-peredetera\/wp-content\/uploads\/usu1268\/2023\/02\/presupuestoscast-300x200.jpg 300w, https:\/\/agora.xtec.cat\/ceip-peredetera\/wp-content\/uploads\/usu1268\/2023\/02\/presupuestoscast.jpg 602w\" sizes=\"auto, (max-width: 192px) 100vw, 192px\" \/><\/a><\/strong><\/p>\n<p><strong>EL PRESSUPOST DE CENTRE<\/strong><\/td>\n<\/tr>\n<\/tbody>\n<\/table>\n<\/div>\n<div class=\"gtranslate_wrapper\"><\/div>\n<p><script>window.gtranslateSettings = {\"default_language\":\"ca\",\"native_language_names\":true,\"languages\":[\"ca\",\"ar\",\"hy\",\"be\",\"zh-CN\",\"zh-TW\",\"en\",\"fr\",\"ka\",\"nl\",\"ur\",\"it\",\"pl\",\"pt\",\"pa\",\"ro\",\"ru\",\"es\",\"uk\",\"yi\",\"hi\"],\"wrapper_selector\":\".gtranslate_wrapper\"}<\/script><br \/>\n<script src=\"https:\/\/cdn.gtranslate.net\/widgets\/latest\/float.js\" defer><\/script><\/p>\n","protected":false},"excerpt":{"rendered":"<p>En aquest apartat podeu localitzar els documents oficials que disposa l&#8217;escola. A continuaci\u00f3, podeu accedir a: PROJECTE EDUCATIU DE CENTRE (CURS 2024-25) NORMES D&#8217;ORGANITZACI\u00d3 I FUNCIONAMENT DEL CENTRE (Actualitzaci\u00f3 1.7.25) PROJECTE LING\u00dcISTIC DE CENTRE (CURS 2022-23) PLA GENERAL DEL CENTRE (CURS 2024-25) PROJECTE DE CONVIV\u00c8NCIA (CURS 2024-25) QUOTES (CURS 2024-25) PLA D&#8217;ORGANITZACI\u00d3 DEL CENTRE (CURS [&hellip;]<\/p>\n","protected":false},"author":4,"featured_media":0,"parent":22,"menu_order":0,"comment_status":"closed","ping_status":"closed","template":"page-templates\/side-menu.php","meta":{"_bbp_topic_count":0,"_bbp_reply_count":0,"_bbp_total_topic_count":0,"_bbp_total_reply_count":0,"_bbp_voice_count":0,"_bbp_anonymous_reply_count":0,"_bbp_topic_count_hidden":0,"_bbp_reply_count_hidden":0,"_bbp_forum_subforum_count":0,"site-sidebar-layout":"default","site-content-layout":"","ast-site-content-layout":"","site-content-style":"default","site-sidebar-style":"default","ast-global-header-display":"","ast-banner-title-visibility":"","ast-main-header-display":"","ast-hfb-above-header-display":"","ast-hfb-below-header-display":"","ast-hfb-mobile-header-display":"","site-post-title":"","ast-breadcrumbs-content":"","ast-featured-img":"","footer-sml-layout":"","theme-transparent-header-meta":"","adv-header-id-meta":"","stick-header-meta":"","header-above-stick-meta":"","header-main-stick-meta":"","header-below-stick-meta":"","astra-migrate-meta-layouts":"default","ast-page-background-enabled":"default","ast-page-background-meta":{"desktop":{"background-color":"var(--ast-global-color-4)","background-image":"","background-repeat":"repeat","background-position":"center center","background-size":"auto","background-attachment":"scroll","background-type":"","background-media":"","overlay-type":"","overlay-color":"","overlay-opacity":"","overlay-gradient":""},"tablet":{"background-color":"","background-image":"","background-repeat":"repeat","background-position":"center center","background-size":"auto","background-attachment":"scroll","background-type":"","background-media":"","overlay-type":"","overlay-color":"","overlay-opacity":"","overlay-gradient":""},"mobile":{"background-color":"","background-image":"","background-repeat":"repeat","background-position":"center center","background-size":"auto","background-attachment":"scroll","background-type":"","background-media":"","overlay-type":"","overlay-color":"","overlay-opacity":"","overlay-gradient":""}},"ast-content-background-meta":{"desktop":{"background-color":"var(--ast-global-color-5)","background-image":"","background-repeat":"repeat","background-position":"center center","background-size":"auto","background-attachment":"scroll","background-type":"","background-media":"","overlay-type":"","overlay-color":"","overlay-opacity":"","overlay-gradient":""},"tablet":{"background-color":"var(--ast-global-color-5)","background-image":"","background-repeat":"repeat","background-position":"center center","background-size":"auto","background-attachment":"scroll","background-type":"","background-media":"","overlay-type":"","overlay-color":"","overlay-opacity":"","overlay-gradient":""},"mobile":{"background-color":"var(--ast-global-color-5)","background-image":"","background-repeat":"repeat","background-position":"center center","background-size":"auto","background-attachment":"scroll","background-type":"","background-media":"","overlay-type":"","overlay-color":"","overlay-opacity":"","overlay-gradient":""}},"footnotes":""},"class_list":["post-2094","page","type-page","status-publish","hentry"],"post_mailing_queue_ids":[],"_links":{"self":[{"href":"https:\/\/agora.xtec.cat\/ceip-peredetera\/wp-json\/wp\/v2\/pages\/2094","targetHints":{"allow":["GET"]}}],"collection":[{"href":"https:\/\/agora.xtec.cat\/ceip-peredetera\/wp-json\/wp\/v2\/pages"}],"about":[{"href":"https:\/\/agora.xtec.cat\/ceip-peredetera\/wp-json\/wp\/v2\/types\/page"}],"author":[{"embeddable":true,"href":"https:\/\/agora.xtec.cat\/ceip-peredetera\/wp-json\/wp\/v2\/users\/4"}],"replies":[{"embeddable":true,"href":"https:\/\/agora.xtec.cat\/ceip-peredetera\/wp-json\/wp\/v2\/comments?post=2094"}],"version-history":[{"count":8,"href":"https:\/\/agora.xtec.cat\/ceip-peredetera\/wp-json\/wp\/v2\/pages\/2094\/revisions"}],"predecessor-version":[{"id":7708,"href":"https:\/\/agora.xtec.cat\/ceip-peredetera\/wp-json\/wp\/v2\/pages\/2094\/revisions\/7708"}],"up":[{"embeddable":true,"href":"https:\/\/agora.xtec.cat\/ceip-peredetera\/wp-json\/wp\/v2\/pages\/22"}],"wp:attachment":[{"href":"https:\/\/agora.xtec.cat\/ceip-peredetera\/wp-json\/wp\/v2\/media?parent=2094"}],"curies":[{"name":"wp","href":"https:\/\/api.w.org\/{rel}","templated":true}]}}