{"id":66,"date":"2014-09-18T12:40:47","date_gmt":"2014-09-18T11:40:47","guid":{"rendered":"http:\/\/agora.xtec.cat\/ceip-pauvila\/?page_id=66"},"modified":"2024-11-27T17:55:17","modified_gmt":"2024-11-27T16:55:17","slug":"serveis","status":"publish","type":"page","link":"https:\/\/agora.xtec.cat\/ceip-pauvila\/lescola\/serveis\/","title":{"rendered":"Serveis"},"content":{"rendered":"<p>Secci\u00f3 que informa a les fam\u00edlies dels serveis que ofereix el centre.<\/p>\n<p>La missi\u00f3 educativa no es limita a l&#8217;eix curricular i \u00e9s per aix\u00f2 qu\u00e8 s&#8217;introdueix informaci\u00f3 relacionada amb:<\/p>\n<ul>\n<li><a href=\"http:\/\/agora.xtec.cat\/ceip-pauvila\/lescola\/serveis\/menjador-escolar\/\" target=\"_blank\" rel=\"noopener noreferrer\">Menjador escolar<\/a><\/li>\n<li><a href=\"http:\/\/agora.xtec.cat\/ceip-pauvila\/lescola\/serveis\/acollida\/\" target=\"_blank\" rel=\"noopener noreferrer\">Acollida<\/a><\/li>\n<li><a href=\"http:\/\/agora.xtec.cat\/ceip-pauvila\/lescola\/serveis\/casal-destiu\/\" target=\"_blank\" rel=\"noopener noreferrer\">Casal d&#8217;estiu<\/a><\/li>\n<li><a href=\"http:\/\/agora.xtec.cat\/ceip-pauvila\/lescola\/serveis\/activitats-extraescolars\/\" target=\"_blank\" rel=\"noopener noreferrer\">Activitats extraescolars<\/a><\/li>\n<\/ul>\n","protected":false},"excerpt":{"rendered":"<p>Secci\u00f3 que informa a les fam\u00edlies dels serveis que ofereix el centre.<br \/>\nLa missi\u00f3 educativa no es limita a l&#8217;eix curricular i \u00e9s per aix\u00f2 qu\u00e8 s&#8217;introdueix informaci\u00f3 relacionada amb:<\/p>\n<ul>\n<li><a href=\"http:\/\/agora.xtec.cat\/ceip-pauvila\/lescola\/serveis\/menjador-escolar\/\" target=\"_blank\" rel=\"noopener noreferrer\">Menjador escolar<\/a><\/li>\n<li><a href=\"http:\/\/agora.xtec.cat\/ceip-pauvila\/lescola\/serveis\/acollida\/\" target=\"_blank\" rel=\"noopener noreferrer\">Acollida<\/a><\/li>\n<li><a href=\"http:\/\/agora.xtec.cat\/ceip-pauvila\/lescola\/serveis\/casal-destiu\/\" target=\"_blank\" rel=\"noopener noreferrer\">Casal d&#8217;estiu<\/a><\/li>\n<li><a href=\"http:\/\/agora.xtec.cat\/ceip-pauvila\/lescola\/serveis\/activitats-extraescolars\/\" target=\"_blank\"&hellip;  <a href=\"https:\/\/agora.xtec.cat\/ceip-pauvila\/lescola\/serveis\/\" title=\"Read Serveis\">Llegeix m\u00e9s\u00bb<\/a><br \/>\n","protected":false},"author":2,"featured_media":0,"parent":22,"menu_order":0,"comment_status":"closed","ping_status":"closed","template":"","meta":{"_bbp_topic_count":0,"_bbp_reply_count":0,"_bbp_total_topic_count":0,"_bbp_total_reply_count":0,"_bbp_voice_count":0,"_bbp_anonymous_reply_count":0,"_bbp_topic_count_hidden":0,"_bbp_reply_count_hidden":0,"_bbp_forum_subforum_count":0,"footnotes":""},"class_list":["post-66","page","type-page","status-publish","hentry"],"post_mailing_queue_ids":[],"_links":{"self":[{"href":"https:\/\/agora.xtec.cat\/ceip-pauvila\/wp-json\/wp\/v2\/pages\/66","targetHints":{"allow":["GET"]}}],"collection":[{"href":"https:\/\/agora.xtec.cat\/ceip-pauvila\/wp-json\/wp\/v2\/pages"}],"about":[{"href":"https:\/\/agora.xtec.cat\/ceip-pauvila\/wp-json\/wp\/v2\/types\/page"}],"author":[{"embeddable":true,"href":"https:\/\/agora.xtec.cat\/ceip-pauvila\/wp-json\/wp\/v2\/users\/2"}],"replies":[{"embeddable":true,"href":"https:\/\/agora.xtec.cat\/ceip-pauvila\/wp-json\/wp\/v2\/comments?post=66"}],"version-history":[{"count":4,"href":"https:\/\/agora.xtec.cat\/ceip-pauvila\/wp-json\/wp\/v2\/pages\/66\/revisions"}],"predecessor-version":[{"id":12304,"href":"https:\/\/agora.xtec.cat\/ceip-pauvila\/wp-json\/wp\/v2\/pages\/66\/revisions\/12304"}],"up":[{"embeddable":true,"href":"https:\/\/agora.xtec.cat\/ceip-pauvila\/wp-json\/wp\/v2\/pages\/22"}],"wp:attachment":[{"href":"https:\/\/agora.xtec.cat\/ceip-pauvila\/wp-json\/wp\/v2\/media?parent=66"}],"curies":[{"name":"wp","href":"https:\/\/api.w.org\/{rel}","templated":true}]}}