{"id":874,"date":"2018-01-16T21:32:13","date_gmt":"2018-01-16T20:32:13","guid":{"rendered":"http:\/\/agora.xtec.cat\/ceip-pauvila-hospitalet\/?page_id=874"},"modified":"2018-01-16T21:32:13","modified_gmt":"2018-01-16T20:32:13","slug":"padrins-lectors","status":"publish","type":"page","link":"https:\/\/agora.xtec.cat\/ceip-pauvila-hospitalet\/projecte-educatiu-2\/aprenentatge-i-servei-aps\/padrins-lectors\/","title":{"rendered":"Padrins lectors"},"content":{"rendered":"<p><b>Breu s\u00edntesi del projecte <\/b><\/p>\n<p>&nbsp;<\/p>\n<p><b>Necessitat social i finalitat del servei <\/b><\/p>\n<p><span style=\"font-weight: 400;\">Promoure el plaer per la lectura en tot l\u2019alumnat del centre.<\/span><\/p>\n<p><b>Entitats que impulsen l&#8217;experi\u00e8ncia <\/b><\/p>\n<p><span style=\"font-weight: 400;\">Escola Pau Vila <\/span><\/p>\n<p><b>Persones destinat\u00e0ries del servei <\/b><\/p>\n<p><span style=\"font-weight: 400;\">Alumnat de l\u2019escola Pau Vila. <\/span><\/p>\n<p><b>Objectius d&#8217;aprenentatge <\/b><\/p>\n<p><span style=\"font-weight: 400;\">Responsabilitzar-se d\u2019una activitat de lectura amb un grup de companys. <\/span><\/p>\n<p><span style=\"font-weight: 400;\">Aprendre a respectar i fer respectar les normes de manera pac\u00edfica. <\/span><\/p>\n<p><span style=\"font-weight: 400;\">Augmentar les habilitats d\u2019autocontrol i d\u2019organitzaci\u00f3 del temps i de l\u2019espai. <\/span><\/p>\n<p><span style=\"font-weight: 400;\">Augmentar l\u2019autoestima com a conseq\u00fc\u00e8ncia de la pertinen\u00e7a a un grup de prestigi. <\/span><\/p>\n<p><span style=\"font-weight: 400;\">Aprendre a posar-se en el lloc dels altres. <\/span><\/p>\n","protected":false},"excerpt":{"rendered":"<p>Breu s\u00edntesi del projecte<br \/>\n&nbsp;<br \/>\nNecessitat social i finalitat del servei<br \/>\nPromoure el plaer per la lectura en tot l\u2019alumnat del centre.<br \/>\nEntitats que impulsen l&#8217;experi\u00e8ncia<br \/>\nEscola Pau Vila<br \/>\nPersones destinat\u00e0ries del servei<br \/>\nAlumnat de l\u2019escola Pau Vila.<br \/>\nObjectius d&#8217;aprenentatge<br \/>\nResponsabilitzar-se d\u2019una activitat de lectura amb un&hellip;  <a href=\"https:\/\/agora.xtec.cat\/ceip-pauvila-hospitalet\/projecte-educatiu-2\/aprenentatge-i-servei-aps\/padrins-lectors\/\" title=\"Read Padrins lectors\">Llegeix m\u00e9s\u00bb<\/a><\/p>\n","protected":false},"author":1,"featured_media":0,"parent":659,"menu_order":40,"comment_status":"closed","ping_status":"closed","template":"","meta":{"_bbp_topic_count":0,"_bbp_reply_count":0,"_bbp_total_topic_count":0,"_bbp_total_reply_count":0,"_bbp_voice_count":0,"_bbp_anonymous_reply_count":0,"_bbp_topic_count_hidden":0,"_bbp_reply_count_hidden":0,"_bbp_forum_subforum_count":0,"footnotes":""},"class_list":["post-874","page","type-page","status-publish","hentry"],"post_mailing_queue_ids":[],"_links":{"self":[{"href":"https:\/\/agora.xtec.cat\/ceip-pauvila-hospitalet\/wp-json\/wp\/v2\/pages\/874","targetHints":{"allow":["GET"]}}],"collection":[{"href":"https:\/\/agora.xtec.cat\/ceip-pauvila-hospitalet\/wp-json\/wp\/v2\/pages"}],"about":[{"href":"https:\/\/agora.xtec.cat\/ceip-pauvila-hospitalet\/wp-json\/wp\/v2\/types\/page"}],"author":[{"embeddable":true,"href":"https:\/\/agora.xtec.cat\/ceip-pauvila-hospitalet\/wp-json\/wp\/v2\/users\/1"}],"replies":[{"embeddable":true,"href":"https:\/\/agora.xtec.cat\/ceip-pauvila-hospitalet\/wp-json\/wp\/v2\/comments?post=874"}],"version-history":[{"count":1,"href":"https:\/\/agora.xtec.cat\/ceip-pauvila-hospitalet\/wp-json\/wp\/v2\/pages\/874\/revisions"}],"predecessor-version":[{"id":875,"href":"https:\/\/agora.xtec.cat\/ceip-pauvila-hospitalet\/wp-json\/wp\/v2\/pages\/874\/revisions\/875"}],"up":[{"embeddable":true,"href":"https:\/\/agora.xtec.cat\/ceip-pauvila-hospitalet\/wp-json\/wp\/v2\/pages\/659"}],"wp:attachment":[{"href":"https:\/\/agora.xtec.cat\/ceip-pauvila-hospitalet\/wp-json\/wp\/v2\/media?parent=874"}],"curies":[{"name":"wp","href":"https:\/\/api.w.org\/{rel}","templated":true}]}}