{"id":582,"date":"2018-01-11T09:42:49","date_gmt":"2018-01-11T08:42:49","guid":{"rendered":"http:\/\/agora.xtec.cat\/ceip-pauvila-hospitalet\/?page_id=582"},"modified":"2025-06-27T11:24:35","modified_gmt":"2025-06-27T09:24:35","slug":"oferta-educativa","status":"publish","type":"page","link":"https:\/\/agora.xtec.cat\/ceip-pauvila-hospitalet\/lescola\/oferta-educativa\/","title":{"rendered":"Oferta educativa"},"content":{"rendered":"<p><span style=\"font-family: inherit; font-size: 1em;\">L\u2019Escola Pau Vila \u00e9s una <strong>escola d\u2019una l\u00ednia,<\/strong> encara que actualment tenim <strong>dues aules de 2n, 3r i 4t de prim\u00e0ria<\/strong>.<\/span><\/p>\n<p><span style=\"font-family: inherit; font-size: 1em;\">L\u2019Escola\u00a0 ofereix els nivells de segon cicle d\u2019<strong>Educaci\u00f3 Infantil,<\/strong> de 3 a 6 anys, i <strong>Educaci\u00f3<\/strong>\u00a0<strong>Prim\u00e0ria<\/strong>, de 6 a 12 anys.<\/span><\/p>\n<p><span style=\"font-weight: 400;\">La metodologia general del centre es basa en els <strong>Entorns Inclusius d&#8217;Aprenentatge<\/strong> per ambients, per racons o tallers i per projectes.<\/span><\/p>\n<p><span style=\"font-weight: 400;\">L&#8217;estructura de treball de l&#8217;escola es basa en tres eixos vertebradors:<\/span><\/p>\n<ul>\n<li><span style=\"font-weight: 400;\"><strong>\u00a0El treball per projectes<\/strong> per tal d\u2019aconseguir un bon domini de les compet\u00e8ncies b\u00e0siques de manera\u00a0transversal al treball de les diverses \u00e0rees curriculars.<\/span><\/li>\n<li><span style=\"font-weight: 400;\">El treball sistem\u00e0tic de microhabilitats ling\u00fc\u00edstiques i matem\u00e0tiques en els <strong>tallers o racons<\/strong> d&#8217;escriptura, lectura i resoluci\u00f3 de problemes.<\/span><\/li>\n<li><span style=\"font-weight: 400;\">I el treball per <strong>ambients<\/strong> a educaci\u00f3 infantil i cicle inicial\u00a0de l&#8217;educaci\u00f3 prim\u00e0ria.<\/span><\/li>\n<\/ul>\n<p><span style=\"font-weight: 400;\">Es garanteix un entorn tranquil i acollidor, gr\u00e0cies a que tant a educaci\u00f3 infantil com a prim\u00e0ria disposem de l\u2019ajuda de <strong>dos\/dues mestres<\/strong> la major part de les hores. <\/span><\/p>\n<p>Al llarg del curs s&#8217;organitzen diverses <strong>activitats de portes obertes<\/strong> per tal que les fam\u00edlies participin amb els seus fills i filles dels entorns inclusius d&#8217;aprenentatge.<\/p>\n<p><span style=\"font-weight: 400;\">Al comen\u00e7ament de l\u2019etapa d\u2019educaci\u00f3 Infantil els alumnes <strong>d&#8217;Infantil 3 fan l\u2019adaptaci\u00f3<\/strong> al centre durant una setmana, tamb\u00e9 es facilita l\u2019adaptaci\u00f3 a tots els alumnes nouvinguts amb un pla d\u2019acollida realitzat pels mestres i pels alumnes. Aix\u00ed mateix per garantir un ambient tranquil es realitza l\u2019activitat de l\u2019entrada relaxada a tot els cursos, mat\u00ed i tarda, al llarg de l\u2019any.<\/span><\/p>\n<p>&nbsp;<\/p>\n","protected":false},"excerpt":{"rendered":"<p>L\u2019Escola Pau Vila \u00e9s una escola d\u2019una l\u00ednia, encara que actualment tenim dues aules de 2n, 3r i 4t de prim\u00e0ria.<br \/>\nL\u2019Escola\u00a0 ofereix els nivells de segon cicle d\u2019Educaci\u00f3 Infantil, de 3 a 6 anys, i Educaci\u00f3\u00a0Prim\u00e0ria, de 6 a 12 anys.<br \/>\nLa metodologia general del centre&hellip;  <a href=\"https:\/\/agora.xtec.cat\/ceip-pauvila-hospitalet\/lescola\/oferta-educativa\/\" title=\"Read Oferta educativa\">Llegeix m\u00e9s\u00bb<\/a><\/p>\n","protected":false},"author":1,"featured_media":0,"parent":22,"menu_order":60,"comment_status":"closed","ping_status":"closed","template":"","meta":{"_bbp_topic_count":0,"_bbp_reply_count":0,"_bbp_total_topic_count":0,"_bbp_total_reply_count":0,"_bbp_voice_count":0,"_bbp_anonymous_reply_count":0,"_bbp_topic_count_hidden":0,"_bbp_reply_count_hidden":0,"_bbp_forum_subforum_count":0,"footnotes":""},"class_list":["post-582","page","type-page","status-publish","hentry"],"post_mailing_queue_ids":[],"_links":{"self":[{"href":"https:\/\/agora.xtec.cat\/ceip-pauvila-hospitalet\/wp-json\/wp\/v2\/pages\/582","targetHints":{"allow":["GET"]}}],"collection":[{"href":"https:\/\/agora.xtec.cat\/ceip-pauvila-hospitalet\/wp-json\/wp\/v2\/pages"}],"about":[{"href":"https:\/\/agora.xtec.cat\/ceip-pauvila-hospitalet\/wp-json\/wp\/v2\/types\/page"}],"author":[{"embeddable":true,"href":"https:\/\/agora.xtec.cat\/ceip-pauvila-hospitalet\/wp-json\/wp\/v2\/users\/1"}],"replies":[{"embeddable":true,"href":"https:\/\/agora.xtec.cat\/ceip-pauvila-hospitalet\/wp-json\/wp\/v2\/comments?post=582"}],"version-history":[{"count":5,"href":"https:\/\/agora.xtec.cat\/ceip-pauvila-hospitalet\/wp-json\/wp\/v2\/pages\/582\/revisions"}],"predecessor-version":[{"id":13037,"href":"https:\/\/agora.xtec.cat\/ceip-pauvila-hospitalet\/wp-json\/wp\/v2\/pages\/582\/revisions\/13037"}],"up":[{"embeddable":true,"href":"https:\/\/agora.xtec.cat\/ceip-pauvila-hospitalet\/wp-json\/wp\/v2\/pages\/22"}],"wp:attachment":[{"href":"https:\/\/agora.xtec.cat\/ceip-pauvila-hospitalet\/wp-json\/wp\/v2\/media?parent=582"}],"curies":[{"name":"wp","href":"https:\/\/api.w.org\/{rel}","templated":true}]}}