{"id":26,"date":"2014-09-18T12:24:32","date_gmt":"2014-09-18T11:24:32","guid":{"rendered":"http:\/\/agora.xtec.cat\/ceip-pauromeva\/?page_id=26"},"modified":"2023-07-12T13:26:31","modified_gmt":"2023-07-12T11:26:31","slug":"historia","status":"publish","type":"page","link":"https:\/\/agora.xtec.cat\/ceip-pauromeva\/lescola\/historia\/","title":{"rendered":"Hist\u00f2ria"},"content":{"rendered":"<p align=\"justify\"><img decoding=\"async\" class=\"alignleft\" src=\"http:\/\/www.xtec.cat\/ceip-pauromeva\/escola\/taula.jpg\" \/><strong>QUI SOM?<\/strong><\/p>\n<p align=\"justify\"><strong>L\u2019Escola Pau Romeva som un centre p\u00fablic d\u2019Educaci\u00f3 Infantil i Prim\u00e0ria que dep\u00e8n del Departament d&#8217;Educaci\u00f3 de la Generalitat de Catalunya. Som l&#8217;escola p\u00fablica del barri de Sant Ramon del Districte de Les Corts.<\/strong><\/p>\n<p align=\"justify\"><strong>Ens definim com una comunitat educativa formada per\u00a0 un\u00a0 equip de professionals (mestres tutors, mestres especialistes, equip directiu, psicopedagoga, conserge,\u00a0 auxiliar d\u2019educaci\u00f3 especial i d\u2019educaci\u00f3 infantil, administrativa, monitors, cuineres, feineres&#8230;), pels nostres alumnes i llurs mares i pares. <\/strong><strong>L\u2019escola t\u00e9 la llengua catalana com a llengua vehicular i d\u2019ensenyament-aprenentatge. L\u2019ensenyament de la llengua anglesa s\u2019inicia a I3.<\/strong><\/p>\n<p align=\"justify\"><strong>QUIN \u00c9S EL NOSTRE OBJECTIU?<\/strong><\/p>\n<p class=\"Estilo6\" align=\"justify\"><strong>Ajudar en el desenvolupament integral dels nens i nenes, no nom\u00e9s amb objectius educatius que fan refer\u00e8ncia als coneixements, sin\u00f3 tamb\u00e9 atenent el seu desenvolupament psicomotor, l\u2019equilibri personal, les relacions interpersonals i la integraci\u00f3 social.<\/strong><\/p>\n<p class=\"Estilo6\" align=\"justify\"><strong>Busquem que l\u2019alumne\/a rebi una educaci\u00f3 activa basada en el di\u00e0leg i l\u2019experi\u00e8ncia, on l\u2019aprenentatge sigui significatiu i permeti el seu desenvolupament com a persona lliure i independent.<\/strong><\/p>\n<p align=\"justify\"><strong>COM HO FEM?<\/strong><img decoding=\"async\" class=\"alignright\" src=\"http:\/\/www.xtec.cat\/ceip-pauromeva\/escola\/mestra.jpg\" \/><\/p>\n<ul>\n<li class=\"Estilo6\">\n<div align=\"justify\"><strong><span class=\"Estilo6\">Respectant les difer\u00e8ncies individuals dels infants, les diferents capacitats i ritmes d\u2019aprenentatge de l\u2019alumnat. Oferint una atenci\u00f3 personalitzada que canalitzem a trav\u00e9s de diferents estrat\u00e8gies d\u2019atenci\u00f3 a la diversitat.<\/span><\/strong><\/div>\n<\/li>\n<li class=\"Estilo6\">\n<div align=\"justify\"><strong><span class=\"Estilo6\">Alternant el treball individual amb l\u2019aprenentatge compartit com a factor de socialitzaci\u00f3 i de col\u00b7laboraci\u00f3 amb els altres.<\/span><\/strong><\/div>\n<\/li>\n<li class=\"Estilo6\">\n<div align=\"justify\"><strong><span class=\"Estilo6\">Relacionant els aprenentatges amb la vida quotidiana.<\/span><\/strong><\/div>\n<\/li>\n<li class=\"Estilo6\">\n<div align=\"justify\"><strong><span class=\"Estilo6\">Potenciant la responsabilitat, la reflexi\u00f3, la motivaci\u00f3 per a la recerca, la curiositat i el plaer per aprendre.<\/span><\/strong><\/div>\n<\/li>\n<li class=\"Estilo6\">\n<div align=\"justify\"><strong><span class=\"Estilo6\">Estimulant la sensibilitat art\u00edstica en els vessants musical, pl\u00e0stic, literari i visual.<\/span><\/strong><\/div>\n<\/li>\n<li class=\"Estilo6\">\n<div align=\"justify\"><strong><span class=\"Estilo6\">Oferint varietat de materials i experi\u00e8ncies.<\/span><\/strong><\/div>\n<\/li>\n<li class=\"Estilo6\">\n<div align=\"justify\"><strong><span class=\"Estilo6\">Essent rigorosos amb els plantejaments educatius.<\/span><\/strong><\/div>\n<\/li>\n<li class=\"Estilo6\">\n<div align=\"justify\"><strong><span class=\"Estilo6\">Potenciant els projectes globalitzadors de l\u2019escola.<\/span><\/strong><\/div>\n<\/li>\n<li class=\"Estilo6\">\n<div align=\"justify\"><strong><span class=\"Estilo6\">Donant continu\u00eftat als aprenentatges.<\/span><\/strong><\/div>\n<\/li>\n<li class=\"Estilo6\">\n<div align=\"justify\"><strong><span class=\"Estilo6\">Fomentant valors i actituds basades en el respecte, la conviv\u00e8ncia, l\u2019esfor\u00e7, la responsabilitat i la solidaritat.<\/span><\/strong><\/div>\n<\/li>\n<li class=\"Estilo6\">\n<div align=\"justify\"><strong><span class=\"Estilo6\">Col\u00b7laborant m\u00fatuament (equip de mestres i fam\u00edlies) en el di\u00e0leg i la confian\u00e7a m\u00fatua.<\/span><\/strong><\/div>\n<\/li>\n<li class=\"Estilo6\">\n<div align=\"justify\"><strong><span class=\"Estilo6\">Desenvolupant diferents Projectes d\u2019innovaci\u00f3 educativa amb l\u2019objectiu de millorar la qualitat d\u2019ensenyament que oferim (Pla Experimental de Lleng\u00fces Estrangeres;\u00a0 Biblioteca-Mediateca Escolar; Aula TIC de Ci\u00e8ncies; Programa Red.es: Internet a l\u2019aula;&#8230;)<\/span><\/strong><\/div>\n<\/li>\n<li class=\"Estilo6\">\n<div align=\"justify\"><strong><span class=\"Estilo6\">Col\u00b7laborant amb les Universitats en la formaci\u00f3 de futurs mestres.<\/span><\/strong><\/div>\n<\/li>\n<li class=\"Estilo6\">\n<div align=\"justify\"><strong><span class=\"Estilo6\">Obrint l&#8217;escola a totes aquelles persones (pares i mares, professionals de diferents \u00e0mbits), de les quals podem aprendre moltes coses.<\/span><\/strong><\/div>\n<\/li>\n<\/ul>\n<p><strong>HORARI<\/strong><\/p>\n<p><strong><img decoding=\"async\" class=\"alignright\" src=\"http:\/\/www.xtec.cat\/ceip-pauromeva\/escola\/objectius_clip_image001.gif\" \/><\/strong><\/p>\n<p><strong>Matins de 9 a 12:30 i tardes de 14:30 a 16:00.<\/strong><\/p>\n<p><strong>Servei d\u2019acollida de 8 a 9 i de 16:00 a 18.<\/strong><\/p>\n<ul>\n<li class=\"Estilo6\"><strong>Activitats extraescolars di\u00e0ries a partir de les 16:00.<\/strong><\/li>\n<\/ul>\n<p align=\"justify\">\n","protected":false},"excerpt":{"rendered":"<p>QUI SOM?<br \/>\nL\u2019Escola Pau Romeva som un centre p\u00fablic d\u2019Educaci\u00f3 Infantil i Prim\u00e0ria que dep\u00e8n del Departament d&#8217;Educaci\u00f3 de la Generalitat de Catalunya. Som l&#8217;escola p\u00fablica del barri de Sant Ramon del Districte de Les Corts.<br \/>\nEns definim com una comunitat educativa formada per\u00a0 un\u00a0 equip de&hellip;  <a href=\"https:\/\/agora.xtec.cat\/ceip-pauromeva\/lescola\/historia\/\" title=\"Read Hist\u00f2ria\">Llegeix m\u00e9s\u00bb<\/a><\/p>\n","protected":false},"author":1,"featured_media":0,"parent":22,"menu_order":20,"comment_status":"closed","ping_status":"closed","template":"page-templates\/side-menu.php","meta":{"_bbp_topic_count":0,"_bbp_reply_count":0,"_bbp_total_topic_count":0,"_bbp_total_reply_count":0,"_bbp_voice_count":0,"_bbp_anonymous_reply_count":0,"_bbp_topic_count_hidden":0,"_bbp_reply_count_hidden":0,"_bbp_forum_subforum_count":0,"footnotes":""},"class_list":["post-26","page","type-page","status-publish","hentry"],"post_mailing_queue_ids":[],"_links":{"self":[{"href":"https:\/\/agora.xtec.cat\/ceip-pauromeva\/wp-json\/wp\/v2\/pages\/26","targetHints":{"allow":["GET"]}}],"collection":[{"href":"https:\/\/agora.xtec.cat\/ceip-pauromeva\/wp-json\/wp\/v2\/pages"}],"about":[{"href":"https:\/\/agora.xtec.cat\/ceip-pauromeva\/wp-json\/wp\/v2\/types\/page"}],"author":[{"embeddable":true,"href":"https:\/\/agora.xtec.cat\/ceip-pauromeva\/wp-json\/wp\/v2\/users\/1"}],"replies":[{"embeddable":true,"href":"https:\/\/agora.xtec.cat\/ceip-pauromeva\/wp-json\/wp\/v2\/comments?post=26"}],"version-history":[{"count":4,"href":"https:\/\/agora.xtec.cat\/ceip-pauromeva\/wp-json\/wp\/v2\/pages\/26\/revisions"}],"predecessor-version":[{"id":1414,"href":"https:\/\/agora.xtec.cat\/ceip-pauromeva\/wp-json\/wp\/v2\/pages\/26\/revisions\/1414"}],"up":[{"embeddable":true,"href":"https:\/\/agora.xtec.cat\/ceip-pauromeva\/wp-json\/wp\/v2\/pages\/22"}],"wp:attachment":[{"href":"https:\/\/agora.xtec.cat\/ceip-pauromeva\/wp-json\/wp\/v2\/media?parent=26"}],"curies":[{"name":"wp","href":"https:\/\/api.w.org\/{rel}","templated":true}]}}