{"id":1038,"date":"2022-05-06T13:22:18","date_gmt":"2022-05-06T11:22:18","guid":{"rendered":"https:\/\/agora.xtec.cat\/ceip-pauromeva\/?page_id=1038"},"modified":"2023-06-12T13:25:34","modified_gmt":"2023-06-12T11:25:34","slug":"objectius","status":"publish","type":"page","link":"https:\/\/agora.xtec.cat\/ceip-pauromeva\/projecte-educatiu\/pla-destrategia-digital\/part-estrategica\/objectius\/","title":{"rendered":"Objectius provisionals"},"content":{"rendered":"<p><span style=\"font-family: inherit; font-size: 1em;\">Per poder definir els objectius del nostre EDC hem fet una diagnosi del nostre centre que ens ha perm\u00e8s adonar-nos de les nostres fortaleses i debilitats. A partir d&#8217;aquesta an\u00e0lisi i del nostre antic pla TAC, la comissi\u00f3 d&#8217;estrat\u00e8gia digital ha formulat els objectius que pensem que ha d&#8217;incloure el nostre pla.\u00a0<\/span><\/p>\n<p><a href=\"https:\/\/agora.xtec.cat\/ceip-pauromeva\/wp-content\/uploads\/usu2182\/2023\/06\/Fondo-de-pantalla-organizacion.png\"><img loading=\"lazy\" decoding=\"async\" class=\"aligncenter size-full wp-image-1391\" src=\"https:\/\/agora.xtec.cat\/ceip-pauromeva\/wp-content\/uploads\/usu2182\/2023\/06\/Fondo-de-pantalla-organizacion.png\" alt=\"\" width=\"1920\" height=\"1080\" srcset=\"https:\/\/agora.xtec.cat\/ceip-pauromeva\/wp-content\/uploads\/usu2182\/2023\/06\/Fondo-de-pantalla-organizacion.png 1920w, https:\/\/agora.xtec.cat\/ceip-pauromeva\/wp-content\/uploads\/usu2182\/2023\/06\/Fondo-de-pantalla-organizacion-300x169.png 300w, https:\/\/agora.xtec.cat\/ceip-pauromeva\/wp-content\/uploads\/usu2182\/2023\/06\/Fondo-de-pantalla-organizacion-1024x576.png 1024w, https:\/\/agora.xtec.cat\/ceip-pauromeva\/wp-content\/uploads\/usu2182\/2023\/06\/Fondo-de-pantalla-organizacion-768x432.png 768w, https:\/\/agora.xtec.cat\/ceip-pauromeva\/wp-content\/uploads\/usu2182\/2023\/06\/Fondo-de-pantalla-organizacion-1536x864.png 1536w\" sizes=\"auto, (max-width: 1920px) 100vw, 1920px\" \/><\/a><\/p>\n","protected":false},"excerpt":{"rendered":"<p>Per poder definir els objectius del nostre EDC hem fet una diagnosi del nostre centre que ens ha perm\u00e8s adonar-nos de les nostres fortaleses i debilitats. A partir d&#8217;aquesta an\u00e0lisi i del nostre antic pla TAC, la comissi\u00f3 d&#8217;estrat\u00e8gia digital ha formulat els objectius que&hellip;  <a href=\"https:\/\/agora.xtec.cat\/ceip-pauromeva\/projecte-educatiu\/pla-destrategia-digital\/part-estrategica\/objectius\/\" title=\"Read Objectius provisionals\">Llegeix m\u00e9s\u00bb<\/a><\/p>\n","protected":false},"author":1,"featured_media":0,"parent":1028,"menu_order":0,"comment_status":"closed","ping_status":"closed","template":"","meta":{"_bbp_topic_count":0,"_bbp_reply_count":0,"_bbp_total_topic_count":0,"_bbp_total_reply_count":0,"_bbp_voice_count":0,"_bbp_anonymous_reply_count":0,"_bbp_topic_count_hidden":0,"_bbp_reply_count_hidden":0,"_bbp_forum_subforum_count":0,"footnotes":""},"class_list":["post-1038","page","type-page","status-publish","hentry"],"post_mailing_queue_ids":[],"_links":{"self":[{"href":"https:\/\/agora.xtec.cat\/ceip-pauromeva\/wp-json\/wp\/v2\/pages\/1038","targetHints":{"allow":["GET"]}}],"collection":[{"href":"https:\/\/agora.xtec.cat\/ceip-pauromeva\/wp-json\/wp\/v2\/pages"}],"about":[{"href":"https:\/\/agora.xtec.cat\/ceip-pauromeva\/wp-json\/wp\/v2\/types\/page"}],"author":[{"embeddable":true,"href":"https:\/\/agora.xtec.cat\/ceip-pauromeva\/wp-json\/wp\/v2\/users\/1"}],"replies":[{"embeddable":true,"href":"https:\/\/agora.xtec.cat\/ceip-pauromeva\/wp-json\/wp\/v2\/comments?post=1038"}],"version-history":[{"count":4,"href":"https:\/\/agora.xtec.cat\/ceip-pauromeva\/wp-json\/wp\/v2\/pages\/1038\/revisions"}],"predecessor-version":[{"id":1107,"href":"https:\/\/agora.xtec.cat\/ceip-pauromeva\/wp-json\/wp\/v2\/pages\/1038\/revisions\/1107"}],"up":[{"embeddable":true,"href":"https:\/\/agora.xtec.cat\/ceip-pauromeva\/wp-json\/wp\/v2\/pages\/1028"}],"wp:attachment":[{"href":"https:\/\/agora.xtec.cat\/ceip-pauromeva\/wp-json\/wp\/v2\/media?parent=1038"}],"curies":[{"name":"wp","href":"https:\/\/api.w.org\/{rel}","templated":true}]}}