{"id":287,"date":"2015-12-02T12:03:44","date_gmt":"2015-12-02T11:03:44","guid":{"rendered":"http:\/\/agora.xtec.cat\/ceip-paucasals-viladecans\/?page_id=287"},"modified":"2020-03-24T23:07:54","modified_gmt":"2020-03-24T22:07:54","slug":"activitats-extraescolars-2","status":"publish","type":"page","link":"https:\/\/agora.xtec.cat\/ceip-paucasals-viladecans\/activitats-extraescolars-2\/","title":{"rendered":"Comit\u00e8 mediambiental"},"content":{"rendered":"<p>Hola a tothom,<\/p>\n<p>Des de fa molts anys, a la nostra escola fem Assemblees al nostre Comit\u00e8 mediambiental.\u00a0 Aquest comit\u00e8 est\u00e0 format per alumnes representants de l&#8217;escola des de P4 fins a 6\u00e8, una persona referent de l&#8217;ajuntament, el nostre conserge, l&#8217;equip de coordinaci\u00f3 de cicle de l&#8217;escola i l&#8217;equip directiu.\u00a0 Les reunions s\u00f3n peri\u00f2diques, unes 3 \u00f3 4 al llarg del curs.\u00a0 L&#8217;any passat per consens ens vam dedicar a treballar la problem\u00e0tica dels pl\u00e0stics al mar, l&#8217;any anterior vam fer tot un projecte que va guanyar un PREMI al Certamen internacional &#8220;CIENCIA EN ACCI\u00d3N&#8221;, el projecte premiat va ser &#8220;L&#8217;orella d&#8217;en Pau Casals&#8221;, per reduir la CONTAMINACI\u00d3 AC\u00daSTICA.<\/p>\n<p>Aquest curs a la primera reuni\u00f3 del Comit\u00e8 mediambiental els nens i les nenes van decidir que la tem\u00e0tica seria el CANVI CLIM\u00c0TIC&#8230; i els animals en perill d&#8217;extinci\u00f3.\u00a0 Ja estan treballant-hi !<\/p>\n<p>Al men\u00fa a sota us deixarem m\u00e9s informaci\u00f3 dels nostres projectes mediambientals &#8230; Des de la recollida d&#8217;oli usat setmanal, el projecte APILO&#8230; I tot el que podem per millorar la vida del nostre estimat planeta.\u00a0 Us deixem l&#8217;acta del comit\u00e8 mediambiental de febrer d&#8217;aquest curs perqu\u00e8 veieu les exposicions dels\/de les alumnes.<\/p>\n<p>See you soon with new news !!<\/p>\n<p>&nbsp;<\/p>\n<h3 style=\"text-align: center;\"><a href=\"https:\/\/agora.xtec.cat\/ceip-paucasals-viladecans\/wp-content\/uploads\/usu650\/2020\/03\/Acta-2-Comit\u00e8-Mediambiental.pdf\"><span style=\"color: #00ff00;\">Acta 2 Comit\u00e8 Mediambiental &#8211; febrer 2020<\/span><\/a><\/h3>\n<p>&nbsp;<\/p>\n","protected":false},"excerpt":{"rendered":"<p>Hola a tothom,<br \/>\nDes de fa molts anys, a la nostra escola fem Assemblees al nostre Comit\u00e8 mediambiental.\u00a0 Aquest comit\u00e8 est\u00e0 format per alumnes representants de l&#8217;escola des de P4 fins a 6\u00e8, una persona referent de l&#8217;ajuntament, el nostre conserge, l&#8217;equip de coordinaci\u00f3 de cicle&hellip;  <a href=\"https:\/\/agora.xtec.cat\/ceip-paucasals-viladecans\/activitats-extraescolars-2\/\" title=\"Read Comit\u00e8 mediambiental\">Llegeix m\u00e9s\u00bb<\/a><\/p>\n","protected":false},"author":1,"featured_media":0,"parent":0,"menu_order":0,"comment_status":"closed","ping_status":"closed","template":"","meta":{"_bbp_topic_count":0,"_bbp_reply_count":0,"_bbp_total_topic_count":0,"_bbp_total_reply_count":0,"_bbp_voice_count":0,"_bbp_anonymous_reply_count":0,"_bbp_topic_count_hidden":0,"_bbp_reply_count_hidden":0,"_bbp_forum_subforum_count":0,"footnotes":""},"class_list":["post-287","page","type-page","status-publish","hentry"],"post_mailing_queue_ids":[],"_links":{"self":[{"href":"https:\/\/agora.xtec.cat\/ceip-paucasals-viladecans\/wp-json\/wp\/v2\/pages\/287","targetHints":{"allow":["GET"]}}],"collection":[{"href":"https:\/\/agora.xtec.cat\/ceip-paucasals-viladecans\/wp-json\/wp\/v2\/pages"}],"about":[{"href":"https:\/\/agora.xtec.cat\/ceip-paucasals-viladecans\/wp-json\/wp\/v2\/types\/page"}],"author":[{"embeddable":true,"href":"https:\/\/agora.xtec.cat\/ceip-paucasals-viladecans\/wp-json\/wp\/v2\/users\/1"}],"replies":[{"embeddable":true,"href":"https:\/\/agora.xtec.cat\/ceip-paucasals-viladecans\/wp-json\/wp\/v2\/comments?post=287"}],"version-history":[{"count":4,"href":"https:\/\/agora.xtec.cat\/ceip-paucasals-viladecans\/wp-json\/wp\/v2\/pages\/287\/revisions"}],"predecessor-version":[{"id":1753,"href":"https:\/\/agora.xtec.cat\/ceip-paucasals-viladecans\/wp-json\/wp\/v2\/pages\/287\/revisions\/1753"}],"wp:attachment":[{"href":"https:\/\/agora.xtec.cat\/ceip-paucasals-viladecans\/wp-json\/wp\/v2\/media?parent=287"}],"curies":[{"name":"wp","href":"https:\/\/api.w.org\/{rel}","templated":true}]}}