{"id":273,"date":"2015-12-01T10:52:37","date_gmt":"2015-12-01T09:52:37","guid":{"rendered":"http:\/\/agora.xtec.cat\/ceip-paucasals-viladecans\/?page_id=273"},"modified":"2020-01-30T16:28:18","modified_gmt":"2020-01-30T15:28:18","slug":"concert-de-nadal","status":"publish","type":"page","link":"https:\/\/agora.xtec.cat\/ceip-paucasals-viladecans\/pagines-dinici\/concert-de-nadal\/","title":{"rendered":"PEC i Projecte ling\u00fc\u00edstic"},"content":{"rendered":"<p>A continuaci\u00f3 us deixem l&#8217;enlla\u00e7 del nostre PEC i del Projecte Ling\u00fc\u00edstic.\u00a0 Encara s&#8217;est\u00e0 actualitzant, manca afegir els darrers canvis metodol\u00f2gics i d&#8217;organitzaci\u00f3 que s&#8217;estan aplicant aquest curs 2018-2019 i que est\u00e0 en elaboraci\u00f3.\u00a0 Moltes gr\u00e0cies.<\/p>\n<h2 style=\"text-align: center;\"><a href=\"https:\/\/agora.xtec.cat\/ceip-paucasals-viladecans\/wp-content\/uploads\/usu650\/2020\/01\/PEC-Escola-Pau-Casals.pdf\">PEC Escola Pau Casals (en revisi\u00f3)<\/a><\/h2>\n<h1 style=\"text-align: center;\"><span style=\"color: #ff00ff;\"><a style=\"color: #ff00ff;\" href=\"https:\/\/agora.xtec.cat\/ceip-paucasals-viladecans\/wp-content\/uploads\/usu650\/2018\/12\/P.ling\u00fc\u00edstic-escola-Pau-Casals-Viladecans.pdf\"><span style=\"color: #ff00ff;\">P.ling\u00fc\u00edstic escola Pau Casals Viladecans<\/span><\/a><\/span><\/h1>\n","protected":false},"excerpt":{"rendered":"<p>A continuaci\u00f3 us deixem l&#8217;enlla\u00e7 del nostre PEC i del Projecte Ling\u00fc\u00edstic.\u00a0 Encara s&#8217;est\u00e0 actualitzant, manca afegir els darrers canvis metodol\u00f2gics i d&#8217;organitzaci\u00f3 que s&#8217;estan aplicant aquest curs 2018-2019 i que est\u00e0 en elaboraci\u00f3.\u00a0 Moltes gr\u00e0cies.<br \/>\n<a href=\"https:\/\/agora.xtec.cat\/ceip-paucasals-viladecans\/wp-content\/uploads\/usu650\/2020\/01\/PEC-Escola-Pau-Casals.pdf\">PEC Escola Pau Casals (en revisi\u00f3)<\/a><br \/>\n<a style=\"color: #ff00ff;\" href=\"https:\/\/agora.xtec.cat\/ceip-paucasals-viladecans\/wp-content\/uploads\/usu650\/2018\/12\/P.ling\u00fc\u00edstic-escola-Pau-Casals-Viladecans.pdf\">P.ling\u00fc\u00edstic&hellip;  <a href=\"https:\/\/agora.xtec.cat\/ceip-paucasals-viladecans\/pagines-dinici\/concert-de-nadal\/\" title=\"Read PEC i Projecte ling\u00fc\u00edstic\">Llegeix m\u00e9s\u00bb<\/a><\/p>\n","protected":false},"author":1,"featured_media":0,"parent":7,"menu_order":0,"comment_status":"closed","ping_status":"closed","template":"","meta":{"_bbp_topic_count":0,"_bbp_reply_count":0,"_bbp_total_topic_count":0,"_bbp_total_reply_count":0,"_bbp_voice_count":0,"_bbp_anonymous_reply_count":0,"_bbp_topic_count_hidden":0,"_bbp_reply_count_hidden":0,"_bbp_forum_subforum_count":0,"footnotes":""},"class_list":["post-273","page","type-page","status-publish","hentry"],"post_mailing_queue_ids":[],"_links":{"self":[{"href":"https:\/\/agora.xtec.cat\/ceip-paucasals-viladecans\/wp-json\/wp\/v2\/pages\/273","targetHints":{"allow":["GET"]}}],"collection":[{"href":"https:\/\/agora.xtec.cat\/ceip-paucasals-viladecans\/wp-json\/wp\/v2\/pages"}],"about":[{"href":"https:\/\/agora.xtec.cat\/ceip-paucasals-viladecans\/wp-json\/wp\/v2\/types\/page"}],"author":[{"embeddable":true,"href":"https:\/\/agora.xtec.cat\/ceip-paucasals-viladecans\/wp-json\/wp\/v2\/users\/1"}],"replies":[{"embeddable":true,"href":"https:\/\/agora.xtec.cat\/ceip-paucasals-viladecans\/wp-json\/wp\/v2\/comments?post=273"}],"version-history":[{"count":3,"href":"https:\/\/agora.xtec.cat\/ceip-paucasals-viladecans\/wp-json\/wp\/v2\/pages\/273\/revisions"}],"predecessor-version":[{"id":1545,"href":"https:\/\/agora.xtec.cat\/ceip-paucasals-viladecans\/wp-json\/wp\/v2\/pages\/273\/revisions\/1545"}],"up":[{"embeddable":true,"href":"https:\/\/agora.xtec.cat\/ceip-paucasals-viladecans\/wp-json\/wp\/v2\/pages\/7"}],"wp:attachment":[{"href":"https:\/\/agora.xtec.cat\/ceip-paucasals-viladecans\/wp-json\/wp\/v2\/media?parent=273"}],"curies":[{"name":"wp","href":"https:\/\/api.w.org\/{rel}","templated":true}]}}

PEC i Projecte lingüístic

<p>A continuació us deixem l&#8217;enllaç del nostre PEC i del Projecte Lingüístic.  Encara s&#8217;està actualitzant, manca afegir els darrers canvis metodològics i d&#8217;organització que s&#8217;estan aplicant aquest curs 2018-2019 i que està en elaboració.  Moltes gràcies.</p>
<h2 style="text-align: center;"><a href="https://agora.xtec.cat/ceip-paucasals-viladecans/wp-content/uploads/usu650/2020/01/PEC-Escola-Pau-Casals.pdf">PEC Escola Pau Casals (en revisió)</a></h2>
<h1 style="text-align: center;"><span style="color: #ff00ff;"><a style="color: #ff00ff;" href="https://agora.xtec.cat/ceip-paucasals-viladecans/wp-content/uploads/usu650/2018/12/P.lingüístic-escola-Pau-Casals-Viladecans.pdf"><span style="color: #ff00ff;">P.lingüístic escola Pau Casals Viladecans</span></a></span></h1>

<p>A continuació us deixem l&#8217;enllaç del nostre PEC i del Projecte Lingüístic.  Encara s&#8217;està actualitzant, manca afegir els darrers canvis metodològics i d&#8217;organització que s&#8217;estan aplicant aquest curs 2018-2019 i que està en elaboració.  Moltes gràcies.<br />
<a href="https://agora.xtec.cat/ceip-paucasals-viladecans/wp-content/uploads/usu650/2020/01/PEC-Escola-Pau-Casals.pdf">PEC Escola Pau Casals (en revisió)</a><br />
<a style="color: #ff00ff;" href="https://agora.xtec.cat/ceip-paucasals-viladecans/wp-content/uploads/usu650/2018/12/P.lingüístic-escola-Pau-Casals-Viladecans.pdf">P.lingüístic&hellip;  <a href="https://agora.xtec.cat/ceip-paucasals-viladecans/pagines-dinici/concert-de-nadal/" title="Read PEC i Projecte lingüístic">Llegeix més»</a></p>
