{"id":1606,"date":"2020-02-04T16:45:52","date_gmt":"2020-02-04T15:45:52","guid":{"rendered":"http:\/\/agora.xtec.cat\/ceip-paucasals-viladecans\/?page_id=1606"},"modified":"2024-03-15T16:30:10","modified_gmt":"2024-03-15T15:30:10","slug":"smart-classroom-project","status":"publish","type":"page","link":"https:\/\/agora.xtec.cat\/ceip-paucasals-viladecans\/smart-classroom-project\/","title":{"rendered":"Smart Classroom Project"},"content":{"rendered":"<p>L&#8217;ajuntament de Viladecans i la nostra escola en col\u00b7laboraci\u00f3 amb alumnes, fam\u00edlies, professorats i guiats per enginyers especialistes de la UOC (Universitat Oberta de Catalunya) van fer el codisseny de la nostra &#8220;Smart Classroom&#8221;, estem molt il\u00b7lusionats\/des amb el resultat d&#8217;aquest projecte que es ara ocupa l&#8217;espai del nostre Laboratori antic&#8230;<\/p>\n<p>Si cliqueu al logo de sota us enlla\u00e7ar\u00e0 a la web on s&#8217;explica en qu\u00e8 consisteix aquest projecte.\u00a0 Esperem que us agradi !<\/p>\n<h3 style=\"text-align: center;\"><span style=\"color: #99cc00;\"><a style=\"color: #99cc00;\" href=\"https:\/\/agora.xtec.cat\/ceip-paucasals-viladecans\/general\/2a-sessio-smart-classroom-al-pau-casals\/\">2a Sessi\u00f3 Smart Classroom al Pau Casals<\/a><\/span><\/h3>\n<p style=\"text-align: center;\"><a href=\"http:\/\/smartclassroom-project.research.uoc.edu\/ca\/\"><img loading=\"lazy\" decoding=\"async\" class=\"alignnone wp-image-1508 size-full\" src=\"https:\/\/agora.xtec.cat\/ceip-paucasals-viladecans\/wp-content\/uploads\/usu650\/2020\/01\/l-DDhy66_400x400.png\" alt=\"\" width=\"400\" height=\"400\" srcset=\"https:\/\/agora.xtec.cat\/ceip-paucasals-viladecans\/wp-content\/uploads\/usu650\/2020\/01\/l-DDhy66_400x400.png 400w, https:\/\/agora.xtec.cat\/ceip-paucasals-viladecans\/wp-content\/uploads\/usu650\/2020\/01\/l-DDhy66_400x400-150x150.png 150w, https:\/\/agora.xtec.cat\/ceip-paucasals-viladecans\/wp-content\/uploads\/usu650\/2020\/01\/l-DDhy66_400x400-300x300.png 300w\" sizes=\"auto, (max-width: 400px) 100vw, 400px\" \/><\/a><\/p>\n","protected":false},"excerpt":{"rendered":"<p>L&#8217;ajuntament de Viladecans i la nostra escola en col\u00b7laboraci\u00f3 amb alumnes, fam\u00edlies, professorats i guiats per enginyers especialistes de la UOC (Universitat Oberta de Catalunya) van fer el codisseny de la nostra &#8220;Smart Classroom&#8221;, estem molt il\u00b7lusionats\/des amb el resultat d&#8217;aquest projecte que es ara&hellip;  <a href=\"https:\/\/agora.xtec.cat\/ceip-paucasals-viladecans\/smart-classroom-project\/\" title=\"Read Smart Classroom Project\">Llegeix m\u00e9s\u00bb<\/a><\/p>\n","protected":false},"author":1,"featured_media":0,"parent":0,"menu_order":0,"comment_status":"closed","ping_status":"closed","template":"","meta":{"_bbp_topic_count":0,"_bbp_reply_count":0,"_bbp_total_topic_count":0,"_bbp_total_reply_count":0,"_bbp_voice_count":0,"_bbp_anonymous_reply_count":0,"_bbp_topic_count_hidden":0,"_bbp_reply_count_hidden":0,"_bbp_forum_subforum_count":0,"footnotes":""},"class_list":["post-1606","page","type-page","status-publish","hentry"],"post_mailing_queue_ids":[],"_links":{"self":[{"href":"https:\/\/agora.xtec.cat\/ceip-paucasals-viladecans\/wp-json\/wp\/v2\/pages\/1606","targetHints":{"allow":["GET"]}}],"collection":[{"href":"https:\/\/agora.xtec.cat\/ceip-paucasals-viladecans\/wp-json\/wp\/v2\/pages"}],"about":[{"href":"https:\/\/agora.xtec.cat\/ceip-paucasals-viladecans\/wp-json\/wp\/v2\/types\/page"}],"author":[{"embeddable":true,"href":"https:\/\/agora.xtec.cat\/ceip-paucasals-viladecans\/wp-json\/wp\/v2\/users\/1"}],"replies":[{"embeddable":true,"href":"https:\/\/agora.xtec.cat\/ceip-paucasals-viladecans\/wp-json\/wp\/v2\/comments?post=1606"}],"version-history":[{"count":2,"href":"https:\/\/agora.xtec.cat\/ceip-paucasals-viladecans\/wp-json\/wp\/v2\/pages\/1606\/revisions"}],"predecessor-version":[{"id":2762,"href":"https:\/\/agora.xtec.cat\/ceip-paucasals-viladecans\/wp-json\/wp\/v2\/pages\/1606\/revisions\/2762"}],"wp:attachment":[{"href":"https:\/\/agora.xtec.cat\/ceip-paucasals-viladecans\/wp-json\/wp\/v2\/media?parent=1606"}],"curies":[{"name":"wp","href":"https:\/\/api.w.org\/{rel}","templated":true}]}}