{"id":1581,"date":"2020-02-04T11:12:08","date_gmt":"2020-02-04T10:12:08","guid":{"rendered":"http:\/\/agora.xtec.cat\/ceip-paucasals-viladecans\/?page_id=1581"},"modified":"2020-02-04T11:39:37","modified_gmt":"2020-02-04T10:39:37","slug":"intelligencies-multiples","status":"publish","type":"page","link":"https:\/\/agora.xtec.cat\/ceip-paucasals-viladecans\/intelligencies-multiples\/","title":{"rendered":"Intel\u00b7lig\u00e8ncies M\u00faltiples"},"content":{"rendered":"<p>Cada infant \u00e9s \u00fanic i irrepetible, fruit de les formacions diverses en Neuroci\u00e8ncia i d&#8217;entendre la manera com apr\u00e8n cada nen i cada nena, volem oferir tots el ventall necessari de recursos, activitats, modalitats per guiar en el proc\u00e9s d&#8217;aprenentatge i que sigui cada vegada m\u00e9s efectiu.\u00a0 La nostra comissi\u00f3 d&#8217;Intel\u00b7lig\u00e8ncies M\u00faltiples i atenci\u00f3 a la diversitat, treballa en els models de detecci\u00f3 preco\u00e7 del tipus predominant d&#8217;intel\u00b7lig\u00e8ncia i en l&#8217;elaboraci\u00f3 del projecte definitiu.<\/p>\n<h3 style=\"text-align: center;\"><span style=\"color: #cc99ff;\"><a style=\"color: #cc99ff;\" href=\"https:\/\/agora.xtec.cat\/ceip-paucasals-viladecans\/wp-content\/uploads\/usu650\/2020\/02\/1.-Introducci\u00f3.pdf\">1. Introducci\u00f3<\/a> <\/span><\/h3>\n<h3 style=\"text-align: center;\"><span style=\"color: #ff00ff;\"><a style=\"color: #ff00ff;\" href=\"https:\/\/agora.xtec.cat\/ceip-paucasals-viladecans\/wp-content\/uploads\/usu650\/2020\/02\/2-3.-Desenv-i-funcions.pdf\">2-3. Desenv i funcions<\/a> <\/span><\/h3>\n<h3 style=\"text-align: center;\"><span style=\"color: #666699;\"><a style=\"color: #666699;\" href=\"https:\/\/agora.xtec.cat\/ceip-paucasals-viladecans\/wp-content\/uploads\/usu650\/2020\/02\/4.-Pr\u00e0ctiques-neuroeducatives-Pau-Casals.pdf\">4. Pr\u00e0ctiques neuroeducatives &#8211; Pau Casals<\/a> <\/span><\/h3>\n<h3 style=\"text-align: center;\"><span style=\"color: #ff99cc;\"><a style=\"color: #ff99cc;\" href=\"https:\/\/agora.xtec.cat\/ceip-paucasals-viladecans\/wp-content\/uploads\/usu650\/2020\/02\/5.-IIMM.pdf\">5. IIMM<\/a><\/span><\/h3>\n","protected":false},"excerpt":{"rendered":"<p>Cada infant \u00e9s \u00fanic i irrepetible, fruit de les formacions diverses en Neuroci\u00e8ncia i d&#8217;entendre la manera com apr\u00e8n cada nen i cada nena, volem oferir tots el ventall necessari de recursos, activitats, modalitats per guiar en el proc\u00e9s d&#8217;aprenentatge i que sigui cada vegada&hellip;  <a href=\"https:\/\/agora.xtec.cat\/ceip-paucasals-viladecans\/intelligencies-multiples\/\" title=\"Read Intel\u00b7lig\u00e8ncies M\u00faltiples\">Llegeix m\u00e9s\u00bb<\/a><\/p>\n","protected":false},"author":1,"featured_media":0,"parent":0,"menu_order":0,"comment_status":"closed","ping_status":"closed","template":"","meta":{"_bbp_topic_count":0,"_bbp_reply_count":0,"_bbp_total_topic_count":0,"_bbp_total_reply_count":0,"_bbp_voice_count":0,"_bbp_anonymous_reply_count":0,"_bbp_topic_count_hidden":0,"_bbp_reply_count_hidden":0,"_bbp_forum_subforum_count":0,"footnotes":""},"class_list":["post-1581","page","type-page","status-publish","hentry"],"post_mailing_queue_ids":[],"_links":{"self":[{"href":"https:\/\/agora.xtec.cat\/ceip-paucasals-viladecans\/wp-json\/wp\/v2\/pages\/1581","targetHints":{"allow":["GET"]}}],"collection":[{"href":"https:\/\/agora.xtec.cat\/ceip-paucasals-viladecans\/wp-json\/wp\/v2\/pages"}],"about":[{"href":"https:\/\/agora.xtec.cat\/ceip-paucasals-viladecans\/wp-json\/wp\/v2\/types\/page"}],"author":[{"embeddable":true,"href":"https:\/\/agora.xtec.cat\/ceip-paucasals-viladecans\/wp-json\/wp\/v2\/users\/1"}],"replies":[{"embeddable":true,"href":"https:\/\/agora.xtec.cat\/ceip-paucasals-viladecans\/wp-json\/wp\/v2\/comments?post=1581"}],"version-history":[{"count":3,"href":"https:\/\/agora.xtec.cat\/ceip-paucasals-viladecans\/wp-json\/wp\/v2\/pages\/1581\/revisions"}],"predecessor-version":[{"id":1588,"href":"https:\/\/agora.xtec.cat\/ceip-paucasals-viladecans\/wp-json\/wp\/v2\/pages\/1581\/revisions\/1588"}],"wp:attachment":[{"href":"https:\/\/agora.xtec.cat\/ceip-paucasals-viladecans\/wp-json\/wp\/v2\/media?parent=1581"}],"curies":[{"name":"wp","href":"https:\/\/api.w.org\/{rel}","templated":true}]}}