{"id":1572,"date":"2020-02-04T10:40:39","date_gmt":"2020-02-04T09:40:39","guid":{"rendered":"http:\/\/agora.xtec.cat\/ceip-paucasals-viladecans\/?page_id=1572"},"modified":"2020-02-04T10:46:59","modified_gmt":"2020-02-04T09:46:59","slug":"els-nostres-projectes","status":"publish","type":"page","link":"https:\/\/agora.xtec.cat\/ceip-paucasals-viladecans\/els-nostres-projectes\/","title":{"rendered":"ELS NOSTRES PROJECTES"},"content":{"rendered":"<p>A l&#8217;escola Pau Casals som &#8220;hiperactius&#8221;, som apassionats de l&#8217;educaci\u00f3 i no parem d&#8217;innovar i pensar qu\u00e8 \u00e9s millor per als nostres estimats i les nostres estimades&#8230; Al men\u00fa seg\u00fcent trobareu tot un seguit de projectes en paral\u00b7lel que portem a terme de manera transversal a l&#8217;escola:<\/p>\n<ul>\n<li>Educaci\u00f3 Emocional<\/li>\n<li>Intel\u00b7lig\u00e8ncies M\u00faltiples<\/li>\n<li>Pla TAC<\/li>\n<li>Innovaci\u00f3 CUEME: Emprenedoria<\/li>\n<li>POEFA: Projecte per a l&#8217;\u00e8xit educatiu de l&#8217;alumnat &#8211; &#8220;Els escacs i la rob\u00f2tica pel desenvolupament del raonament matem\u00e0tic&#8221;<\/li>\n<li>Smart Classroom Project &#8211; Ajuntament i UOC<\/li>\n<li>M\u00e8tode Artigal &#8211; English P4 to 2nd<\/li>\n<li>Pluriling\u00fc\u00edsme &#8211; Tallers de ci\u00e8ncia en angl\u00e8s, Educaci\u00f3 F\u00edsica i Arts pl\u00e0stiques<\/li>\n<li>La lectura al Pau Casals: Lliga de llibres, Apadrinaments lectors, Llegim al pati<\/li>\n<li>La m\u00fasica al Pau Casals: Cant\u00e0nia, Cantem junts, Conjunt instrumental, Concert d&#8217;hivern, Danses de primavera<\/li>\n<li>L&#8217;esport al Pau Casals: Any ol\u00edmpic,<\/li>\n<li>Projecte de Pati de fam\u00edlies i escola<\/li>\n<\/ul>\n","protected":false},"excerpt":{"rendered":"<p>A l&#8217;escola Pau Casals som &#8220;hiperactius&#8221;, som apassionats de l&#8217;educaci\u00f3 i no parem d&#8217;innovar i pensar qu\u00e8 \u00e9s millor per als nostres estimats i les nostres estimades&#8230; Al men\u00fa seg\u00fcent trobareu tot un seguit de projectes en paral\u00b7lel que portem a terme de manera transversal&hellip;  <a href=\"https:\/\/agora.xtec.cat\/ceip-paucasals-viladecans\/els-nostres-projectes\/\" title=\"Read ELS NOSTRES PROJECTES\">Llegeix m\u00e9s\u00bb<\/a><\/p>\n","protected":false},"author":1,"featured_media":0,"parent":0,"menu_order":0,"comment_status":"closed","ping_status":"closed","template":"","meta":{"_bbp_topic_count":0,"_bbp_reply_count":0,"_bbp_total_topic_count":0,"_bbp_total_reply_count":0,"_bbp_voice_count":0,"_bbp_anonymous_reply_count":0,"_bbp_topic_count_hidden":0,"_bbp_reply_count_hidden":0,"_bbp_forum_subforum_count":0,"footnotes":""},"class_list":["post-1572","page","type-page","status-publish","hentry"],"post_mailing_queue_ids":[],"_links":{"self":[{"href":"https:\/\/agora.xtec.cat\/ceip-paucasals-viladecans\/wp-json\/wp\/v2\/pages\/1572","targetHints":{"allow":["GET"]}}],"collection":[{"href":"https:\/\/agora.xtec.cat\/ceip-paucasals-viladecans\/wp-json\/wp\/v2\/pages"}],"about":[{"href":"https:\/\/agora.xtec.cat\/ceip-paucasals-viladecans\/wp-json\/wp\/v2\/types\/page"}],"author":[{"embeddable":true,"href":"https:\/\/agora.xtec.cat\/ceip-paucasals-viladecans\/wp-json\/wp\/v2\/users\/1"}],"replies":[{"embeddable":true,"href":"https:\/\/agora.xtec.cat\/ceip-paucasals-viladecans\/wp-json\/wp\/v2\/comments?post=1572"}],"version-history":[{"count":3,"href":"https:\/\/agora.xtec.cat\/ceip-paucasals-viladecans\/wp-json\/wp\/v2\/pages\/1572\/revisions"}],"predecessor-version":[{"id":1575,"href":"https:\/\/agora.xtec.cat\/ceip-paucasals-viladecans\/wp-json\/wp\/v2\/pages\/1572\/revisions\/1575"}],"wp:attachment":[{"href":"https:\/\/agora.xtec.cat\/ceip-paucasals-viladecans\/wp-json\/wp\/v2\/media?parent=1572"}],"curies":[{"name":"wp","href":"https:\/\/api.w.org\/{rel}","templated":true}]}}