{"id":84,"date":"2014-09-18T14:11:31","date_gmt":"2014-09-18T14:11:31","guid":{"rendered":"http:\/\/agora.xtec.cat\/ceip-paucasals-sjdespi\/?page_id=84"},"modified":"2025-01-26T14:40:23","modified_gmt":"2025-01-26T13:40:23","slug":"activitats-extraescolars","status":"publish","type":"page","link":"https:\/\/agora.xtec.cat\/ceip-paucasals-sjdespi\/serveis\/activitats-extraescolars\/","title":{"rendered":"Activitats extraescolars"},"content":{"rendered":"<p class=\"entry-title\">Aquest curs 2021-2022 es realitzen les seg\u00fcents activitats extraescolars:<\/p>\n<p>En els seg\u00fcents enlla\u00e7os trobareu tota la informaci\u00f3 de l&#8217;activitat de piscina:<\/p>\n<ul>\n<li><a href=\"https:\/\/drive.google.com\/file\/d\/1iH38O9T9qEVgyd4KKAAGHsUV7WFg91zB\/view?usp=sharing\" target=\"_blank\" rel=\"noopener\">CALENDARI<\/a><\/li>\n<li><a href=\"https:\/\/drive.google.com\/file\/d\/1kViABOBAvDYKTb446ZzuD-uj5BwgncFj\/view?usp=sharing\" target=\"_blank\" rel=\"noopener\">NORMATIVA<\/a><\/li>\n<\/ul>\n<p><a href=\"https:\/\/agora.xtec.cat\/ceip-paucasals-sjdespi\/wp-content\/uploads\/usu477\/2021\/10\/Imagen1.jpg\"><img loading=\"lazy\" decoding=\"async\" class=\" wp-image-11054 alignleft\" src=\"https:\/\/agora.xtec.cat\/ceip-paucasals-sjdespi\/wp-content\/uploads\/usu477\/2021\/10\/Imagen1-280x300.jpg\" alt=\"\" width=\"500\" height=\"535\" srcset=\"https:\/\/agora.xtec.cat\/ceip-paucasals-sjdespi\/wp-content\/uploads\/usu477\/2021\/10\/Imagen1-280x300.jpg 280w, https:\/\/agora.xtec.cat\/ceip-paucasals-sjdespi\/wp-content\/uploads\/usu477\/2021\/10\/Imagen1.jpg 768w\" sizes=\"auto, (max-width: 500px) 100vw, 500px\" \/><\/a><\/p>\n<div class=\"entry-content\">\n<p>&nbsp;<\/p>\n<\/div>\n<p>&nbsp;<\/p>\n","protected":false},"excerpt":{"rendered":"<p>Aquest curs 2021-2022 es realitzen les seg\u00fcents activitats extraescolars:<br \/>\nEn els seg\u00fcents enlla\u00e7os trobareu tota la informaci\u00f3 de l&#8217;activitat de piscina:<\/p>\n<ul>\n<li><a href=\"https:\/\/drive.google.com\/file\/d\/1iH38O9T9qEVgyd4KKAAGHsUV7WFg91zB\/view?usp=sharing\" target=\"_blank\" rel=\"noopener\">CALENDARI<\/a><\/li>\n<li><a href=\"https:\/\/drive.google.com\/file\/d\/1kViABOBAvDYKTb446ZzuD-uj5BwgncFj\/view?usp=sharing\" target=\"_blank\" rel=\"noopener\">NORMATIVA<\/a><\/li>\n<\/ul>\n<p><a href=\"https:\/\/agora.xtec.cat\/ceip-paucasals-sjdespi\/wp-content\/uploads\/usu477\/2021\/10\/Imagen1.jpg\"><\/a><\/p>\n<p>&nbsp;<\/p>\n<p>&nbsp;<\/p>\n","protected":false},"author":2,"featured_media":0,"parent":66,"menu_order":3,"comment_status":"closed","ping_status":"closed","template":"page-templates\/side-menu.php","meta":{"_bbp_topic_count":0,"_bbp_reply_count":0,"_bbp_total_topic_count":0,"_bbp_total_reply_count":0,"_bbp_voice_count":0,"_bbp_anonymous_reply_count":0,"_bbp_topic_count_hidden":0,"_bbp_reply_count_hidden":0,"_bbp_forum_subforum_count":0,"footnotes":""},"class_list":["post-84","page","type-page","status-publish","hentry"],"post_mailing_queue_ids":[],"_links":{"self":[{"href":"https:\/\/agora.xtec.cat\/ceip-paucasals-sjdespi\/wp-json\/wp\/v2\/pages\/84","targetHints":{"allow":["GET"]}}],"collection":[{"href":"https:\/\/agora.xtec.cat\/ceip-paucasals-sjdespi\/wp-json\/wp\/v2\/pages"}],"about":[{"href":"https:\/\/agora.xtec.cat\/ceip-paucasals-sjdespi\/wp-json\/wp\/v2\/types\/page"}],"author":[{"embeddable":true,"href":"https:\/\/agora.xtec.cat\/ceip-paucasals-sjdespi\/wp-json\/wp\/v2\/users\/2"}],"replies":[{"embeddable":true,"href":"https:\/\/agora.xtec.cat\/ceip-paucasals-sjdespi\/wp-json\/wp\/v2\/comments?post=84"}],"version-history":[{"count":4,"href":"https:\/\/agora.xtec.cat\/ceip-paucasals-sjdespi\/wp-json\/wp\/v2\/pages\/84\/revisions"}],"predecessor-version":[{"id":13429,"href":"https:\/\/agora.xtec.cat\/ceip-paucasals-sjdespi\/wp-json\/wp\/v2\/pages\/84\/revisions\/13429"}],"up":[{"embeddable":true,"href":"https:\/\/agora.xtec.cat\/ceip-paucasals-sjdespi\/wp-json\/wp\/v2\/pages\/66"}],"wp:attachment":[{"href":"https:\/\/agora.xtec.cat\/ceip-paucasals-sjdespi\/wp-json\/wp\/v2\/media?parent=84"}],"curies":[{"name":"wp","href":"https:\/\/api.w.org\/{rel}","templated":true}]}}