{"id":34,"date":"2014-09-18T12:32:18","date_gmt":"2014-09-18T12:32:18","guid":{"rendered":"http:\/\/agora.xtec.cat\/ceip-paucasals-sjdespi\/?page_id=34"},"modified":"2025-09-15T00:14:10","modified_gmt":"2025-09-14T22:14:10","slug":"professorat","status":"publish","type":"page","link":"https:\/\/agora.xtec.cat\/ceip-paucasals-sjdespi\/lescola\/professorat\/","title":{"rendered":"Professorat"},"content":{"rendered":"<h4><strong><img loading=\"lazy\" decoding=\"async\" class=\"alignright size-full wp-image-3904\" src=\"http:\/\/agora.xtec.cat\/ceip-paucasals-sjdespi\/wp-content\/uploads\/usu477\/2014\/09\/equip-de-mestres.png\" alt=\"equip-de-mestres\" width=\"200\" height=\"200\" srcset=\"https:\/\/agora.xtec.cat\/ceip-paucasals-sjdespi\/wp-content\/uploads\/usu477\/2014\/09\/equip-de-mestres.png 200w, https:\/\/agora.xtec.cat\/ceip-paucasals-sjdespi\/wp-content\/uploads\/usu477\/2014\/09\/equip-de-mestres-150x150.png 150w\" sizes=\"auto, (max-width: 200px) 100vw, 200px\" \/><\/strong><\/h4>\n<h4><span style=\"text-decoration: underline;\">CURS 2024-2025<\/span><\/h4>\n<h4><strong>Educaci\u00f3 Infantil:<\/strong><\/h4>\n<p><strong>I3 A:<\/strong> Gemma Manrubia<br \/>\n<strong>I3 B:<\/strong> Gisela Mariana<br \/>\n<strong>I4 A:<\/strong> Lorena Mart\u00ednez<br \/>\n<strong>I4 B:<\/strong> Ver\u00f2nica Fern\u00e1ndez<br \/>\n<strong>I5 A:<\/strong> Diana Men\u00e9ndez<br \/>\n<strong>I5 B:<\/strong> Amanda Bou<br \/>\n<strong>Suport:<\/strong> Sandra Escobar, Maia Farreras, Pilar Moral, Esperanza Morgado.<br \/>\n<strong>TEEI (T\u00e8cnica Especialista d&#8217;Educaci\u00f3 Infantil):<\/strong> Desir\u00e9 Granados\/ Carme Marco.<\/p>\n<h4><strong>Educaci\u00f3 Prim\u00e0ria:<\/strong><\/h4>\n<p><strong>1r A:\u00a0<\/strong>Mireia P\u00e9rez<br \/>\n<strong>1r B:<\/strong> Victoria Valera<br \/>\n<strong>2n A:<\/strong> Silvia Cayero<br \/>\n<strong>2n B:\u00a0<\/strong>Yasmina L\u00f3pez (Vero Novel)<br \/>\n<strong>3r A:<\/strong>\u00a0Zulima Fern\u00e1ndez<br \/>\n<strong>3r B:<\/strong>\u00a0Amparo Gil<br \/>\n<strong>4t A:<\/strong>\u00a0 Carla Roldu\u00e0<br \/>\n<strong>4t B:<\/strong> Alexandra Armengol<br \/>\n<strong>5\u00e8 A:<\/strong>\u00a0Isa Salgado<br \/>\n<strong>5\u00e8 B: <\/strong>Miguel Sevilla<br \/>\n<strong>6\u00e8 A: <\/strong>Raquel L\u00f3pez<br \/>\n<strong>6\u00e8 B:\u00a0<\/strong>Laura G\u00f3mez<\/p>\n<p><strong>Suport:<\/strong> Esperanza Morgado, Pilar Moral, Alba Sabi\u00f1as.<\/p>\n<h4><strong>Mestres especialistes:<\/strong><\/h4>\n<p><strong>Educaci\u00f3 F\u00edsica:<\/strong> Al\u00edcia S\u00e1nchez \/ Soraya Garcia (Eli Torres)<br \/>\n<strong>Angl\u00e8s:<\/strong> Sonia Guerrero \/ Carla Roldu\u00e0 \/ Isa Salgado\/ Zulima Fern\u00e1ndez\/ Mireia P\u00e9rez\/ Maia Farreras\/ Raquel L\u00f3pez .<\/p>\n<p><strong>Educaci\u00f3 musical:<\/strong> Nacho Ledesma<\/p>\n<p><strong>Educaci\u00f3 Especial:<\/strong> Marga Jov\u00e9 \/Pilar Biescas\/ Stella Villal\u00f3n\/ Mariona Fisa (SIEI) Mischel Yoza (SIEI +).<br \/>\n<strong>EEE (Educadora d&#8217;Educaci\u00f3 Especial):<\/strong> M\u00edriam Anido (SIEI) Pimitivo V\u00e1zquez (SIEI +)<\/p>\n<h4><strong>Coordinacions:<\/strong><\/h4>\n<p><strong>Cicle Estels:<\/strong> Lorena Mart\u00edn<br \/>\n<strong>Cicle Constel\u00b7lacions:<\/strong> Zulima Fern\u00e1ndez<br \/>\n<strong>Cicle Gal\u00e0xies: <\/strong>Carla Roldu\u00e0<br \/>\n<strong>4a coordinadora:<\/strong> Isa Salgado<br \/>\n<strong>Coordinadora de cultura digital:<\/strong> Al\u00edcia S\u00e1nchez<br \/>\n<strong>Coordinadora de riscos laborals:<\/strong> Esperanza Morgado<br \/>\n<strong>Coordinadora ling\u00fc\u00edstica: <\/strong>Raquel L\u00f3pez<\/p>\n<p><strong>Coordinadora de biblioteca:<\/strong> Gemma Manrubia<br \/>\n<strong>Coordinadora coeducaci\u00f3, conviv\u00e8ncia i benestar:<\/strong> Amparo Gil<\/p>\n<h4><strong>Equip Directiu:<\/strong><\/h4>\n<p><strong>Director:<\/strong> Sylvia Ponce<br \/>\n<strong>Cap d\u2019Estudis:<\/strong> Rosa Ming<br \/>\n<strong>Secret\u00e0ria:<\/strong> Laura Vi\u00f1ola<\/p>\n","protected":false},"excerpt":{"rendered":"<p>CURS 2024-2025<br \/>\nEducaci\u00f3 Infantil:<br \/>\nI3 A: Gemma Manrubia<br \/>\nI3 B: Gisela Mariana<br \/>\nI4 A: Lorena Mart\u00ednez<br \/>\nI4 B: Ver\u00f2nica Fern\u00e1ndez<br \/>\nI5 A: Diana Men\u00e9ndez<br \/>\nI5 B: Amanda Bou<br \/>\nSuport: Sandra Escobar, Maia Farreras, Pilar Moral, Esperanza Morgado.<br \/>\nTEEI (T\u00e8cnica Especialista d&#8217;Educaci\u00f3 Infantil): Desir\u00e9 Granados\/ Carme Marco.<br \/>\nEducaci\u00f3 Prim\u00e0ria:<br \/>\n1r A:\u00a0Mireia P\u00e9rez<br \/>\n1r B: Victoria Valera<br \/>\n2n A: Silvia&hellip;  <a href=\"https:\/\/agora.xtec.cat\/ceip-paucasals-sjdespi\/lescola\/professorat\/\" title=\"Read Professorat\">Llegeix m\u00e9s\u00bb<\/a><\/p>\n","protected":false},"author":2,"featured_media":0,"parent":22,"menu_order":4,"comment_status":"closed","ping_status":"closed","template":"page-templates\/side-menu.php","meta":{"_bbp_topic_count":0,"_bbp_reply_count":0,"_bbp_total_topic_count":0,"_bbp_total_reply_count":0,"_bbp_voice_count":0,"_bbp_anonymous_reply_count":0,"_bbp_topic_count_hidden":0,"_bbp_reply_count_hidden":0,"_bbp_forum_subforum_count":0,"footnotes":""},"class_list":["post-34","page","type-page","status-publish","hentry"],"post_mailing_queue_ids":[],"_links":{"self":[{"href":"https:\/\/agora.xtec.cat\/ceip-paucasals-sjdespi\/wp-json\/wp\/v2\/pages\/34","targetHints":{"allow":["GET"]}}],"collection":[{"href":"https:\/\/agora.xtec.cat\/ceip-paucasals-sjdespi\/wp-json\/wp\/v2\/pages"}],"about":[{"href":"https:\/\/agora.xtec.cat\/ceip-paucasals-sjdespi\/wp-json\/wp\/v2\/types\/page"}],"author":[{"embeddable":true,"href":"https:\/\/agora.xtec.cat\/ceip-paucasals-sjdespi\/wp-json\/wp\/v2\/users\/2"}],"replies":[{"embeddable":true,"href":"https:\/\/agora.xtec.cat\/ceip-paucasals-sjdespi\/wp-json\/wp\/v2\/comments?post=34"}],"version-history":[{"count":5,"href":"https:\/\/agora.xtec.cat\/ceip-paucasals-sjdespi\/wp-json\/wp\/v2\/pages\/34\/revisions"}],"predecessor-version":[{"id":13839,"href":"https:\/\/agora.xtec.cat\/ceip-paucasals-sjdespi\/wp-json\/wp\/v2\/pages\/34\/revisions\/13839"}],"up":[{"embeddable":true,"href":"https:\/\/agora.xtec.cat\/ceip-paucasals-sjdespi\/wp-json\/wp\/v2\/pages\/22"}],"wp:attachment":[{"href":"https:\/\/agora.xtec.cat\/ceip-paucasals-sjdespi\/wp-json\/wp\/v2\/media?parent=34"}],"curies":[{"name":"wp","href":"https:\/\/api.w.org\/{rel}","templated":true}]}}