{"id":22,"date":"2014-09-18T12:19:57","date_gmt":"2014-09-18T12:19:57","guid":{"rendered":"http:\/\/agora.xtec.cat\/ceip-paucasals-sjdespi\/?page_id=22"},"modified":"2023-11-14T20:52:59","modified_gmt":"2023-11-14T19:52:59","slug":"lescola","status":"publish","type":"page","link":"https:\/\/agora.xtec.cat\/ceip-paucasals-sjdespi\/lescola\/","title":{"rendered":"L&#8217;ESCOLA"},"content":{"rendered":"<p><a href=\"http:\/\/agora.xtec.cat\/ceip-paucasals-sjdespi\/wp-content\/uploads\/usu477\/2015\/09\/Imagen1.jpg\"><img loading=\"lazy\" decoding=\"async\" class=\"alignright size-medium wp-image-169\" src=\"http:\/\/agora.xtec.cat\/ceip-paucasals-sjdespi\/wp-content\/uploads\/usu477\/2015\/09\/Imagen1-300x115.jpg\" alt=\"Imagen1\" width=\"300\" height=\"115\" srcset=\"https:\/\/agora.xtec.cat\/ceip-paucasals-sjdespi\/wp-content\/uploads\/usu477\/2015\/09\/Imagen1-300x115.jpg 300w, https:\/\/agora.xtec.cat\/ceip-paucasals-sjdespi\/wp-content\/uploads\/usu477\/2015\/09\/Imagen1.jpg 653w\" sizes=\"auto, (max-width: 300px) 100vw, 300px\" \/><\/a>L&#8217;Escola PAU CASALS \u00e9s un centre p\u00fablic d&#8217;Educaci\u00f3 Infantil (I3,I4 i I5) i d&#8217;Educaci\u00f3 Prim\u00e0ria (1r a 6\u00e8) que est\u00e0 en funcionament des del curs 1974-75. \u00c9s un centre de doble l\u00ednia, \u00e9s a dir, t\u00e9 dues classes per nivell.<br \/>\nCada classe, des de I3 fins a 6\u00e8, est\u00e0 a c\u00e0rrec d&#8217;un tutor o tutora que es fa responsable del grup i del bon funcionament de l&#8217;aula. A m\u00e9s dels tutors, intervenen els\/les mestres especialistes d&#8217;Educaci\u00f3 F\u00edsica, de M\u00fasica, d&#8217;Angl\u00e8s i d&#8217;Educaci\u00f3 Especial. Setmanalment, l&#8217;escola compta amb l&#8217;assessorament d&#8217;una persona de l&#8217;EAP (Equip d&#8217;Assessorament Psicopedag\u00f2gic).<\/p>\n<p><span style=\"text-decoration: underline;\">HORARI<\/span><br \/>\n9:00 a 12:30h<br \/>\n15:00 a 16:30h<\/p>\n","protected":false},"excerpt":{"rendered":"<p><a href=\"http:\/\/agora.xtec.cat\/ceip-paucasals-sjdespi\/wp-content\/uploads\/usu477\/2015\/09\/Imagen1.jpg\"><\/a>L&#8217;Escola PAU CASALS \u00e9s un centre p\u00fablic d&#8217;Educaci\u00f3 Infantil (I3,I4 i I5) i d&#8217;Educaci\u00f3 Prim\u00e0ria (1r a 6\u00e8) que est\u00e0 en funcionament des del curs 1974-75. \u00c9s un centre de doble l\u00ednia, \u00e9s a dir, t\u00e9 dues classes per nivell.<br \/>\nCada classe, des de I3&hellip;  <a href=\"https:\/\/agora.xtec.cat\/ceip-paucasals-sjdespi\/lescola\/\" title=\"Read L&#8217;ESCOLA\">Llegeix m\u00e9s\u00bb<\/a><\/p>\n","protected":false},"author":2,"featured_media":0,"parent":0,"menu_order":0,"comment_status":"closed","ping_status":"closed","template":"page-templates\/side-menu.php","meta":{"_bbp_topic_count":0,"_bbp_reply_count":0,"_bbp_total_topic_count":0,"_bbp_total_reply_count":0,"_bbp_voice_count":0,"_bbp_anonymous_reply_count":0,"_bbp_topic_count_hidden":0,"_bbp_reply_count_hidden":0,"_bbp_forum_subforum_count":0,"footnotes":""},"class_list":["post-22","page","type-page","status-publish","hentry"],"post_mailing_queue_ids":[],"_links":{"self":[{"href":"https:\/\/agora.xtec.cat\/ceip-paucasals-sjdespi\/wp-json\/wp\/v2\/pages\/22","targetHints":{"allow":["GET"]}}],"collection":[{"href":"https:\/\/agora.xtec.cat\/ceip-paucasals-sjdespi\/wp-json\/wp\/v2\/pages"}],"about":[{"href":"https:\/\/agora.xtec.cat\/ceip-paucasals-sjdespi\/wp-json\/wp\/v2\/types\/page"}],"author":[{"embeddable":true,"href":"https:\/\/agora.xtec.cat\/ceip-paucasals-sjdespi\/wp-json\/wp\/v2\/users\/2"}],"replies":[{"embeddable":true,"href":"https:\/\/agora.xtec.cat\/ceip-paucasals-sjdespi\/wp-json\/wp\/v2\/comments?post=22"}],"version-history":[{"count":5,"href":"https:\/\/agora.xtec.cat\/ceip-paucasals-sjdespi\/wp-json\/wp\/v2\/pages\/22\/revisions"}],"predecessor-version":[{"id":14100,"href":"https:\/\/agora.xtec.cat\/ceip-paucasals-sjdespi\/wp-json\/wp\/v2\/pages\/22\/revisions\/14100"}],"wp:attachment":[{"href":"https:\/\/agora.xtec.cat\/ceip-paucasals-sjdespi\/wp-json\/wp\/v2\/media?parent=22"}],"curies":[{"name":"wp","href":"https:\/\/api.w.org\/{rel}","templated":true}]}}