{"id":202,"date":"2015-09-22T12:13:53","date_gmt":"2015-09-22T11:13:53","guid":{"rendered":"http:\/\/agora.xtec.cat\/ceip-paucasals-sjdespi\/?page_id=202"},"modified":"2022-11-20T10:53:50","modified_gmt":"2022-11-20T09:53:50","slug":"sharing-to-learn","status":"publish","type":"page","link":"https:\/\/agora.xtec.cat\/ceip-paucasals-sjdespi\/projectes\/sharing-to-learn\/","title":{"rendered":"Sharing to learn"},"content":{"rendered":"<p>L\u2019objectiu principal d\u2019aquest projecte \u00e9s donar suport a la millora de l\u2019expressi\u00f3 oral en llengua anglesa del nostre alumnat mitjan\u00e7ant la metodologia d\u2019aprenentatge-servei.<\/p>\n<table style=\"border-color: #000000; height: 166px;\" border=\"5\" width=\"396\">\n<tbody>\n<tr>\n<td style=\"text-align: center;\">\u00a0<a href=\"http:\/\/agora.xtec.cat\/ceip-paucasals-sjdespi\/wp-content\/uploads\/usu477\/2015\/09\/Img_2835-bis.jpg\"><img loading=\"lazy\" decoding=\"async\" class=\" wp-image-579 alignnone\" src=\"http:\/\/agora.xtec.cat\/ceip-paucasals-sjdespi\/wp-content\/uploads\/usu477\/2015\/09\/Img_2835-bis.jpg\" alt=\"Img_2835 bis\" width=\"241\" height=\"180\" srcset=\"https:\/\/agora.xtec.cat\/ceip-paucasals-sjdespi\/wp-content\/uploads\/usu477\/2015\/09\/Img_2835-bis.jpg 1014w, https:\/\/agora.xtec.cat\/ceip-paucasals-sjdespi\/wp-content\/uploads\/usu477\/2015\/09\/Img_2835-bis-300x225.jpg 300w, https:\/\/agora.xtec.cat\/ceip-paucasals-sjdespi\/wp-content\/uploads\/usu477\/2015\/09\/Img_2835-bis-200x150.jpg 200w\" sizes=\"auto, (max-width: 241px) 100vw, 241px\" \/><\/a><\/td>\n<td style=\"text-align: center;\">\u00a0<a href=\"http:\/\/agora.xtec.cat\/ceip-paucasals-sjdespi\/wp-content\/uploads\/usu477\/2015\/09\/Img_2824-bis.jpg\"><img loading=\"lazy\" decoding=\"async\" class=\" wp-image-577 alignnone\" src=\"http:\/\/agora.xtec.cat\/ceip-paucasals-sjdespi\/wp-content\/uploads\/usu477\/2015\/09\/Img_2824-bis.jpg\" alt=\"Img_2824 bis\" width=\"239\" height=\"179\" srcset=\"https:\/\/agora.xtec.cat\/ceip-paucasals-sjdespi\/wp-content\/uploads\/usu477\/2015\/09\/Img_2824-bis.jpg 1014w, https:\/\/agora.xtec.cat\/ceip-paucasals-sjdespi\/wp-content\/uploads\/usu477\/2015\/09\/Img_2824-bis-300x225.jpg 300w, https:\/\/agora.xtec.cat\/ceip-paucasals-sjdespi\/wp-content\/uploads\/usu477\/2015\/09\/Img_2824-bis-200x150.jpg 200w\" sizes=\"auto, (max-width: 239px) 100vw, 239px\" \/><\/a><\/td>\n<\/tr>\n<\/tbody>\n<\/table>\n<p>Alumnat de Secund\u00e0ria de diferents instituts (Jaume Salvador i Pedrol, Francesc Ferrer i Gu\u00e0rdia, Ateneu Instructiu, Gran Capit\u00e0, American School&#8230;) assistiran, un cop a la setmana a la tarda, al nostre centre en horari lectiu de l&#8217;\u00e0rea d&#8217;angl\u00e8s, col\u00b7laborant amb el professorat especialista per tal de desenvolupar la compet\u00e8ncia oral en llengua anglesa i fomentar una actitud positiva vers l\u2019aprenentatge d\u2019aquesta llengua i la seva cultura en el nostre alumnat.<\/p>\n","protected":false},"excerpt":{"rendered":"<p>L\u2019objectiu principal d\u2019aquest projecte \u00e9s donar suport a la millora de l\u2019expressi\u00f3 oral en llengua anglesa del nostre alumnat mitjan\u00e7ant la metodologia d\u2019aprenentatge-servei.<\/p>\n<p>\u00a0<a href=\"http:\/\/agora.xtec.cat\/ceip-paucasals-sjdespi\/wp-content\/uploads\/usu477\/2015\/09\/Img_2835-bis.jpg\"><\/a><br \/>\n\u00a0<a href=\"http:\/\/agora.xtec.cat\/ceip-paucasals-sjdespi\/wp-content\/uploads\/usu477\/2015\/09\/Img_2824-bis.jpg\"><\/a><\/p>\n<p>Alumnat de Secund\u00e0ria de diferents instituts (Jaume Salvador i Pedrol, Francesc Ferrer i Gu\u00e0rdia, Ateneu Instructiu, Gran Capit\u00e0, American School&#8230;) assistiran,&hellip;  <a href=\"https:\/\/agora.xtec.cat\/ceip-paucasals-sjdespi\/projectes\/sharing-to-learn\/\" title=\"Read Sharing to learn\">Llegeix m\u00e9s\u00bb<\/a><\/p>\n","protected":false},"author":1,"featured_media":0,"parent":38,"menu_order":6,"comment_status":"closed","ping_status":"closed","template":"page-templates\/side-menu.php","meta":{"_bbp_topic_count":0,"_bbp_reply_count":0,"_bbp_total_topic_count":0,"_bbp_total_reply_count":0,"_bbp_voice_count":0,"_bbp_anonymous_reply_count":0,"_bbp_topic_count_hidden":0,"_bbp_reply_count_hidden":0,"_bbp_forum_subforum_count":0,"footnotes":""},"class_list":["post-202","page","type-page","status-publish","hentry"],"post_mailing_queue_ids":[],"_links":{"self":[{"href":"https:\/\/agora.xtec.cat\/ceip-paucasals-sjdespi\/wp-json\/wp\/v2\/pages\/202","targetHints":{"allow":["GET"]}}],"collection":[{"href":"https:\/\/agora.xtec.cat\/ceip-paucasals-sjdespi\/wp-json\/wp\/v2\/pages"}],"about":[{"href":"https:\/\/agora.xtec.cat\/ceip-paucasals-sjdespi\/wp-json\/wp\/v2\/types\/page"}],"author":[{"embeddable":true,"href":"https:\/\/agora.xtec.cat\/ceip-paucasals-sjdespi\/wp-json\/wp\/v2\/users\/1"}],"replies":[{"embeddable":true,"href":"https:\/\/agora.xtec.cat\/ceip-paucasals-sjdespi\/wp-json\/wp\/v2\/comments?post=202"}],"version-history":[{"count":4,"href":"https:\/\/agora.xtec.cat\/ceip-paucasals-sjdespi\/wp-json\/wp\/v2\/pages\/202\/revisions"}],"predecessor-version":[{"id":11980,"href":"https:\/\/agora.xtec.cat\/ceip-paucasals-sjdespi\/wp-json\/wp\/v2\/pages\/202\/revisions\/11980"}],"up":[{"embeddable":true,"href":"https:\/\/agora.xtec.cat\/ceip-paucasals-sjdespi\/wp-json\/wp\/v2\/pages\/38"}],"wp:attachment":[{"href":"https:\/\/agora.xtec.cat\/ceip-paucasals-sjdespi\/wp-json\/wp\/v2\/media?parent=202"}],"curies":[{"name":"wp","href":"https:\/\/api.w.org\/{rel}","templated":true}]}}