{"id":978,"date":"2016-12-07T12:26:18","date_gmt":"2016-12-07T11:26:18","guid":{"rendered":"http:\/\/agora.xtec.cat\/ceip-paucasals-gracia\/?page_id=978"},"modified":"2019-03-05T12:39:34","modified_gmt":"2019-03-05T11:39:34","slug":"biblioteca-eina-pedagogica","status":"publish","type":"page","link":"https:\/\/agora.xtec.cat\/ceip-paucasals-gracia\/projecte-educatiu\/biblioteca-eina-pedagogica\/","title":{"rendered":"Biblioteca, eina pedag\u00f2gica"},"content":{"rendered":"<p><strong>Considerem la biblioteca com l\u2019\u00e0nima de l\u2019escola<\/strong>.<\/p>\n<p>Una\u00a0 <strong>eina pedag\u00f2gica que genera i dinamitza activitats<\/strong> que:<\/p>\n<ul>\n<li>fomenten la Imaginaci\u00f3,<\/li>\n<li>ensenyen fer recerca i a tractar la Informaci\u00f3,<\/li>\n<li>faciliten la compet\u00e8ncia comunicativa: Imaginaci\u00f3 + Informaci\u00f3,<\/li>\n<li>fan usuaris capa\u00e7os d\u2019obrir ments enfront dels canvis i la Innovaci\u00f3<\/li>\n<\/ul>\n<p>I que posa a l\u2019abast les eines per poder treballar amb garanties la <strong>compet\u00e8ncia informacional<\/strong>.<\/p>\n<p><strong>\u00a0I tamb\u00e9:<\/strong><\/p>\n<ul>\n<li>Formaci\u00f3 d&#8217;usuaris d\u2019alumnat, mestres i personal no docent.<\/li>\n<li>Pr\u00e9stec de lots de llibres d\u2019un tema espec\u00edfic a les aules (demanar a altres biblioteques p\u00fabliques, si cal).<\/li>\n<li>Guies de lectura per a les fam\u00edlies (elaborades pel grup de treball de Gr\u00e0cia).<\/li>\n<li>Participaci\u00f3 en els Jocs Florals de Sant Jordi (amb un il\u00b7lustrador com a protagonista del dia).<\/li>\n<li>Servei de pr\u00e9stec de Prim\u00e0ria (hora del pati), portat a terme pels alumnes de 6\u00e8.<\/li>\n<li>Entrevista a un autor en col\u00b7laboraci\u00f3 amb la revista de l\u2019escola i una exposici\u00f3 de llibres de l\u2019autor.<\/li>\n<\/ul>\n<p>&nbsp;<\/p>\n","protected":false},"excerpt":{"rendered":"<p>Considerem la biblioteca com l\u2019\u00e0nima de l\u2019escola.<br \/>\nUna\u00a0 eina pedag\u00f2gica que genera i dinamitza activitats que:<\/p>\n<ul>\n<li>fomenten la Imaginaci\u00f3,<\/li>\n<li>ensenyen fer recerca i a tractar la Informaci\u00f3,<\/li>\n<li>faciliten la compet\u00e8ncia comunicativa: Imaginaci\u00f3 + Informaci\u00f3,<\/li>\n<li>fan usuaris capa\u00e7os d\u2019obrir ments enfront dels canvis i la Innovaci\u00f3<\/li>\n<\/ul>\n<p>I que posa a l\u2019abast les&hellip;  <a href=\"https:\/\/agora.xtec.cat\/ceip-paucasals-gracia\/projecte-educatiu\/biblioteca-eina-pedagogica\/\" title=\"Read Biblioteca, eina pedag\u00f2gica\">Llegeix m\u00e9s\u00bb<\/a><\/p>\n","protected":false},"author":1,"featured_media":0,"parent":64,"menu_order":3,"comment_status":"closed","ping_status":"closed","template":"page-templates\/side-menu.php","meta":{"_bbp_topic_count":0,"_bbp_reply_count":0,"_bbp_total_topic_count":0,"_bbp_total_reply_count":0,"_bbp_voice_count":0,"_bbp_anonymous_reply_count":0,"_bbp_topic_count_hidden":0,"_bbp_reply_count_hidden":0,"_bbp_forum_subforum_count":0,"footnotes":""},"class_list":["post-978","page","type-page","status-publish","hentry"],"post_mailing_queue_ids":[],"_links":{"self":[{"href":"https:\/\/agora.xtec.cat\/ceip-paucasals-gracia\/wp-json\/wp\/v2\/pages\/978","targetHints":{"allow":["GET"]}}],"collection":[{"href":"https:\/\/agora.xtec.cat\/ceip-paucasals-gracia\/wp-json\/wp\/v2\/pages"}],"about":[{"href":"https:\/\/agora.xtec.cat\/ceip-paucasals-gracia\/wp-json\/wp\/v2\/types\/page"}],"author":[{"embeddable":true,"href":"https:\/\/agora.xtec.cat\/ceip-paucasals-gracia\/wp-json\/wp\/v2\/users\/1"}],"replies":[{"embeddable":true,"href":"https:\/\/agora.xtec.cat\/ceip-paucasals-gracia\/wp-json\/wp\/v2\/comments?post=978"}],"version-history":[{"count":3,"href":"https:\/\/agora.xtec.cat\/ceip-paucasals-gracia\/wp-json\/wp\/v2\/pages\/978\/revisions"}],"predecessor-version":[{"id":1029,"href":"https:\/\/agora.xtec.cat\/ceip-paucasals-gracia\/wp-json\/wp\/v2\/pages\/978\/revisions\/1029"}],"up":[{"embeddable":true,"href":"https:\/\/agora.xtec.cat\/ceip-paucasals-gracia\/wp-json\/wp\/v2\/pages\/64"}],"wp:attachment":[{"href":"https:\/\/agora.xtec.cat\/ceip-paucasals-gracia\/wp-json\/wp\/v2\/media?parent=978"}],"curies":[{"name":"wp","href":"https:\/\/api.w.org\/{rel}","templated":true}]}}