{"id":884,"date":"2016-11-20T16:03:44","date_gmt":"2016-11-20T15:03:44","guid":{"rendered":"http:\/\/agora.xtec.cat\/ceip-paucasals-gracia\/?page_id=884"},"modified":"2016-11-20T23:31:40","modified_gmt":"2016-11-20T22:31:40","slug":"congres-de-ciencia-els-infants-protagonistes-de-la-ciencia","status":"publish","type":"page","link":"https:\/\/agora.xtec.cat\/ceip-paucasals-gracia\/projecte-educatiu\/congres-de-ciencia-els-infants-protagonistes-de-la-ciencia\/","title":{"rendered":"Congr\u00e9s de ci\u00e8ncia: els infants protagonistes de la ci\u00e8ncia"},"content":{"rendered":"<p>Aquest curs arriba al nostre Districte un projecte innovador que t\u00e9 com a objectiu el potenciar i difondre iniciatives escolars on es posa de relleu la recerca i la investigaci\u00f3 dels nens i nenes. Es tracta d\u2019un model de treball en xarxa entre els diferents centres i professorat que en formem part, sempre amb el suport i l\u2019acompanyament del Centre de Recursos Pedag\u00f2gics de la zona.<\/p>\n<p>El projecte,\u00a0 a m\u00e9s a m\u00e9s de potenciar les compet\u00e8ncies cient\u00edfiques, ling\u00fc\u00edstiques i de comunicaci\u00f3, t\u00e9 com a objectiu que els nens i les nenes siguin els protagonistes de l\u2019activitat i del seu aprenentatge.<\/p>\n<p><a href=\"http:\/\/agora.xtec.cat\/ceip-paucasals-gracia\/wp-content\/uploads\/usu1197\/2016\/11\/aigua-es-vida.png\"><img loading=\"lazy\" decoding=\"async\" class=\"aligncenter wp-image-885\" src=\"http:\/\/agora.xtec.cat\/ceip-paucasals-gracia\/wp-content\/uploads\/usu1197\/2016\/11\/aigua-es-vida-1024x576.png\" alt=\"aigua-es-vida\" width=\"600\" height=\"338\" srcset=\"https:\/\/agora.xtec.cat\/ceip-paucasals-gracia\/wp-content\/uploads\/usu1197\/2016\/11\/aigua-es-vida-1024x576.png 1024w, https:\/\/agora.xtec.cat\/ceip-paucasals-gracia\/wp-content\/uploads\/usu1197\/2016\/11\/aigua-es-vida-300x169.png 300w, https:\/\/agora.xtec.cat\/ceip-paucasals-gracia\/wp-content\/uploads\/usu1197\/2016\/11\/aigua-es-vida-768x432.png 768w, https:\/\/agora.xtec.cat\/ceip-paucasals-gracia\/wp-content\/uploads\/usu1197\/2016\/11\/aigua-es-vida.png 1207w\" sizes=\"auto, (max-width: 600px) 100vw, 600px\" \/><\/a><\/p>\n","protected":false},"excerpt":{"rendered":"<p>Aquest curs arriba al nostre Districte un projecte innovador que t\u00e9 com a objectiu el potenciar i difondre iniciatives escolars on es posa de relleu la recerca i la investigaci\u00f3 dels nens i nenes. Es tracta d\u2019un model de treball en xarxa entre els diferents&hellip;  <a href=\"https:\/\/agora.xtec.cat\/ceip-paucasals-gracia\/projecte-educatiu\/congres-de-ciencia-els-infants-protagonistes-de-la-ciencia\/\" title=\"Read Congr\u00e9s de ci\u00e8ncia: els infants protagonistes de la ci\u00e8ncia\">Llegeix m\u00e9s\u00bb<\/a><\/p>\n","protected":false},"author":1,"featured_media":0,"parent":64,"menu_order":1,"comment_status":"closed","ping_status":"closed","template":"page-templates\/side-menu.php","meta":{"_bbp_topic_count":0,"_bbp_reply_count":0,"_bbp_total_topic_count":0,"_bbp_total_reply_count":0,"_bbp_voice_count":0,"_bbp_anonymous_reply_count":0,"_bbp_topic_count_hidden":0,"_bbp_reply_count_hidden":0,"_bbp_forum_subforum_count":0,"footnotes":""},"class_list":["post-884","page","type-page","status-publish","hentry"],"post_mailing_queue_ids":[],"_links":{"self":[{"href":"https:\/\/agora.xtec.cat\/ceip-paucasals-gracia\/wp-json\/wp\/v2\/pages\/884","targetHints":{"allow":["GET"]}}],"collection":[{"href":"https:\/\/agora.xtec.cat\/ceip-paucasals-gracia\/wp-json\/wp\/v2\/pages"}],"about":[{"href":"https:\/\/agora.xtec.cat\/ceip-paucasals-gracia\/wp-json\/wp\/v2\/types\/page"}],"author":[{"embeddable":true,"href":"https:\/\/agora.xtec.cat\/ceip-paucasals-gracia\/wp-json\/wp\/v2\/users\/1"}],"replies":[{"embeddable":true,"href":"https:\/\/agora.xtec.cat\/ceip-paucasals-gracia\/wp-json\/wp\/v2\/comments?post=884"}],"version-history":[{"count":3,"href":"https:\/\/agora.xtec.cat\/ceip-paucasals-gracia\/wp-json\/wp\/v2\/pages\/884\/revisions"}],"predecessor-version":[{"id":889,"href":"https:\/\/agora.xtec.cat\/ceip-paucasals-gracia\/wp-json\/wp\/v2\/pages\/884\/revisions\/889"}],"up":[{"embeddable":true,"href":"https:\/\/agora.xtec.cat\/ceip-paucasals-gracia\/wp-json\/wp\/v2\/pages\/64"}],"wp:attachment":[{"href":"https:\/\/agora.xtec.cat\/ceip-paucasals-gracia\/wp-json\/wp\/v2\/media?parent=884"}],"curies":[{"name":"wp","href":"https:\/\/api.w.org\/{rel}","templated":true}]}}