{"id":742,"date":"2016-09-09T10:38:22","date_gmt":"2016-09-09T09:38:22","guid":{"rendered":"http:\/\/agora.xtec.cat\/ceip-pau-casals-montmelo\/?page_id=742"},"modified":"2025-11-17T09:56:18","modified_gmt":"2025-11-17T08:56:18","slug":"qui-som","status":"publish","type":"page","link":"https:\/\/agora.xtec.cat\/ceip-pau-casals-montmelo\/lescola\/qui-som\/","title":{"rendered":"Qui som"},"content":{"rendered":"<p><strong>CURS 2025-2026<\/strong><\/p>\n<p><strong>EQUIP DOCENT<\/strong><\/p>\n<table style=\"border-collapse: collapse; border-style: solid; border-color: #9e6060; width: 56.4293%;\">\n<tbody>\n<tr style=\"height: 32px;\">\n<td style=\"width: 53.6016%; height: 32px; border-style: solid; border-color: #9e6060;\" colspan=\"2\"><span style=\"text-align: start; background-color: #f9f9f9;\">TRAM PETITS<\/span><\/td>\n<\/tr>\n<tr style=\"height: 32px;\">\n<td style=\"width: 9.05539%; height: 32px; border-style: solid; border-color: #9e6060;\">I-3<\/td>\n<td style=\"width: 44.5462%; height: 32px; border-style: solid; border-color: #9e6060;\">S\u00edlvia Xicola<\/td>\n<\/tr>\n<tr style=\"height: 32px;\">\n<td style=\"width: 9.05539%; height: 32px; border-style: solid; border-color: #9e6060;\">I-4<\/td>\n<td style=\"width: 44.5462%; height: 32px; border-style: solid; border-color: #9e6060;\">Ant\u00f2nia Casanova<\/td>\n<\/tr>\n<tr style=\"height: 32px;\">\n<td style=\"width: 9.05539%; height: 32px; border-style: solid; border-color: #9e6060;\">I-5<\/td>\n<td style=\"width: 44.5462%; height: 32px; border-style: solid; border-color: #9e6060;\">Cristina Berm\u00fadez \/ Elena Arce<\/td>\n<\/tr>\n<tr style=\"height: 32px;\">\n<td style=\"width: 9.05539%; height: 32px; border-style: solid; border-color: #9e6060;\">Refor\u00e7<\/td>\n<td style=\"width: 44.5462%; height: 32px; border-style: solid; border-color: #9e6060;\">Noemi L\u00f3pez, Joana Pardo<\/td>\n<\/tr>\n<tr style=\"height: 32px;\">\n<td style=\"width: 53.6016%; height: 32px; border-style: solid; border-color: #9e6060;\" colspan=\"2\">TRAM MITJANS<\/td>\n<\/tr>\n<tr style=\"height: 32px;\">\n<td style=\"width: 9.05539%; height: 32px; border-style: solid; border-color: #9e6060;\">1r<\/td>\n<td style=\"width: 44.5462%; height: 32px; border-style: solid; border-color: #9e6060;\">Cristina V\u00e9lez<\/td>\n<\/tr>\n<tr style=\"height: 32px;\">\n<td style=\"width: 9.05539%; height: 32px; border-style: solid; border-color: #9e6060;\">2n<\/td>\n<td style=\"width: 44.5462%; height: 32px; border-style: solid; border-color: #9e6060;\">Laura Garc\u00eda<\/td>\n<\/tr>\n<tr style=\"height: 32px;\">\n<td style=\"width: 9.05539%; height: 32px; border-style: solid; border-color: #9e6060;\">3r A<\/td>\n<td style=\"width: 44.5462%; height: 32px; border-style: solid; border-color: #9e6060;\">Anna Guzm\u00e1n<\/td>\n<\/tr>\n<tr style=\"height: 32px;\">\n<td style=\"width: 9.05539%; height: 32px; border-style: solid; border-color: #9e6060;\">3r B<\/td>\n<td style=\"width: 44.5462%; height: 32px; border-style: solid; border-color: #9e6060;\">Marta Fit\u00e9 \/ Cristina M\u00e9ndez<\/td>\n<\/tr>\n<tr style=\"height: 32px;\">\n<td style=\"width: 53.6016%; height: 32px; border-style: solid; border-color: #9e6060;\" colspan=\"2\">TRAM GRANS<\/td>\n<\/tr>\n<tr style=\"height: 32px;\">\n<td style=\"width: 9.05539%; height: 32px; border-style: solid; border-color: #9e6060;\">4t<\/td>\n<td style=\"width: 44.5462%; height: 32px; border-style: solid; border-color: #9e6060;\">Marta Salvador \/ Josep P\u00e9rez<\/td>\n<\/tr>\n<tr style=\"height: 32px;\">\n<td style=\"width: 9.05539%; height: 32px; border-style: solid; border-color: #9e6060;\">5\u00e8 A<\/td>\n<td style=\"width: 44.5462%; height: 32px; border-style: solid; border-color: #9e6060;\">Eva Casares<\/td>\n<\/tr>\n<tr style=\"height: 32px;\">\n<td style=\"width: 9.05539%; height: 32px; border-style: solid; border-color: #9e6060;\">5\u00e8 B<\/td>\n<td style=\"width: 44.5462%; height: 32px; border-style: solid; border-color: #9e6060;\">Ivan Planelles<\/td>\n<\/tr>\n<tr style=\"height: 32px;\">\n<td style=\"width: 9.05539%; height: 32px; border-style: solid; border-color: #9e6060;\">6\u00e8<\/td>\n<td style=\"width: 44.5462%; height: 32px; border-style: solid; border-color: #9e6060;\">Marta Benedito<\/td>\n<\/tr>\n<tr style=\"height: 32px;\">\n<td style=\"width: 53.6016%; height: 32px; border-style: solid; border-color: #9e6060;\" colspan=\"2\"><\/td>\n<\/tr>\n<tr style=\"height: 32px;\">\n<td style=\"width: 9.05539%; height: 32px; border-style: solid; border-color: #9e6060;\">Refor\u00e7 Prim\u00e0ria<\/td>\n<td style=\"width: 44.5462%; height: 32px; border-style: solid; border-color: #9e6060;\">M\u00f3nica Vegas<\/td>\n<\/tr>\n<tr style=\"height: 32px;\">\n<td style=\"width: 9.05539%; height: 32px; border-style: solid; border-color: #9e6060;\">M\u00fasica<\/td>\n<td style=\"width: 44.5462%; height: 32px; border-style: solid; border-color: #9e6060;\">Gemma Uy\u00e0<\/td>\n<\/tr>\n<tr style=\"height: 32px;\">\n<td style=\"width: 9.05539%; height: 32px; border-style: solid; border-color: #9e6060;\">Angl\u00e8s<\/td>\n<td style=\"width: 44.5462%; height: 32px; border-style: solid; border-color: #9e6060;\">Marta Puig, Laura Arranz<\/td>\n<\/tr>\n<tr style=\"height: 32px;\">\n<td style=\"width: 9.05539%; height: 32px; border-style: solid; border-color: #9e6060;\">E. F\u00edsica<\/td>\n<td style=\"width: 44.5462%; height: 32px; border-style: solid; border-color: #9e6060;\">Oriol Masachs<\/td>\n<\/tr>\n<tr style=\"height: 32px;\">\n<td style=\"width: 9.05539%; height: 32px; border-style: solid; border-color: #9e6060;\">E. Inclusiva<\/td>\n<td style=\"width: 44.5462%; height: 32px; border-style: solid; border-color: #9e6060;\">S\u00edlvia Soronellas<\/td>\n<\/tr>\n<\/tbody>\n<\/table>\n<table style=\"border-style: solid; border-color: #9e6060; width: 56.5027%;\" border=\"1\">\n<tbody>\n<tr>\n<td style=\"width: 15.2162%; border-style: solid; border-color: #9e6060;\">Equip Directiu<\/td>\n<td style=\"width: 59.9221%; border-style: solid; border-color: #9e6060;\">Directora: Joana Pardo (<a href=\"https:\/\/drive.google.com\/file\/d\/1535NoH-RaV86YD7AgxIyKVQ2hLHt0MAq\/view?usp=sharing\">perfil professional<\/a>)<\/p>\n<p>Cap d&#8217;Estudis: M\u00f3nica Vegas (<a href=\"https:\/\/drive.google.com\/file\/d\/1AvIlZDRQf4nkxy_kPSgnwXuCwFI215kh\/view?usp=sharing\">perfil professional<\/a>)<\/p>\n<p>Secret\u00e0ria: Marta Puig (<a href=\"https:\/\/drive.google.com\/file\/d\/134_BR2yiOCo6qpmzuv8JHX82KDFIheVX\/view?usp=sharing\">perfil professional<\/a>)<\/td>\n<\/tr>\n<\/tbody>\n<\/table>\n<table style=\"border-style: solid; border-color: #9e6060; width: 56.2088%;\">\n<tbody>\n<tr>\n<td style=\"border-style: solid; border-color: #9e6060; width: 24.3204%;\">Coordinadora Tram Petits<\/td>\n<td style=\"border-style: solid; border-color: #9e6060; width: 42.6852%;\">S\u00edlvia Xicola<\/td>\n<\/tr>\n<tr>\n<td style=\"border-style: solid; border-color: #9e6060; width: 24.3204%;\">Coordinadora Tram Mitjans<\/td>\n<td style=\"border-style: solid; border-color: #9e6060; width: 42.6852%;\">Cristina V\u00e9lez<\/td>\n<\/tr>\n<tr>\n<td style=\"border-style: solid; border-color: #9e6060; width: 24.3204%;\">Coordinadora Tram Grans<\/td>\n<td style=\"border-style: solid; border-color: #9e6060; width: 42.6852%;\">Marta Benedito<\/td>\n<\/tr>\n<\/tbody>\n<\/table>\n<table style=\"border-style: solid; border-color: #9e6060; width: 73.4754%;\">\n<tbody>\n<tr style=\"height: 31px;\">\n<td style=\"height: 31px; border-style: solid; border-color: #9e6060; width: 51.7956%;\">Coord. LIC (llengua, interculturalitat i cohesi\u00f3 social)<\/td>\n<td style=\"height: 31px; border-style: solid; border-color: #9e6060; width: 24.8836%;\">S\u00edlvia Soronellas<\/td>\n<\/tr>\n<tr style=\"height: 31px;\">\n<td style=\"height: 31px; border-style: solid; border-color: #9e6060; width: 51.7956%;\">Coord. Riscos Laborals<\/td>\n<td style=\"height: 31px; border-style: solid; border-color: #9e6060; width: 24.8836%;\">Ant\u00f2nia Casanova<\/td>\n<\/tr>\n<tr style=\"height: 31px;\">\n<td style=\"height: 31px; border-style: solid; border-color: #9e6060; width: 51.7956%;\">Coord. Digital (tecnologies per a l&#8217;aprenentatge i el coneixement)<\/td>\n<td style=\"height: 31px; border-style: solid; border-color: #9e6060; width: 24.8836%;\">Ivan Planelles<\/td>\n<\/tr>\n<tr>\n<td style=\"border-style: solid; border-color: #9e6060; width: 51.7956%;\">Coord. COCOBE (coeducaci\u00f3, conviv\u00e8ncia i benestar)<\/td>\n<td style=\"border-style: solid; border-color: #9e6060; width: 24.8836%;\">Gemma Uy\u00e0<\/td>\n<\/tr>\n<\/tbody>\n<\/table>\n<p><strong><span style=\"font-family: inherit; font-size: 1em; text-align: justify;\">PAS (Personal d&#8217;Administraci\u00f3 i Serveis):<\/span><\/strong><\/p>\n<table style=\"height: 62px; width: 54.9221%; border-style: solid; border-color: #9e6060;\">\n<tbody>\n<tr>\n<td style=\"width: 50.9482%; border-style: solid; border-color: #9e6060;\">TEI<\/td>\n<td style=\"width: 135.6%; border-style: solid; border-color: #9e6060;\">Olga Capdevila<\/td>\n<\/tr>\n<tr style=\"height: 31px;\">\n<td style=\"height: 31px; width: 50.9482%; border-style: solid; border-color: #9e6060;\">Administrativa<\/td>\n<td style=\"height: 31px; width: 135.6%; border-style: solid; border-color: #9e6060;\">Isabel Carreta<\/td>\n<\/tr>\n<tr style=\"height: 31px;\">\n<td style=\"height: 31px; width: 50.9482%; border-style: solid; border-color: #9e6060;\">Conserge<\/td>\n<td style=\"height: 31px; width: 135.6%; border-style: solid; border-color: #9e6060;\">Pedro Espinosa<\/td>\n<\/tr>\n<tr>\n<td style=\"width: 50.9482%; border-style: solid; border-color: #9e6060;\">Vetlladores<\/td>\n<td style=\"width: 135.6%; border-style: solid; border-color: #9e6060;\">Dolo Garc\u00eda, Rosa Varela<\/td>\n<\/tr>\n<\/tbody>\n<\/table>\n<p><strong>SERVEIS EDUCATIUS:<\/strong><\/p>\n<table style=\"height: 212px; width: 43.6444%; border-style: solid; border-color: #9e6060;\">\n<tbody>\n<tr style=\"height: 53px;\">\n<td style=\"height: 53px; border-style: solid; border-color: #9e6060; width: 25.6429%;\">CREDA<\/td>\n<td style=\"height: 53px; border-style: solid; border-color: #9e6060; width: 17.928%;\"><\/td>\n<\/tr>\n<tr style=\"height: 53px;\">\n<td style=\"height: 53px; border-style: solid; border-color: #9e6060; width: 25.6429%;\">Fisioterapeuta EAP<\/td>\n<td style=\"height: 53px; border-style: solid; border-color: #9e6060; width: 17.928%;\">Elisenda G.<\/td>\n<\/tr>\n<tr style=\"height: 53px;\">\n<td style=\"height: 53px; border-style: solid; border-color: #9e6060; width: 25.6429%;\">Psicopedagoga EAP<\/td>\n<td style=\"height: 53px; border-style: solid; border-color: #9e6060; width: 17.928%;\">Roser Foixench<\/td>\n<\/tr>\n<tr style=\"height: 53px;\">\n<td style=\"height: 53px; border-style: solid; border-color: #9e6060; width: 25.6429%;\">Treballadora social EAP<\/td>\n<td style=\"height: 53px; border-style: solid; border-color: #9e6060; width: 17.928%;\">Dolors Castilla<\/td>\n<\/tr>\n<\/tbody>\n<\/table>\n<div class=\"addtoany_share_save_container addtoany_content addtoany_content_bottom\">\n<div class=\"a2a_kit a2a_kit_size_32 addtoany_list\" data-a2a-url=\"https:\/\/agora.xtec.cat\/ceip-santjordi-montmelo\/estructura-interna-de-centre\/\" data-a2a-title=\"Estructura interna de centre\"><\/div>\n<p>&nbsp;<\/p>\n<\/div>\n","protected":false},"excerpt":{"rendered":"<p>CURS 2025-2026 EQUIP DOCENT TRAM PETITS I-3 S\u00edlvia Xicola I-4 Ant\u00f2nia Casanova I-5 Cristina Berm\u00fadez \/ Elena Arce Refor\u00e7 Noemi L\u00f3pez, Joana Pardo TRAM MITJANS 1r Cristina V\u00e9lez 2n Laura Garc\u00eda 3r A Anna Guzm\u00e1n 3r B Marta Fit\u00e9 \/ Cristina M\u00e9ndez TRAM GRANS 4t Marta Salvador \/ Josep P\u00e9rez 5\u00e8 A Eva Casares 5\u00e8 [&hellip;]<\/p>\n","protected":false},"author":1,"featured_media":0,"parent":22,"menu_order":0,"comment_status":"closed","ping_status":"closed","template":"","meta":{"_bbp_topic_count":0,"_bbp_reply_count":0,"_bbp_total_topic_count":0,"_bbp_total_reply_count":0,"_bbp_voice_count":0,"_bbp_anonymous_reply_count":0,"_bbp_topic_count_hidden":0,"_bbp_reply_count_hidden":0,"_bbp_forum_subforum_count":0,"site-sidebar-layout":"default","site-content-layout":"","ast-site-content-layout":"default","site-content-style":"default","site-sidebar-style":"default","ast-global-header-display":"","ast-banner-title-visibility":"","ast-main-header-display":"","ast-hfb-above-header-display":"","ast-hfb-below-header-display":"","ast-hfb-mobile-header-display":"","site-post-title":"","ast-breadcrumbs-content":"","ast-featured-img":"","footer-sml-layout":"","theme-transparent-header-meta":"default","adv-header-id-meta":"","stick-header-meta":"","header-above-stick-meta":"","header-main-stick-meta":"","header-below-stick-meta":"","astra-migrate-meta-layouts":"set","ast-page-background-enabled":"default","ast-page-background-meta":{"desktop":{"background-color":"var(--ast-global-color-4)","background-image":"","background-repeat":"repeat","background-position":"center center","background-size":"auto","background-attachment":"scroll","background-type":"","background-media":"","overlay-type":"","overlay-color":"","overlay-opacity":"","overlay-gradient":""},"tablet":{"background-color":"","background-image":"","background-repeat":"repeat","background-position":"center center","background-size":"auto","background-attachment":"scroll","background-type":"","background-media":"","overlay-type":"","overlay-color":"","overlay-opacity":"","overlay-gradient":""},"mobile":{"background-color":"","background-image":"","background-repeat":"repeat","background-position":"center center","background-size":"auto","background-attachment":"scroll","background-type":"","background-media":"","overlay-type":"","overlay-color":"","overlay-opacity":"","overlay-gradient":""}},"ast-content-background-meta":{"desktop":{"background-color":"var(--ast-global-color-5)","background-image":"","background-repeat":"repeat","background-position":"center center","background-size":"auto","background-attachment":"scroll","background-type":"","background-media":"","overlay-type":"","overlay-color":"","overlay-opacity":"","overlay-gradient":""},"tablet":{"background-color":"var(--ast-global-color-5)","background-image":"","background-repeat":"repeat","background-position":"center center","background-size":"auto","background-attachment":"scroll","background-type":"","background-media":"","overlay-type":"","overlay-color":"","overlay-opacity":"","overlay-gradient":""},"mobile":{"background-color":"var(--ast-global-color-5)","background-image":"","background-repeat":"repeat","background-position":"center center","background-size":"auto","background-attachment":"scroll","background-type":"","background-media":"","overlay-type":"","overlay-color":"","overlay-opacity":"","overlay-gradient":""}},"footnotes":""},"class_list":["post-742","page","type-page","status-publish","hentry"],"post_mailing_queue_ids":[],"_links":{"self":[{"href":"https:\/\/agora.xtec.cat\/ceip-pau-casals-montmelo\/wp-json\/wp\/v2\/pages\/742","targetHints":{"allow":["GET"]}}],"collection":[{"href":"https:\/\/agora.xtec.cat\/ceip-pau-casals-montmelo\/wp-json\/wp\/v2\/pages"}],"about":[{"href":"https:\/\/agora.xtec.cat\/ceip-pau-casals-montmelo\/wp-json\/wp\/v2\/types\/page"}],"author":[{"embeddable":true,"href":"https:\/\/agora.xtec.cat\/ceip-pau-casals-montmelo\/wp-json\/wp\/v2\/users\/1"}],"replies":[{"embeddable":true,"href":"https:\/\/agora.xtec.cat\/ceip-pau-casals-montmelo\/wp-json\/wp\/v2\/comments?post=742"}],"version-history":[{"count":6,"href":"https:\/\/agora.xtec.cat\/ceip-pau-casals-montmelo\/wp-json\/wp\/v2\/pages\/742\/revisions"}],"predecessor-version":[{"id":21884,"href":"https:\/\/agora.xtec.cat\/ceip-pau-casals-montmelo\/wp-json\/wp\/v2\/pages\/742\/revisions\/21884"}],"up":[{"embeddable":true,"href":"https:\/\/agora.xtec.cat\/ceip-pau-casals-montmelo\/wp-json\/wp\/v2\/pages\/22"}],"wp:attachment":[{"href":"https:\/\/agora.xtec.cat\/ceip-pau-casals-montmelo\/wp-json\/wp\/v2\/media?parent=742"}],"curies":[{"name":"wp","href":"https:\/\/api.w.org\/{rel}","templated":true}]}}