{"id":481,"date":"2016-05-05T13:03:14","date_gmt":"2016-05-05T12:03:14","guid":{"rendered":"http:\/\/agora.xtec.cat\/ceip-pau-casals-montmelo\/?page_id=481"},"modified":"2023-07-13T09:06:05","modified_gmt":"2023-07-13T07:06:05","slug":"reglament-de-menjador","status":"publish","type":"page","link":"https:\/\/agora.xtec.cat\/ceip-pau-casals-montmelo\/serveis\/menjador-escolar\/reglament-de-menjador\/","title":{"rendered":"Reglament de menjador"},"content":{"rendered":"<p>RESUM DE FUNCIONAMENT<\/p>\n<ul>\n<li>Cada curs cal emplenar la <a href=\"http:\/\/agora.xtec.cat\/ceip-pau-casals-montmelo\/serveis\/menjador-escolar\/documentacio-de-menjador\/\" target=\"_blank\" rel=\"noopener noreferrer\">documentaci\u00f3 de menjador<\/a>.<\/li>\n<li style=\"text-align: justify;\">No s&#8217;administrar\u00e0 cap medicament que no vingui amb la <a href=\"https:\/\/drive.google.com\/file\/d\/0B6UqktLXYhLzZl9HSHppODlSeUU\/view?usp=sharing\" target=\"_blank\" rel=\"noopener noreferrer\">documentaci\u00f3 degudament signada<\/a> i acompanyada de la corresponent recepta o informe m\u00e8dic.<\/li>\n<li style=\"text-align: justify;\">Si un\/a alumne\/a necessita algun tipus de dieta, cal comunicar-ho\u00a0a l&#8217;empresa abans de les 9:30h del mat\u00ed, concretant el tipus (laxant, astringent&#8230;). \u00a0A partir del tercer dia de dieta, cal la prescripci\u00f3 facultativa, on s&#8217;especifiqui clarament el tipus de r\u00e8gim. \u00a0Per a les al\u00b7l\u00e8rgies aliment\u00e0ries caldr\u00e0 un paper del metge on s&#8217;especifiqui clarament quins aliments no poden ser menjats per l&#8217;alumne\/a.<\/li>\n<li style=\"text-align: justify;\">Els nens i nenes que hagin de sortir en horari de menjador cal que portin una autoritzaci\u00f3 i que es comuniqui al coordinador del servei.<\/li>\n<li style=\"text-align: justify;\">Les fam\u00edlies que vulguin que els\/les seus\/ves fills\/es es raspallin les dents despr\u00e9s de dinar, cal que portin l&#8217;autoritzaci\u00f3 degudament emplenada i signada. \u00a0Recordeu que el raspall i la pasta hauran d&#8217;anar en una bossa que caldr\u00e0 portar cada dia al menjador i tornar a casa per a una correcta higiene.<\/li>\n<li style=\"text-align: justify;\">Les normes de conviv\u00e8ncia s\u00f3n les marcades a les Normes d&#8217;Organitzaci\u00f3 i Funcionament de Centre (NOFC). \u00a0Si algun\/a alumne\/a no compleix aquestes normes de funcionament i conviv\u00e8ncia, s&#8217;informar\u00e0 a les fam\u00edlies per escrit, restant c\u00f2pia d&#8217;aquest av\u00eds a la direcci\u00f3 del centre. \u00a0Si l&#8217;incompliment de les normes es produeix de forma reiterada, a la tercera comunicaci\u00f3 s&#8217;informar\u00e0 a la comissi\u00f3 de menjador de la situaci\u00f3 per tal de preveure la p\u00e8rdua del dret d&#8217;utilitzar aquest servei, durant el temps que es consideri oport\u00fa.<\/li>\n<li style=\"text-align: justify;\">Si algun\/a alumne\/a no assisteix a classe durant el mat\u00ed (per causa justificada i amb previ av\u00eds), podr\u00e0 fer \u00fas del servei de menjador sempre i quan arribi abans de 3\/4 d&#8217;1.<\/li>\n<\/ul>\n<p>Pla de funcionament de menjador\u00a0(<a href=\"https:\/\/drive.google.com\/file\/d\/17bYnpU5yN8WaMR8e8w3QwglrfZmmbuXV\/view?usp=sharing\" target=\"_blank\" rel=\"noopener noreferrer\">document complert<\/a>)<\/p>\n","protected":false},"excerpt":{"rendered":"<p>RESUM DE FUNCIONAMENT Cada curs cal emplenar la documentaci\u00f3 de menjador. No s&#8217;administrar\u00e0 cap medicament que no vingui amb la documentaci\u00f3 degudament signada i acompanyada de la corresponent recepta o informe m\u00e8dic. Si un\/a alumne\/a necessita algun tipus de dieta, cal comunicar-ho\u00a0a l&#8217;empresa abans de les 9:30h del mat\u00ed, concretant el tipus (laxant, astringent&#8230;). \u00a0A [&hellip;]<\/p>\n","protected":false},"author":1,"featured_media":0,"parent":73,"menu_order":0,"comment_status":"closed","ping_status":"closed","template":"page-templates\/side-menu.php","meta":{"_bbp_topic_count":0,"_bbp_reply_count":0,"_bbp_total_topic_count":0,"_bbp_total_reply_count":0,"_bbp_voice_count":0,"_bbp_anonymous_reply_count":0,"_bbp_topic_count_hidden":0,"_bbp_reply_count_hidden":0,"_bbp_forum_subforum_count":0,"site-sidebar-layout":"default","site-content-layout":"","ast-site-content-layout":"","site-content-style":"default","site-sidebar-style":"default","ast-global-header-display":"","ast-banner-title-visibility":"","ast-main-header-display":"","ast-hfb-above-header-display":"","ast-hfb-below-header-display":"","ast-hfb-mobile-header-display":"","site-post-title":"","ast-breadcrumbs-content":"","ast-featured-img":"","footer-sml-layout":"","theme-transparent-header-meta":"","adv-header-id-meta":"","stick-header-meta":"","header-above-stick-meta":"","header-main-stick-meta":"","header-below-stick-meta":"","astra-migrate-meta-layouts":"default","ast-page-background-enabled":"default","ast-page-background-meta":{"desktop":{"background-color":"var(--ast-global-color-4)","background-image":"","background-repeat":"repeat","background-position":"center center","background-size":"auto","background-attachment":"scroll","background-type":"","background-media":"","overlay-type":"","overlay-color":"","overlay-opacity":"","overlay-gradient":""},"tablet":{"background-color":"","background-image":"","background-repeat":"repeat","background-position":"center center","background-size":"auto","background-attachment":"scroll","background-type":"","background-media":"","overlay-type":"","overlay-color":"","overlay-opacity":"","overlay-gradient":""},"mobile":{"background-color":"","background-image":"","background-repeat":"repeat","background-position":"center center","background-size":"auto","background-attachment":"scroll","background-type":"","background-media":"","overlay-type":"","overlay-color":"","overlay-opacity":"","overlay-gradient":""}},"ast-content-background-meta":{"desktop":{"background-color":"var(--ast-global-color-5)","background-image":"","background-repeat":"repeat","background-position":"center center","background-size":"auto","background-attachment":"scroll","background-type":"","background-media":"","overlay-type":"","overlay-color":"","overlay-opacity":"","overlay-gradient":""},"tablet":{"background-color":"var(--ast-global-color-5)","background-image":"","background-repeat":"repeat","background-position":"center center","background-size":"auto","background-attachment":"scroll","background-type":"","background-media":"","overlay-type":"","overlay-color":"","overlay-opacity":"","overlay-gradient":""},"mobile":{"background-color":"var(--ast-global-color-5)","background-image":"","background-repeat":"repeat","background-position":"center center","background-size":"auto","background-attachment":"scroll","background-type":"","background-media":"","overlay-type":"","overlay-color":"","overlay-opacity":"","overlay-gradient":""}},"footnotes":""},"class_list":["post-481","page","type-page","status-publish","hentry"],"post_mailing_queue_ids":[],"_links":{"self":[{"href":"https:\/\/agora.xtec.cat\/ceip-pau-casals-montmelo\/wp-json\/wp\/v2\/pages\/481","targetHints":{"allow":["GET"]}}],"collection":[{"href":"https:\/\/agora.xtec.cat\/ceip-pau-casals-montmelo\/wp-json\/wp\/v2\/pages"}],"about":[{"href":"https:\/\/agora.xtec.cat\/ceip-pau-casals-montmelo\/wp-json\/wp\/v2\/types\/page"}],"author":[{"embeddable":true,"href":"https:\/\/agora.xtec.cat\/ceip-pau-casals-montmelo\/wp-json\/wp\/v2\/users\/1"}],"replies":[{"embeddable":true,"href":"https:\/\/agora.xtec.cat\/ceip-pau-casals-montmelo\/wp-json\/wp\/v2\/comments?post=481"}],"version-history":[{"count":4,"href":"https:\/\/agora.xtec.cat\/ceip-pau-casals-montmelo\/wp-json\/wp\/v2\/pages\/481\/revisions"}],"predecessor-version":[{"id":21328,"href":"https:\/\/agora.xtec.cat\/ceip-pau-casals-montmelo\/wp-json\/wp\/v2\/pages\/481\/revisions\/21328"}],"up":[{"embeddable":true,"href":"https:\/\/agora.xtec.cat\/ceip-pau-casals-montmelo\/wp-json\/wp\/v2\/pages\/73"}],"wp:attachment":[{"href":"https:\/\/agora.xtec.cat\/ceip-pau-casals-montmelo\/wp-json\/wp\/v2\/media?parent=481"}],"curies":[{"name":"wp","href":"https:\/\/api.w.org\/{rel}","templated":true}]}}