{"id":522,"date":"2016-10-14T18:46:50","date_gmt":"2016-10-14T17:46:50","guid":{"rendered":"http:\/\/agora.xtec.cat\/ceip-orca\/?page_id=522"},"modified":"2026-03-26T15:15:48","modified_gmt":"2026-03-26T14:15:48","slug":"equip-huma","status":"publish","type":"page","link":"https:\/\/agora.xtec.cat\/ceip-orca\/lescola\/equip-huma\/","title":{"rendered":"Equip hum\u00e0 curs 2025-2026"},"content":{"rendered":"<p>&nbsp;<\/p>\n<table style=\"height: 295px; width: 42.5662%;\" width=\"702\">\n<tbody>\n<tr>\n<td style=\"width: 100%;\">\n<h3>EDUCACI\u00d3 INFANTIL<\/h3>\n<\/td>\n<\/tr>\n<tr>\n<td style=\"width: 100%;\" valign=\"top\">I3 A- Ma <strong>Elisabeth Hidalgo Pi\u00f1ol\u00a0<\/strong><strong>\u00a0 \u00a0\u00a0 \u00a0\u00a0 \u00a0\u00a0 \u00a0\u00a0 \u00a0\u00a0 \u00a0\u00a0 \u00a0 <\/strong><strong><a href=\"mailto:infantiltresA@orcajuneda.cat\">infantiltresA@orcajuneda.cat<\/a><\/strong><\/p>\n<p>I3 B- <strong>Cristina Pujol Parramon\u00a0 \u00a0 \u00a0 \u00a0 \u00a0 \u00a0 \u00a0 \u00a0\u00a0 \u00a0\u00a0 \u00a0\u00a0 \u00a0\u00a0 \u00a0 <\/strong><strong><a href=\"mailto:infantiltresB@orcajuneda.cat\">infantiltresB@orcajuneda.cat<\/a><\/strong><\/p>\n<p>I4 A- <strong>A<\/strong><strong>nna Mateus Izquierdo\u00a0 \/\u00a0 \u00a0 \u00a0 \u00a0 \u00a0 \u00a0 \u00a0 \u00a0 \u00a0 \u00a0 \u00a0 \u00a0 \u00a0 <a href=\"mailto:infantilquatreA@orcajuneda.cat\">infantilquatreA@orcajuneda.cat<\/a><\/strong><\/p>\n<p>I4 B<strong>&#8211; Vanessa Mart\u00ed Moy\u00e0<\/strong><strong>\u00a0 \u00a0 \u00a0\u00a0 \u00a0\u00a0 \u00a0\u00a0 \u00a0\u00a0 \u00a0\u00a0 \u00a0\u00a0 \u00a0\u00a0 \u00a0\u00a0 \u00a0\u00a0 \u00a0\u00a0 <\/strong><strong><a href=\"mailto:infantilquatreA@orcajuneda.cat\">infantilquatreB@orcajuneda.cat<\/a><\/strong><\/p>\n<p>I5 A- <strong>Lydia Acosta Armengol\u00a0 \u00a0 \u00a0 \u00a0 \u00a0 \u00a0 \u00a0 \u00a0 \u00a0 \u00a0 \u00a0 \u00a0 \u00a0 \u00a0 \u00a0 <\/strong><strong><a href=\"mailto:infantilcincA@orcajuneda.cat\">infantilcincA@orcajuneda.cat<\/a><\/strong><\/p>\n<p>I5 B-<strong>S\u00edvia Cano Moroba\u00a0 \u00a0 \u00a0 \u00a0 \u00a0 \u00a0 \u00a0 \u00a0 \u00a0 \u00a0 \u00a0 \u00a0 \u00a0 \u00a0 \u00a0 \u00a0 \u00a0 \u00a0 \u00a0 <\/strong><strong>\u00a0<a href=\"mailto:infantilcincB@orcajuneda.cat\">infantilcincB@orcajuneda.cat<\/a><\/strong><\/p>\n<p>Refor\u00e7- <strong>Rosa M Carrera Gra\u00f1\u00f3\u00a0 \/\u00a0 Vict\u00f2ria Sent\u00e9s Prim \/ Anna Parial Estrada<\/strong><\/p>\n<p>IANG &#8211; <strong>Cristina Pujol Parramon\u00a0 \u00a0 \u00a0 \u00a0 \u00a0 \u00a0 \u00a0 \u00a0 \u00a0 \u00a0 \u00a0 \u00a0 \u00a0 \u00a0\u00a0\u00a0<\/strong><\/p>\n<p>TEEI:\u00a0 <strong>Marta Esteve Niub\u00f3\u00a0 \u00a0 <\/strong><\/p>\n<p>PCTEI <strong>: Natalya Drekalo\u00a0 \u00a0(divendres)\u00a0 \u00a0\u00a0<\/strong><\/td>\n<\/tr>\n<\/tbody>\n<\/table>\n<table style=\"width: 42.7786%; height: 368px;\">\n<tbody>\n<tr>\n<td style=\"width: 100%;\">\n<h3>EDUCACI\u00d3 PRIM\u00c0RIA &#8211; Cicle Inicial<\/h3>\n<\/td>\n<\/tr>\n<tr>\n<td style=\"width: 100%;\">1r A- <b><strong>Eva Regu\u00e9 D\u00e9u \/\u00a0 A\u00efda Torra Mir\u00a0 \u00a0 \u00a0 \u00a0 \u00a0 \u00a0 \u00a0 \u00a0 \u00a0 \u00a0 \u00a0 \u00a0 \u00a0 <a href=\"mailto:primerA@orcajuneda.cat\">primerA@orcajuneda.cat\u00a0<\/a><\/strong><\/b><strong>\u00a0 \u00a0 \u00a0 \u00a0 \u00a0 \u00a0 \u00a0 \u00a0 \u00a0 \u00a0 \u00a0 \u00a0 \u00a0 \u00a0 \u00a0\u00a0<\/strong><\/p>\n<p>1r B- <b><strong> Joel Roura Mas\u00a0 \u00a0 \u00a0 \u00a0 \u00a0 \u00a0 \u00a0 \u00a0 \u00a0 \u00a0 \u00a0 \u00a0 \u00a0 \u00a0 \u00a0 \u00a0 \u00a0 \u00a0 \u00a0 \u00a0 \u00a0 \u00a0 \u00a0 \u00a0 \u00a0 \u00a0 \u00a0<a href=\"mailto:primerB@orcajuneda.cat\">primerB@orcajuneda.cat\u00a0<\/a>\u00a0 \u00a0 \u00a0<\/strong><\/b><\/p>\n<p><b><strong> \u00a0<\/strong><\/b>2n A- <strong>Marta Mesegu\u00e9 Folguera\u00a0<\/strong><strong>\u00a0 \u00a0 \u00a0 \u00a0 \u00a0 \u00a0 \u00a0 \u00a0 \u00a0 \u00a0 \u00a0 \u00a0 \u00a0 \u00a0 \u00a0 \u00a0 \u00a0 <a href=\"mailto:segonA@orcajuneda.cat\">segonA@orcajuneda.cat<\/a><\/strong><\/p>\n<p>2n B- <b><strong>N\u00faria Sol\u00e9 Targa\u00a0 \/<\/strong><\/b><b><strong>Elisenda Serra Subirats\u00a0 \u00a0 \u00a0 <a href=\"mailto:segonB@orcajuneda.cat\">segonB@orcajuneda.cat\u00a0<\/a> \u00a0 \u00a0 \u00a0 \u00a0 \u00a0 \u00a0 \u00a0 \u00a0\u00a0<\/strong><\/b><b><strong>\u00a0 \u00a0 \u00a0<\/strong><\/b><\/td>\n<\/tr>\n<\/tbody>\n<\/table>\n<table style=\"width: 42.6526%; height: 242px;\">\n<tbody>\n<tr style=\"height: 67px;\">\n<td style=\"width: 100%; height: 67px;\">\n<h3>EDUCACI\u00d3 PRIM\u00c0RIA &#8211; Cicle Mitj\u00e0<\/h3>\n<\/td>\n<\/tr>\n<tr style=\"height: 175px;\">\n<td style=\"width: 100%; height: 175px;\">3r A- <strong>Anna Ricart Bertran\u00a0<\/strong><b>\u00a0 \u00a0 \u00a0 \u00a0 \u00a0 \u00a0 \u00a0 \u00a0 \u00a0 \u00a0 \u00a0 \u00a0 \u00a0 \u00a0 \u00a0 \u00a0 \u00a0<a href=\"mailto:tercerA@orcajuneda.cat\">\u00a0 \u00a0 \u00a0 \u00a0 \u00a0 \u00a0 \u00a0tercerA@orcajuneda.cat\u00a0<\/a> \u00a0 \u00a0 \u00a0 \u00a0 \u00a0 \u00a0 \u00a0 \u00a0<\/b><\/p>\n<p>3r B<strong> &#8211;<b>Eva Huertas Cornudella\u00a0 \u00a0 \u00a0 \u00a0 \u00a0 \u00a0 \u00a0 \u00a0 \u00a0 \u00a0 \u00a0 \u00a0 \u00a0 \u00a0 \u00a0 \u00a0 \u00a0 \u00a0 \u00a0 \u00a0<a href=\"mailto:tercerB@orcajuneda.cat\">tercerB@orcajuneda.cat\u00a0<\/a><\/b><\/strong><\/p>\n<p>4t A- <strong>Carla Plana Blanco\u00a0 \u00a0\/ Gemma Sans Sans\u00a0 \u00a0 <\/strong><strong>\u00a0 \u00a0 <a href=\"mailto:quartA@orcajuneda.cat\">quartA@orcajuneda.cat<\/a>\u00a0\u00a0\u00a0<\/strong><\/p>\n<p>4t B- <strong>\u00a0Yolanda Capdevila Tom\u00e0s\u00a0 \u00a0 \u00a0 \u00a0 \u00a0 \u00a0 \u00a0 \u00a0 \u00a0 \u00a0 \u00a0 \u00a0 \u00a0 \u00a0 \u00a0 \u00a0 \u00a0 <a href=\"mailto:quartB@orcajuneda.cat\">quartB@orcajuneda.cat\u00a0\u00a0<\/a><\/strong><\/td>\n<\/tr>\n<\/tbody>\n<\/table>\n<table style=\"width: 34.1262%;\">\n<tbody>\n<tr>\n<td style=\"width: 100%;\">\n<h3>EDUCACI\u00d3 PRIM\u00c0RIA &#8211; Cicle Superior<\/h3>\n<\/td>\n<\/tr>\n<tr>\n<td style=\"width: 100%;\">5\u00e8 A- <strong>Isabel Balcells Mas\u00a0 \u00a0 \u00a0 \u00a0 \u00a0 \u00a0 \u00a0 \u00a0 \u00a0 \u00a0 \u00a0 \u00a0 \u00a0 \u00a0 \u00a0 \u00a0 \u00a0<a href=\"mailto:cinque@orcajuneda.cat\">cinque@orcajuneda.cat<\/a>\u00a0 \u00a0<\/strong><\/p>\n<p>6\u00e8 A- <strong> Merc\u00e8 Farran Botargues \u00a0\u00a0 \u00a0\u00a0 \u00a0\u00a0 \u00a0\u00a0 \u00a0\u00a0 \u00a0\u00a0 \u00a0\u00a0 \u00a0<a href=\"mailto:siseA@orcajuneda.cat\">siseA@orcajuneda.cat<\/a>\u00a0<\/strong><\/p>\n<p>6\u00e8 B- <strong>Agust\u00ed Tremosa Sorribes\u00a0 \u00a0 \u00a0\u00a0 \u00a0\u00a0 \u00a0\u00a0 \u00a0\u00a0 \u00a0\u00a0 \u00a0\u00a0 <a href=\"mailto:siseB@orcajuneda.cat\">siseB@orcajuneda.cat<\/a><\/strong><\/td>\n<\/tr>\n<\/tbody>\n<\/table>\n<table style=\"width: 56.6901%; height: 499px;\">\n<tbody>\n<tr style=\"height: 59px;\">\n<td style=\"width: 100%; height: 59px;\">\n<h3>ESPECIALISTES<\/h3>\n<\/td>\n<\/tr>\n<tr style=\"height: 578px;\">\n<td style=\"width: 100%; height: 440px;\">Educaci\u00f3 F\u00edsica: <b>No\u00e8lia Abill\u00e0 Bardaj\u00ed\u00a0 \u00a0 \u00a0 \u00a0 \u00a0 \u00a0 \u00a0 \u00a0 \u00a0 \u00a0 \u00a0 \u00a0 \u00a0 \u00a0 \u00a0 \u00a0 \u00a0 \u00a0 \u00a0 \u00a0 \u00a0 \u00a0 \u00a0 \u00a0 \u00a0 \u00a0 \u00a0 \u00a0 \u00a0<a href=\"mailto:educaciofisica@orcajuneda.cat\">educaciofisica@orcajuneda.cat<\/a><\/b><\/p>\n<p>Llengua anglesa: <strong style=\"font-family: inherit; font-size: 1em;\"> Katya Sapundzhieva Chavdarova\u00a0 \u00a0 \u00a0 \u00a0 \u00a0 \u00a0 \u00a0 \u00a0 \u00a0 \u00a0 \u00a0 \u00a0 \u00a0 \u00a0 \u00a0 \u00a0 \u00a0 \u00a0 \u00a0<a href=\"mailto:angles@orcajuneda.cat\"> angles@orcajuneda.cat<\/a><\/strong><\/p>\n<p>Educaci\u00f3 art\u00edstica: pl\u00e0stica: <strong>Lorena Carreras Cod\u00f3 \/\u00a0 Judit Busquets Mir\u00f3 <a href=\"http:\/\/arts@orcajuneda\">arts@orcajuneda<\/a><\/strong><\/p>\n<p>Refor\u00e7: <strong>Anna Gelonch Colom\u00a0 \u00a0 \u00a0 \u00a0 \u00a0 \u00a0 \u00a0 \u00a0 \u00a0 \u00a0 \u00a0 \u00a0 \u00a0 \u00a0 \u00a0 \u00a0 \u00a0 \u00a0 \u00a0 \u00a0 \u00a0 \u00a0 \u00a0 \u00a0 \u00a0 \u00a0 \u00a0 \u00a0 \u00a0 \u00a0 \u00a0 \u00a0 \u00a0 \u00a0 \u00a0 \u00a0 \u00a0 <a href=\"mailto:reforc@orcajuneda.cat\">reforc@orcajuneda.cat<\/a>\u00a0<\/strong><\/p>\n<p>Estrat\u00e8gies digitals \/ Rob\u00f2tica: <strong>Jordi Vicens Sol\u00e0\u00a0 \u00a0 \u00a0 \u00a0 \u00a0 \u00a0 \u00a0 \u00a0 \u00a0 \u00a0 \u00a0 \u00a0 \u00a0 \u00a0 \u00a0 \u00a0 \u00a0 \u00a0 \u00a0 \u00a0 \u00a0 \u00a0<a href=\"mailto:digital@orcajuneda.cat\">digital@orcajuneda.cat<\/a><\/strong><\/p>\n<p>Religi\u00f3: <strong>Anna Mas Gou\u00a0 \u00a0 \u00a0 \u00a0 \u00a0 \u00a0 \u00a0 \u00a0 \u00a0 \u00a0 \u00a0 \u00a0 \u00a0 \u00a0 \u00a0 \u00a0 \u00a0 \u00a0 \u00a0 \u00a0 \u00a0 \u00a0 \u00a0 \u00a0 \u00a0 \u00a0 \u00a0 \u00a0 \u00a0 \u00a0 \u00a0 \u00a0 \u00a0 \u00a0 \u00a0 \u00a0 \u00a0 \u00a0 \u00a0 \u00a0 \u00a0 \u00a0<a href=\"mailto:religio@orcajuneda.cat\">religio@orcajuneda.cat<\/a><\/strong><\/p>\n<p>Educaci\u00f3 art\u00edstica: m\u00fasica <strong>Cristina Re\u00f1\u00e9 Huguet\u00a0 \u00a0 \u00a0 \u00a0 \u00a0 \u00a0 \u00a0 \u00a0 \u00a0 \u00a0 \u00a0 \u00a0 \u00a0 \u00a0 \u00a0 \u00a0 \u00a0 \u00a0 \u00a0 \u00a0 \u00a0<a href=\"mailto:musica@orcajuneda.cat\">musica@orcajuneda.cat<\/a><\/strong><\/p>\n<p><strong>N\u00faria Sol\u00e9 Targa \/\u00a0 <b>Elisenda Serra Subirats<\/b>\u00a0 \u00a0 \u00a0 \u00a0 \u00a0 \u00a0 \u00a0 \u00a0 \u00a0 \u00a0 \u00a0\u00a0<\/strong><\/p>\n<p>Aula d&#8217;acollida: <strong>Rosa Perera Ribera\u00a0 \u00a0 \u00a0 \u00a0 \u00a0 \u00a0 \u00a0 \u00a0 \u00a0 \u00a0 \u00a0 \u00a0 \u00a0 \u00a0 \u00a0 \u00a0 \u00a0 \u00a0 \u00a0 \u00a0 \u00a0 \u00a0 \u00a0 \u00a0 \u00a0 \u00a0 \u00a0 \u00a0 \u00a0 \u00a0 <a href=\"mailto:aulaacollida@orcajuneda.cat\">aulaacollida@orcajuneda.cat<\/a> \u00a0 <\/strong><\/p>\n<p><strong>Programa de Compet\u00e8ncia Lectora : Elsisabet Cepillo Graell\u00a0 \u00a0 \u00a0 \u00a0 \u00a0 \u00a0 \u00a0 \u00a0 \u00a0 \u00a0 \u00a0 \u00a0 \u00a0 \u00a0 \u00a0 \u00a0 \u00a0 \u00a0 \u00a0 \u00a0 \u00a0 \u00a0 \u00a0 \u00a0 \u00a0 \u00a0 \u00a0 \u00a0 \u00a0 \u00a0<\/strong><\/td>\n<\/tr>\n<\/tbody>\n<\/table>\n<table style=\"width: 30.53%;\">\n<tbody>\n<tr>\n<td style=\"width: 100%;\">\n<h3>SIEI<\/h3>\n<\/td>\n<\/tr>\n<tr>\n<td style=\"width: 100%;\">Mestra<strong>: Laura Tarragona Morales\u00a0 \u00a0 \u00a0 \u00a0 <a href=\"mailto:siei@orcajuneda.cat\">siei@orcajuneda.cat<\/a><\/strong><\/p>\n<p>Educadora: <strong>M\u00f2nica Riat\u00f3s Quintana <a href=\"mailto:educadora@orcajuneda.cat\">educadora@orcajuneda.cat<\/a><\/strong><\/p>\n<p>Vetlladores:\u00a0 <strong>Dolors Pascual Sol\u00e9 \/\u00a0 \u00a0 \u00a0Esther Artigas Masot \/\u00a0 Aida Ca\u00f1o Isant<\/strong><\/td>\n<\/tr>\n<\/tbody>\n<\/table>\n<table style=\"height: 210px; width: 55.8859%;\" width=\"700\">\n<tbody>\n<tr>\n<td style=\"width: 100%;\">\n<h3>EQUIP DIRECTIU<\/h3>\n<\/td>\n<\/tr>\n<tr>\n<td style=\"width: 100%;\" valign=\"top\">Directora \u2013 <strong>Cristina Re\u00f1\u00e9 Huguet<\/strong><\/p>\n<p>Cap d\u2019Estudis- <strong>Carla Plana Blanco<\/strong><\/p>\n<p>Secret\u00e0ria \u2013 <strong>Eva Regu\u00e9 D\u00e9u<br \/>\n<\/strong><\/td>\n<\/tr>\n<\/tbody>\n<\/table>\n<table style=\"height: 208px; width: 55.3244%;\" width=\"700\">\n<tbody>\n<tr>\n<td style=\"width: 100%;\">\n<h3>SERVEIS EDUCATIUS<\/h3>\n<\/td>\n<\/tr>\n<tr>\n<td style=\"width: 100%;\" valign=\"top\">Psicopedagog- <strong>Tom\u00e0s S\u00e1nchez Pulido<\/strong> ( EAP)<\/p>\n<p>Logopeda \u2013 <strong>Agn\u00e9s Torrent Cab\u00fas<\/strong>(CREDA)<\/p>\n<p>Visuals &#8211; <strong>Meritxell Sol\u00e9<\/strong> (CREDV)<\/p>\n<p>Treballadora Social &#8211; <strong>Anna Ma Mart\u00ed<\/strong><\/td>\n<\/tr>\n<\/tbody>\n<\/table>\n<table style=\"height: 206px; width: 55.442%;\" width=\"700\">\n<tbody>\n<tr>\n<td style=\"width: 100%;\">\n<h3>PERSONAL NO DOCENT<\/h3>\n<\/td>\n<\/tr>\n<tr>\n<td style=\"width: 100%;\" valign=\"top\"><strong>Sheila P\u00e9rez Mart\u00edn <\/strong>\u00a0(administrativa)<\/p>\n<p><strong>Ma del Mar Arrufat\u00a0 \u00a0<\/strong>(subaltern)<\/td>\n<\/tr>\n<\/tbody>\n<\/table>\n<p>&nbsp;<\/p>\n","protected":false},"excerpt":{"rendered":"<p>&nbsp;<\/p>\n<p>EDUCACI\u00d3 INFANTIL<\/p>\n<p>I3 A- Ma Elisabeth Hidalgo Pi\u00f1ol\u00a0\u00a0 \u00a0\u00a0 \u00a0\u00a0 \u00a0\u00a0 \u00a0\u00a0 \u00a0\u00a0 \u00a0\u00a0 \u00a0 <a href=\"mailto:infantiltresA@orcajuneda.cat\">infantiltresA@orcajuneda.cat<\/a><br \/>\nI3 B- Cristina Pujol Parramon\u00a0 \u00a0 \u00a0 \u00a0 \u00a0 \u00a0 \u00a0 \u00a0\u00a0 \u00a0\u00a0 \u00a0\u00a0 \u00a0\u00a0 \u00a0 <a href=\"mailto:infantiltresB@orcajuneda.cat\">infantiltresB@orcajuneda.cat<\/a><br \/>\nI4 A- Anna Mateus Izquierdo\u00a0 \/\u00a0 \u00a0 \u00a0 \u00a0 \u00a0 \u00a0 \u00a0 \u00a0&hellip;  <a href=\"https:\/\/agora.xtec.cat\/ceip-orca\/lescola\/equip-huma\/\" title=\"Read Equip hum\u00e0 curs 2025-2026\">Llegeix m\u00e9s\u00bb<\/a><\/p>\n","protected":false},"author":14,"featured_media":0,"parent":22,"menu_order":0,"comment_status":"closed","ping_status":"closed","template":"","meta":{"_bbp_topic_count":0,"_bbp_reply_count":0,"_bbp_total_topic_count":0,"_bbp_total_reply_count":0,"_bbp_voice_count":0,"_bbp_anonymous_reply_count":0,"_bbp_topic_count_hidden":0,"_bbp_reply_count_hidden":0,"_bbp_forum_subforum_count":0,"footnotes":""},"class_list":["post-522","page","type-page","status-publish","hentry"],"post_mailing_queue_ids":[],"_links":{"self":[{"href":"https:\/\/agora.xtec.cat\/ceip-orca\/wp-json\/wp\/v2\/pages\/522","targetHints":{"allow":["GET"]}}],"collection":[{"href":"https:\/\/agora.xtec.cat\/ceip-orca\/wp-json\/wp\/v2\/pages"}],"about":[{"href":"https:\/\/agora.xtec.cat\/ceip-orca\/wp-json\/wp\/v2\/types\/page"}],"author":[{"embeddable":true,"href":"https:\/\/agora.xtec.cat\/ceip-orca\/wp-json\/wp\/v2\/users\/14"}],"replies":[{"embeddable":true,"href":"https:\/\/agora.xtec.cat\/ceip-orca\/wp-json\/wp\/v2\/comments?post=522"}],"version-history":[{"count":7,"href":"https:\/\/agora.xtec.cat\/ceip-orca\/wp-json\/wp\/v2\/pages\/522\/revisions"}],"predecessor-version":[{"id":7859,"href":"https:\/\/agora.xtec.cat\/ceip-orca\/wp-json\/wp\/v2\/pages\/522\/revisions\/7859"}],"up":[{"embeddable":true,"href":"https:\/\/agora.xtec.cat\/ceip-orca\/wp-json\/wp\/v2\/pages\/22"}],"wp:attachment":[{"href":"https:\/\/agora.xtec.cat\/ceip-orca\/wp-json\/wp\/v2\/media?parent=522"}],"curies":[{"name":"wp","href":"https:\/\/api.w.org\/{rel}","templated":true}]}}