{"id":366,"date":"2016-03-29T19:23:46","date_gmt":"2016-03-29T18:23:46","guid":{"rendered":"http:\/\/agora.xtec.cat\/ceip-onzedesetembre\/?page_id=366"},"modified":"2024-05-13T16:49:08","modified_gmt":"2024-05-13T14:49:08","slug":"normes-deducacio-infantil","status":"publish","type":"page","link":"https:\/\/agora.xtec.cat\/ceip-onzedesetembre\/lescola\/normes-deducacio-infantil\/","title":{"rendered":"Normes d&#8217;Educaci\u00f3 Infantil"},"content":{"rendered":"<p>Aquest \u00e9s un\u00a0recull de normes i h\u00e0bits per tal d\u2019aconseguir una bona coordinaci\u00f3 entre la fam\u00edlia i l\u2019escola, amb l\u2019objectiu com\u00fa d\u2019una educaci\u00f3 integral dels vostres fills i filles.<\/p>\n<p>&nbsp;<\/p>\n<p><strong><u>TOT HA D&#8217;ESTAR MARCAT AMB EL NOM I COGNOM<\/u><\/strong><\/p>\n<p>Els nens\/es de 3 anys portaran cada mat\u00ed la bata posada de casa i se l\u2019enduran a la tarda.<\/p>\n<p>Haurien de venir a l\u2019escola amb roba c\u00f2moda, sense petos, cinturons ni tirants i cal\u00e7at de velcro per facilitar la seva autonomia.<\/p>\n<p>&nbsp;<\/p>\n<p><strong><u>L\u2019ESMORZAR<\/u><\/strong><\/p>\n<p>Recomanem que portin un <u>petit esmorzar<\/u> per a mig mat\u00ed, a ser possible\u00a0 en una carmanyola, amb un tovall\u00f3 i tot dins d\u2019una bossa de roba.<\/p>\n<p>&nbsp;<\/p>\n<p><strong><u>LLAMINADURES I ANIVERSARIS<\/u><\/strong><br \/>\nLes invitacions a festes privades s\u2019han de repartir fora de l\u2019escola, per evitar situacions conflictives.<\/p>\n<p>A l\u2019aula es celebrar\u00e0 l\u2019aniversari de manera simb\u00f2lica (corona, can\u00e7\u00f3, espelmes&#8230;) i no s\u2019han de portar llaminadures.<\/p>\n<p>&nbsp;<\/p>\n<p><strong> <u>ENTRADES I SORTIDES<\/u><u> (Porta Educaci\u00f3 Infantil)<\/u><\/strong><\/p>\n<p>L&#8217;entrada \u00e9s ales 9h del mat\u00ed i a les 15h de la tarda. La sortida \u00e9s a les 12.30h i a les 16.30h.<br \/>\nAL NEN PETIT LI AGRADA SENTIR-SE ESPERAT, per tant heu de ser puntuals a l\u2019hora de venir-los a buscar (12:30h i 16:30h).<\/p>\n<p>\u00c9s molt important la PUNTUALITAT a les hores d\u2019entrada\u00a0 a l\u2019escola,\u00a0 per a que el nen\/a pugui participar de l\u2019acollida general i comen\u00e7ar les activitats juntament amb els seus companys i companyes.<\/p>\n<p>Els retards s\u2019han de justificar.<\/p>\n<p>Si hi ha algun canvi respecte a la persona que ve a buscar al nen o a la nena, cal avisar amb antelaci\u00f3 a la tutora mitjan\u00e7ant l\u2019autoritzaci\u00f3 corresponent.<\/p>\n<p>&nbsp;<\/p>\n<p><strong><u>NENS\/ES DE MENJADOR<\/u><\/strong><\/p>\n<p>Menjador: Els alumnes que s\u2019hagin de quedar espor\u00e0dicament, s\u2019ha d\u2019avisar a la coordinadora de serveis abans de les 10h i cal que portin un pitet i un llen\u00e7ol ajustable.<\/p>\n<p>Els nens\/es que s\u00f3n fixes, quan algun dia no s\u2019hagin de quedar tamb\u00e9 hauran d\u2019avisar a la coordinadora de serveis abans de les 10h.<\/p>\n<p>Sempre que hi hagi alguna alta o baixa del menjador i\/o extraescolars s&#8217;ha de notificar per escrit a la coordinadora de Serveis.<\/p>\n<p>&nbsp;<\/p>\n<p><span style=\"text-decoration: underline;\"><strong>MEDICAMENTS<\/strong><\/span><\/p>\n<p>Quan el nen o nena ha de seguir una medicaci\u00f3, la fam\u00edlia ha d\u2019intentar quadrar l\u2019horari de les dosis per a qu\u00e8 <u>no coincideixi amb les hores de classe.<\/u><\/p>\n<p>Nom\u00e9s en cas que sigui imprescindible cal que porteu la recepta indicant\u00a0 a la capsa el nom del nen\/a i la pauta d\u2019administraci\u00f3. Tamb\u00e9 ens cal l\u2019autoritzaci\u00f3 firmada per la fam\u00edlia per poder donar-lo.<\/p>\n<p>En el cas de patir una malaltia contagiosa (conjuntivitis,varicel\u00b7la,&#8230;) l\u2019alumne\/a ha de romandre a casa fins que el metge ho consideri adequat.<\/p>\n<p><em>En cas de polls, l\u2019alumne\/a infectat\/da s\u2019ha de quedar a casa fins que la situaci\u00f3 estigui normalitzada.<\/em><\/p>\n<p>Si l\u2019alumne\/a es fa mal en horari escolar i requereix \u00e9sser at\u00e8s d\u2019urg\u00e8ncia per un metge, s\u2019avisar\u00e0 a la fam\u00edlia per a que l\u2019acompanyi. Si no \u00e9s possible \u00a0des de l\u2019escola es faran \u00a0les actuacions oportunes.<\/p>\n<p>&nbsp;<\/p>\n<p><strong><u>SORTIDES I EXCURSIONS<\/u><\/strong><\/p>\n<p>\u00c9s molt important que els nens assisteixin a totes les sortides i excursions que s\u2019organitzin.<\/p>\n<p>Haureu\u00a0 de\u00a0 signar una \u00fanica\u00a0 autoritzaci\u00f3 per totes les sortides del curs.<\/p>\n<p>&nbsp;<\/p>\n<p><strong><u>REUNIONS,\u00a0 INFORMES I ENTREVISTES<\/u><\/strong><\/p>\n<p>La comunicaci\u00f3 amb les fam\u00edlies es far\u00e0 mitjan\u00e7ant diferents canals:<\/p>\n<p><span style=\"text-decoration: underline;\">A I3:<\/span><\/p>\n<p>&#8211; Abans de la incorporaci\u00f3 de l\u2019alumnat al centre s\u2019informar\u00e0 a les fam\u00edlies en una reuni\u00f3 sobre els temes de funcionament del curs (adaptaci\u00f3, materials, normes&#8230;)<\/p>\n<p>&#8211; En una reuni\u00f3 al comen\u00e7ament del curs, per a informar dels aspectes m\u00e9s importants que es desenvoluparan al llarg del curs.<\/p>\n<p>&#8211; Hi haur\u00e0 una entrevista personal a l\u2019any, i si s\u2019escau, les necess\u00e0ries, demanades pels mestres o pares, per a fer un seguiment del nen\/a.<\/p>\n<p><strong>Aquestes entrevistes es faran els dimecres de 12:30h a 13:45h. <\/strong><\/p>\n<p>&#8211;\u00a0 Dos informes escrits que avaluen l\u2019evoluci\u00f3 dels alumnes, lliurats al gener i al juny.<\/p>\n<p><span style=\"text-decoration: underline;\">A I4 i a I5:<\/span><\/p>\n<p>&#8211; Una reuni\u00f3 al comen\u00e7ament del curs, per a informar dels aspectes m\u00e9s importants que es desenvoluparan al llarg del curs.<\/p>\n<p>&#8211; Una entrevista personal a l\u2019any, i si s\u2019escau, les necess\u00e0ries, demanades pels mestres o pares, per a fer un seguiment del nen\/a.<\/p>\n<p><strong>Aquestes entrevistes es faran els dimecres de 12:30h a 13:45h.<\/strong><\/p>\n<p><strong>\u00a0&#8211;\u00a0<\/strong>Dos informes que avaluen l\u2019evoluci\u00f3 dels alumnes lliurats al gener i al juny.<\/p>\n<p>&nbsp;<\/p>\n<p><strong><u>NOTIFICACIONS ALS PARES<\/u><\/strong><\/p>\n<p>Les informacions importants\u00a0 i\u00a0 de\u00a0 funcionament\u00a0 ordinari\u00a0 es donaran per escrit a cada alumne\/a.\u00a0 A nivell d\u2019escola s\u2019envien informacions per correu electr\u00f2nic. A nivell AMPA mitjan\u00e7ant el\/la delegat\/da de classe.<\/p>\n<p>&nbsp;<\/p>\n<p><span style=\"text-decoration: underline;\"><strong>Q\u00dcESTIONS D\u2019AUTONOMIA PERSONAL<\/strong><\/span><\/p>\n<p>Segur que ja ho feu per\u00f2 us recordem que estaria b\u00e9 que continu\u00e9ssiu \u00a0treballant els seg\u00fcents h\u00e0bits per tal d\u2019afavorir l\u2019autonomia dels vostres fill\/-es:<\/p>\n<ul>\n<li>Mocar-se<\/li>\n<li>Anar sols al lavabo, pujar-se i baixar-se les calcetes o cal\u00e7otets, eixugar-se, rentar-se les mans,\u2026<\/li>\n<li>Comen\u00e7ar-se a treure i posar la jaqueta, \u2026<\/li>\n<li>Cordar-se i descordar-se els botons.<\/li>\n<\/ul>\n","protected":false},"excerpt":{"rendered":"<p>Aquest \u00e9s un\u00a0recull de normes i h\u00e0bits per tal d\u2019aconseguir una bona coordinaci\u00f3 entre la fam\u00edlia i l\u2019escola, amb l\u2019objectiu com\u00fa d\u2019una educaci\u00f3 integral dels vostres fills i filles.<br \/>\n&nbsp;<br \/>\nTOT HA D&#8217;ESTAR MARCAT AMB EL NOM I COGNOM<br \/>\nEls nens\/es de 3 anys portaran cada mat\u00ed la&hellip;  <a href=\"https:\/\/agora.xtec.cat\/ceip-onzedesetembre\/lescola\/normes-deducacio-infantil\/\" title=\"Read Normes d&#8217;Educaci\u00f3 Infantil\">Llegeix m\u00e9s\u00bb<\/a><\/p>\n","protected":false},"author":3,"featured_media":0,"parent":22,"menu_order":0,"comment_status":"closed","ping_status":"closed","template":"","meta":{"_bbp_topic_count":0,"_bbp_reply_count":0,"_bbp_total_topic_count":0,"_bbp_total_reply_count":0,"_bbp_voice_count":0,"_bbp_anonymous_reply_count":0,"_bbp_topic_count_hidden":0,"_bbp_reply_count_hidden":0,"_bbp_forum_subforum_count":0,"footnotes":""},"class_list":["post-366","page","type-page","status-publish","hentry"],"post_mailing_queue_ids":[],"_links":{"self":[{"href":"https:\/\/agora.xtec.cat\/ceip-onzedesetembre\/wp-json\/wp\/v2\/pages\/366","targetHints":{"allow":["GET"]}}],"collection":[{"href":"https:\/\/agora.xtec.cat\/ceip-onzedesetembre\/wp-json\/wp\/v2\/pages"}],"about":[{"href":"https:\/\/agora.xtec.cat\/ceip-onzedesetembre\/wp-json\/wp\/v2\/types\/page"}],"author":[{"embeddable":true,"href":"https:\/\/agora.xtec.cat\/ceip-onzedesetembre\/wp-json\/wp\/v2\/users\/3"}],"replies":[{"embeddable":true,"href":"https:\/\/agora.xtec.cat\/ceip-onzedesetembre\/wp-json\/wp\/v2\/comments?post=366"}],"version-history":[{"count":6,"href":"https:\/\/agora.xtec.cat\/ceip-onzedesetembre\/wp-json\/wp\/v2\/pages\/366\/revisions"}],"predecessor-version":[{"id":2952,"href":"https:\/\/agora.xtec.cat\/ceip-onzedesetembre\/wp-json\/wp\/v2\/pages\/366\/revisions\/2952"}],"up":[{"embeddable":true,"href":"https:\/\/agora.xtec.cat\/ceip-onzedesetembre\/wp-json\/wp\/v2\/pages\/22"}],"wp:attachment":[{"href":"https:\/\/agora.xtec.cat\/ceip-onzedesetembre\/wp-json\/wp\/v2\/media?parent=366"}],"curies":[{"name":"wp","href":"https:\/\/api.w.org\/{rel}","templated":true}]}}