{"id":36,"date":"2014-09-18T12:33:11","date_gmt":"2014-09-18T11:33:11","guid":{"rendered":"http:\/\/agora.xtec.cat\/ceip-onzedesetembre\/?page_id=36"},"modified":"2025-07-02T11:34:48","modified_gmt":"2025-07-02T09:34:48","slug":"material-escolar","status":"publish","type":"page","link":"https:\/\/agora.xtec.cat\/ceip-onzedesetembre\/lescola\/material-escolar\/","title":{"rendered":"Material escolar"},"content":{"rendered":"<p><strong>Descripci\u00f3 i enumeraci\u00f3 del material escolar que els alumnes <\/strong><strong>i fam\u00edlies necessitaran per al nivell educatiu corresponent:\u00a0<\/strong><\/p>\n<p><a href=\"https:\/\/agora.xtec.cat\/ceip-onzedesetembre\/wp-content\/uploads\/usu702\/2025\/07\/LLIBRES-DE-TEXTS-2025-2026.jpg\"><img loading=\"lazy\" decoding=\"async\" class=\"wp-image-3381 alignright\" src=\"https:\/\/agora.xtec.cat\/ceip-onzedesetembre\/wp-content\/uploads\/usu702\/2025\/07\/LLIBRES-DE-TEXTS-2025-2026-724x1024.jpg\" alt=\"\" width=\"555\" height=\"785\" srcset=\"https:\/\/agora.xtec.cat\/ceip-onzedesetembre\/wp-content\/uploads\/usu702\/2025\/07\/LLIBRES-DE-TEXTS-2025-2026-724x1024.jpg 724w, https:\/\/agora.xtec.cat\/ceip-onzedesetembre\/wp-content\/uploads\/usu702\/2025\/07\/LLIBRES-DE-TEXTS-2025-2026-212x300.jpg 212w, https:\/\/agora.xtec.cat\/ceip-onzedesetembre\/wp-content\/uploads\/usu702\/2025\/07\/LLIBRES-DE-TEXTS-2025-2026-768x1086.jpg 768w, https:\/\/agora.xtec.cat\/ceip-onzedesetembre\/wp-content\/uploads\/usu702\/2025\/07\/LLIBRES-DE-TEXTS-2025-2026-1086x1536.jpg 1086w, https:\/\/agora.xtec.cat\/ceip-onzedesetembre\/wp-content\/uploads\/usu702\/2025\/07\/LLIBRES-DE-TEXTS-2025-2026.jpg 1414w\" sizes=\"auto, (max-width: 555px) 100vw, 555px\" \/><\/a><\/p>\n<p><a href=\"https:\/\/agora.xtec.cat\/ceip-onzedesetembre\/wp-content\/uploads\/usu702\/2024\/07\/0-EI-24-25.pdf\">Llibres d&#8217;Educaci\u00f3 Infantil<\/a><\/p>\n<p><a href=\"https:\/\/agora.xtec.cat\/ceip-onzedesetembre\/wp-content\/uploads\/usu702\/2025\/07\/1-1r-25-26.pdf\">Llibres de 1r<\/a><\/p>\n<p><a href=\"https:\/\/agora.xtec.cat\/ceip-onzedesetembre\/wp-content\/uploads\/usu702\/2025\/07\/2-2n-25-26.pdf\">Llibres de 2n<\/a><\/p>\n<p><a href=\"https:\/\/agora.xtec.cat\/ceip-onzedesetembre\/wp-content\/uploads\/usu702\/2025\/07\/3-3r-25-26.pdf\">Llibres de 3r<\/a><\/p>\n<p><a href=\"https:\/\/agora.xtec.cat\/ceip-onzedesetembre\/wp-content\/uploads\/usu702\/2025\/07\/4-4t-25-26.pdf\">Llibres de 4t<\/a><\/p>\n<p><a href=\"https:\/\/agora.xtec.cat\/ceip-onzedesetembre\/wp-content\/uploads\/usu702\/2025\/07\/5-5e-25-26.pdf\">Llibres de 5\u00e8<\/a><\/p>\n<p><a href=\"https:\/\/agora.xtec.cat\/ceip-onzedesetembre\/wp-content\/uploads\/usu702\/2025\/07\/6-6e-25-26.pdf\">Llibres de 6\u00e8<\/a><\/p>\n<p><a href=\"https:\/\/agora.xtec.cat\/ceip-onzedesetembre\/wp-content\/uploads\/usu702\/2025\/07\/7-1rESO-25-26.pdf\">Llibres\u00a0 1r ESO<\/a><\/p>\n<p><a href=\"https:\/\/agora.xtec.cat\/ceip-onzedesetembre\/wp-content\/uploads\/usu702\/2025\/07\/8-2n-ESO-25-26.pdf\">Llibres\u00a0 2n ESO<\/a><\/p>\n<p><a href=\"https:\/\/agora.xtec.cat\/ceip-onzedesetembre\/wp-content\/uploads\/usu702\/2025\/07\/9-3rESO-25-26.pdf\">Llibres\u00a0 3r ESO<\/a><\/p>\n<p><a href=\"https:\/\/agora.xtec.cat\/ceip-onzedesetembre\/wp-content\/uploads\/usu702\/2024\/07\/10-4tESO-24-25.pdf\">Llibres 4t ESO<\/a><\/p>\n","protected":false},"excerpt":{"rendered":"<p>Descripci\u00f3 i enumeraci\u00f3 del material escolar que els alumnes i fam\u00edlies necessitaran per al nivell educatiu corresponent:\u00a0<br \/>\n<a href=\"https:\/\/agora.xtec.cat\/ceip-onzedesetembre\/wp-content\/uploads\/usu702\/2025\/07\/LLIBRES-DE-TEXTS-2025-2026.jpg\"><\/a><br \/>\n<a href=\"https:\/\/agora.xtec.cat\/ceip-onzedesetembre\/wp-content\/uploads\/usu702\/2024\/07\/0-EI-24-25.pdf\">Llibres d&#8217;Educaci\u00f3 Infantil<\/a><br \/>\n<a href=\"https:\/\/agora.xtec.cat\/ceip-onzedesetembre\/wp-content\/uploads\/usu702\/2025\/07\/1-1r-25-26.pdf\">Llibres de 1r<\/a><br \/>\n<a href=\"https:\/\/agora.xtec.cat\/ceip-onzedesetembre\/wp-content\/uploads\/usu702\/2025\/07\/2-2n-25-26.pdf\">Llibres de 2n<\/a><br \/>\n<a href=\"https:\/\/agora.xtec.cat\/ceip-onzedesetembre\/wp-content\/uploads\/usu702\/2025\/07\/3-3r-25-26.pdf\">Llibres de 3r<\/a><br \/>\n<a href=\"https:\/\/agora.xtec.cat\/ceip-onzedesetembre\/wp-content\/uploads\/usu702\/2025\/07\/4-4t-25-26.pdf\">Llibres de 4t<\/a><br \/>\n<a href=\"https:\/\/agora.xtec.cat\/ceip-onzedesetembre\/wp-content\/uploads\/usu702\/2025\/07\/5-5e-25-26.pdf\">Llibres de 5\u00e8<\/a><br \/>\n<a href=\"https:\/\/agora.xtec.cat\/ceip-onzedesetembre\/wp-content\/uploads\/usu702\/2025\/07\/6-6e-25-26.pdf\">Llibres de 6\u00e8<\/a><br \/>\n<a href=\"https:\/\/agora.xtec.cat\/ceip-onzedesetembre\/wp-content\/uploads\/usu702\/2025\/07\/7-1rESO-25-26.pdf\">Llibres\u00a0 1r ESO<\/a><br \/>\n<a href=\"https:\/\/agora.xtec.cat\/ceip-onzedesetembre\/wp-content\/uploads\/usu702\/2025\/07\/8-2n-ESO-25-26.pdf\">Llibres\u00a0 2n ESO<\/a><br \/>\n<a&hellip;  <a href=\"https:\/\/agora.xtec.cat\/ceip-onzedesetembre\/lescola\/material-escolar\/\" title=\"Read Material escolar\">Llegeix m\u00e9s\u00bb<\/a><\/p>\n","protected":false},"author":1,"featured_media":0,"parent":22,"menu_order":70,"comment_status":"closed","ping_status":"closed","template":"page-templates\/side-menu.php","meta":{"_bbp_topic_count":0,"_bbp_reply_count":0,"_bbp_total_topic_count":0,"_bbp_total_reply_count":0,"_bbp_voice_count":0,"_bbp_anonymous_reply_count":0,"_bbp_topic_count_hidden":0,"_bbp_reply_count_hidden":0,"_bbp_forum_subforum_count":0,"footnotes":""},"class_list":["post-36","page","type-page","status-publish","hentry"],"post_mailing_queue_ids":[],"_links":{"self":[{"href":"https:\/\/agora.xtec.cat\/ceip-onzedesetembre\/wp-json\/wp\/v2\/pages\/36","targetHints":{"allow":["GET"]}}],"collection":[{"href":"https:\/\/agora.xtec.cat\/ceip-onzedesetembre\/wp-json\/wp\/v2\/pages"}],"about":[{"href":"https:\/\/agora.xtec.cat\/ceip-onzedesetembre\/wp-json\/wp\/v2\/types\/page"}],"author":[{"embeddable":true,"href":"https:\/\/agora.xtec.cat\/ceip-onzedesetembre\/wp-json\/wp\/v2\/users\/1"}],"replies":[{"embeddable":true,"href":"https:\/\/agora.xtec.cat\/ceip-onzedesetembre\/wp-json\/wp\/v2\/comments?post=36"}],"version-history":[{"count":8,"href":"https:\/\/agora.xtec.cat\/ceip-onzedesetembre\/wp-json\/wp\/v2\/pages\/36\/revisions"}],"predecessor-version":[{"id":3382,"href":"https:\/\/agora.xtec.cat\/ceip-onzedesetembre\/wp-json\/wp\/v2\/pages\/36\/revisions\/3382"}],"up":[{"embeddable":true,"href":"https:\/\/agora.xtec.cat\/ceip-onzedesetembre\/wp-json\/wp\/v2\/pages\/22"}],"wp:attachment":[{"href":"https:\/\/agora.xtec.cat\/ceip-onzedesetembre\/wp-json\/wp\/v2\/media?parent=36"}],"curies":[{"name":"wp","href":"https:\/\/api.w.org\/{rel}","templated":true}]}}

<p><strong>Descripció i enumeració del material escolar que els alumnes </strong><strong>i famílies necessitaran per al nivell educatiu corresponent: </strong></p>
<p><a href="https://agora.xtec.cat/ceip-onzedesetembre/wp-content/uploads/usu702/2025/07/LLIBRES-DE-TEXTS-2025-2026.jpg"><img loading="lazy" decoding="async" class="wp-image-3381 alignright" src="https://agora.xtec.cat/ceip-onzedesetembre/wp-content/uploads/usu702/2025/07/LLIBRES-DE-TEXTS-2025-2026-724x1024.jpg" alt="" width="555" height="785" srcset="https://agora.xtec.cat/ceip-onzedesetembre/wp-content/uploads/usu702/2025/07/LLIBRES-DE-TEXTS-2025-2026-724x1024.jpg 724w, https://agora.xtec.cat/ceip-onzedesetembre/wp-content/uploads/usu702/2025/07/LLIBRES-DE-TEXTS-2025-2026-212x300.jpg 212w, https://agora.xtec.cat/ceip-onzedesetembre/wp-content/uploads/usu702/2025/07/LLIBRES-DE-TEXTS-2025-2026-768x1086.jpg 768w, https://agora.xtec.cat/ceip-onzedesetembre/wp-content/uploads/usu702/2025/07/LLIBRES-DE-TEXTS-2025-2026-1086x1536.jpg 1086w, https://agora.xtec.cat/ceip-onzedesetembre/wp-content/uploads/usu702/2025/07/LLIBRES-DE-TEXTS-2025-2026.jpg 1414w" sizes="auto, (max-width: 555px) 100vw, 555px" /></a></p>
<p><a href="https://agora.xtec.cat/ceip-onzedesetembre/wp-content/uploads/usu702/2024/07/0-EI-24-25.pdf">Llibres d&#8217;Educació Infantil</a></p>
<p><a href="https://agora.xtec.cat/ceip-onzedesetembre/wp-content/uploads/usu702/2025/07/1-1r-25-26.pdf">Llibres de 1r</a></p>
<p><a href="https://agora.xtec.cat/ceip-onzedesetembre/wp-content/uploads/usu702/2025/07/2-2n-25-26.pdf">Llibres de 2n</a></p>
<p><a href="https://agora.xtec.cat/ceip-onzedesetembre/wp-content/uploads/usu702/2025/07/3-3r-25-26.pdf">Llibres de 3r</a></p>
<p><a href="https://agora.xtec.cat/ceip-onzedesetembre/wp-content/uploads/usu702/2025/07/4-4t-25-26.pdf">Llibres de 4t</a></p>
<p><a href="https://agora.xtec.cat/ceip-onzedesetembre/wp-content/uploads/usu702/2025/07/5-5e-25-26.pdf">Llibres de 5è</a></p>
<p><a href="https://agora.xtec.cat/ceip-onzedesetembre/wp-content/uploads/usu702/2025/07/6-6e-25-26.pdf">Llibres de 6è</a></p>
<p><a href="https://agora.xtec.cat/ceip-onzedesetembre/wp-content/uploads/usu702/2025/07/7-1rESO-25-26.pdf">Llibres  1r ESO</a></p>
<p><a href="https://agora.xtec.cat/ceip-onzedesetembre/wp-content/uploads/usu702/2025/07/8-2n-ESO-25-26.pdf">Llibres  2n ESO</a></p>
<p><a href="https://agora.xtec.cat/ceip-onzedesetembre/wp-content/uploads/usu702/2025/07/9-3rESO-25-26.pdf">Llibres  3r ESO</a></p>
<p><a href="https://agora.xtec.cat/ceip-onzedesetembre/wp-content/uploads/usu702/2024/07/10-4tESO-24-25.pdf">Llibres 4t ESO</a></p>

<p>Descripció i enumeració del material escolar que els alumnes i famílies necessitaran per al nivell educatiu corresponent: <br />
<a href="https://agora.xtec.cat/ceip-onzedesetembre/wp-content/uploads/usu702/2025/07/LLIBRES-DE-TEXTS-2025-2026.jpg"></a><br />
<a href="https://agora.xtec.cat/ceip-onzedesetembre/wp-content/uploads/usu702/2024/07/0-EI-24-25.pdf">Llibres d&#8217;Educació Infantil</a><br />
<a href="https://agora.xtec.cat/ceip-onzedesetembre/wp-content/uploads/usu702/2025/07/1-1r-25-26.pdf">Llibres de 1r</a><br />
<a href="https://agora.xtec.cat/ceip-onzedesetembre/wp-content/uploads/usu702/2025/07/2-2n-25-26.pdf">Llibres de 2n</a><br />
<a href="https://agora.xtec.cat/ceip-onzedesetembre/wp-content/uploads/usu702/2025/07/3-3r-25-26.pdf">Llibres de 3r</a><br />
<a href="https://agora.xtec.cat/ceip-onzedesetembre/wp-content/uploads/usu702/2025/07/4-4t-25-26.pdf">Llibres de 4t</a><br />
<a href="https://agora.xtec.cat/ceip-onzedesetembre/wp-content/uploads/usu702/2025/07/5-5e-25-26.pdf">Llibres de 5è</a><br />
<a href="https://agora.xtec.cat/ceip-onzedesetembre/wp-content/uploads/usu702/2025/07/6-6e-25-26.pdf">Llibres de 6è</a><br />
<a href="https://agora.xtec.cat/ceip-onzedesetembre/wp-content/uploads/usu702/2025/07/7-1rESO-25-26.pdf">Llibres  1r ESO</a><br />
<a href="https://agora.xtec.cat/ceip-onzedesetembre/wp-content/uploads/usu702/2025/07/8-2n-ESO-25-26.pdf">Llibres  2n ESO</a><br />
<a&hellip;  <a href="https://agora.xtec.cat/ceip-onzedesetembre/lescola/material-escolar/" title="Read Material escolar">Llegeix més»</a></p>
