{"id":34,"date":"2014-09-18T12:32:18","date_gmt":"2014-09-18T11:32:18","guid":{"rendered":"http:\/\/agora.xtec.cat\/ceip-onzedesetembre\/?page_id=34"},"modified":"2024-05-13T16:32:58","modified_gmt":"2024-05-13T14:32:58","slug":"oferta-educativa","status":"publish","type":"page","link":"https:\/\/agora.xtec.cat\/ceip-onzedesetembre\/lescola\/oferta-educativa\/","title":{"rendered":"Oferta educativa"},"content":{"rendered":"<p>Som un centre d&#8217;educaci\u00f3 p\u00fablic, format per tres Etapes: la d\u2019Educaci\u00f3 Infantil, Prim\u00e0ria i Secund\u00e0ria.<\/p>\n<p>&nbsp;<\/p>\n<ul>\n<li>Educaci\u00f3 Infantil\n<ul style=\"list-style-type: circle;\">\n<li>Segon cicle\n<ul>\n<li>I3 <em>(Una l\u00ednia)<\/em><\/li>\n<li>I4 <em>(Una l\u00ednia)<\/em><\/li>\n<li>I5 <em>(Una l\u00ednia)<a href=\"https:\/\/agora.xtec.cat\/ceip-onzedesetembre\/wp-content\/uploads\/usu702\/2024\/05\/Brown-and-Yellow-Scrapbook-Brainstorm-Presentation.jpg\"><img loading=\"lazy\" decoding=\"async\" class=\"wp-image-2946 alignright\" src=\"https:\/\/agora.xtec.cat\/ceip-onzedesetembre\/wp-content\/uploads\/usu702\/2024\/05\/Brown-and-Yellow-Scrapbook-Brainstorm-Presentation-1024x576.jpg\" alt=\"\" width=\"600\" height=\"337\" srcset=\"https:\/\/agora.xtec.cat\/ceip-onzedesetembre\/wp-content\/uploads\/usu702\/2024\/05\/Brown-and-Yellow-Scrapbook-Brainstorm-Presentation-1024x576.jpg 1024w, https:\/\/agora.xtec.cat\/ceip-onzedesetembre\/wp-content\/uploads\/usu702\/2024\/05\/Brown-and-Yellow-Scrapbook-Brainstorm-Presentation-300x169.jpg 300w, https:\/\/agora.xtec.cat\/ceip-onzedesetembre\/wp-content\/uploads\/usu702\/2024\/05\/Brown-and-Yellow-Scrapbook-Brainstorm-Presentation-768x432.jpg 768w, https:\/\/agora.xtec.cat\/ceip-onzedesetembre\/wp-content\/uploads\/usu702\/2024\/05\/Brown-and-Yellow-Scrapbook-Brainstorm-Presentation-1536x864.jpg 1536w, https:\/\/agora.xtec.cat\/ceip-onzedesetembre\/wp-content\/uploads\/usu702\/2024\/05\/Brown-and-Yellow-Scrapbook-Brainstorm-Presentation.jpg 1920w\" sizes=\"auto, (max-width: 600px) 100vw, 600px\" \/><\/a><\/em><\/li>\n<\/ul>\n<\/li>\n<\/ul>\n<\/li>\n<li>Educaci\u00f3 Prim\u00e0ria\n<ul>\n<li>Cicle Inicial\n<ul style=\"list-style-type: square;\">\n<li>1r <em>(una l\u00ednia)<\/em><\/li>\n<li>2n (Una<em>\u00a0l\u00ednia)<\/em><\/li>\n<\/ul>\n<\/li>\n<li>Cicle Mitj\u00e0\n<ul style=\"list-style-type: square;\">\n<li>3r <em>(Dues l\u00ednies)<\/em><\/li>\n<li>4t\u00a0<em>(Una l\u00ednia)<\/em><\/li>\n<\/ul>\n<\/li>\n<li>Cicle Superior\n<ul style=\"list-style-type: square;\">\n<li>5\u00e8 <em>(Una l\u00ednia)<\/em><\/li>\n<li>6\u00e8\u00a0<em>(Dues l\u00ednies)<\/em><\/li>\n<\/ul>\n<\/li>\n<\/ul>\n<\/li>\n<li>Educaci\u00f3 Secund\u00e0ria\n<ul>\n<li style=\"list-style-type: none;\">\n<ul>\n<li>1r ESO\u00a0 <em>(Una l\u00ednia)<\/em><\/li>\n<li>2n ESO (Dues l\u00ednies)<\/li>\n<li>3r ESO <em>(Una l\u00ednia)<\/em><\/li>\n<li>4t ESO (Una l\u00ednia)<\/li>\n<\/ul>\n<\/li>\n<\/ul>\n<\/li>\n<\/ul>\n","protected":false},"excerpt":{"rendered":"<p>Som un centre d&#8217;educaci\u00f3 p\u00fablic, format per tres Etapes: la d\u2019Educaci\u00f3 Infantil, Prim\u00e0ria i Secund\u00e0ria.<br \/>\n&nbsp;<\/p>\n<ul>\n<li>Educaci\u00f3 Infantil\n<ul style=\"list-style-type: circle;\">\n<li>Segon cicle\n<ul>\n<li>I3 (Una l\u00ednia)<\/li>\n<li>I4 (Una l\u00ednia)<\/li>\n<li>I5 (Una l\u00ednia)<a href=\"https:\/\/agora.xtec.cat\/ceip-onzedesetembre\/wp-content\/uploads\/usu702\/2024\/05\/Brown-and-Yellow-Scrapbook-Brainstorm-Presentation.jpg\"><\/a><\/li>\n<\/ul>\n<\/li>\n<\/ul>\n<\/li>\n<li>Educaci\u00f3 Prim\u00e0ria\n<ul>\n<li>Cicle Inicial\n<ul style=\"list-style-type: square;\">\n<li>1r (una l\u00ednia)<\/li>\n<li>2n (Una\u00a0l\u00ednia)<\/li>\n<\/ul>\n<\/li>\n<li>Cicle Mitj\u00e0\n<ul style=\"list-style-type: square;\">\n<li>3r (Dues l\u00ednies)<\/li>\n<li>4t\u00a0(Una l\u00ednia)<\/li>\n<\/ul>\n<\/li>\n<li>Cicle Superior\n<ul style=\"list-style-type: square;\">\n<li>5\u00e8 (Una l\u00ednia)<\/li>\n<li>6\u00e8\u00a0(Dues l\u00ednies)<\/li>\n<\/ul>\n<\/li>\n<\/ul>\n<\/li>\n<li>Educaci\u00f3&hellip;  <a href=\"https:\/\/agora.xtec.cat\/ceip-onzedesetembre\/lescola\/oferta-educativa\/\" title=\"Read Oferta educativa\">Llegeix m\u00e9s\u00bb<\/a><br \/>\n","protected":false},"author":1,"featured_media":0,"parent":22,"menu_order":60,"comment_status":"closed","ping_status":"closed","template":"page-templates\/side-menu.php","meta":{"_bbp_topic_count":0,"_bbp_reply_count":0,"_bbp_total_topic_count":0,"_bbp_total_reply_count":0,"_bbp_voice_count":0,"_bbp_anonymous_reply_count":0,"_bbp_topic_count_hidden":0,"_bbp_reply_count_hidden":0,"_bbp_forum_subforum_count":0,"footnotes":""},"class_list":["post-34","page","type-page","status-publish","hentry"],"post_mailing_queue_ids":[],"_links":{"self":[{"href":"https:\/\/agora.xtec.cat\/ceip-onzedesetembre\/wp-json\/wp\/v2\/pages\/34","targetHints":{"allow":["GET"]}}],"collection":[{"href":"https:\/\/agora.xtec.cat\/ceip-onzedesetembre\/wp-json\/wp\/v2\/pages"}],"about":[{"href":"https:\/\/agora.xtec.cat\/ceip-onzedesetembre\/wp-json\/wp\/v2\/types\/page"}],"author":[{"embeddable":true,"href":"https:\/\/agora.xtec.cat\/ceip-onzedesetembre\/wp-json\/wp\/v2\/users\/1"}],"replies":[{"embeddable":true,"href":"https:\/\/agora.xtec.cat\/ceip-onzedesetembre\/wp-json\/wp\/v2\/comments?post=34"}],"version-history":[{"count":7,"href":"https:\/\/agora.xtec.cat\/ceip-onzedesetembre\/wp-json\/wp\/v2\/pages\/34\/revisions"}],"predecessor-version":[{"id":2948,"href":"https:\/\/agora.xtec.cat\/ceip-onzedesetembre\/wp-json\/wp\/v2\/pages\/34\/revisions\/2948"}],"up":[{"embeddable":true,"href":"https:\/\/agora.xtec.cat\/ceip-onzedesetembre\/wp-json\/wp\/v2\/pages\/22"}],"wp:attachment":[{"href":"https:\/\/agora.xtec.cat\/ceip-onzedesetembre\/wp-json\/wp\/v2\/media?parent=34"}],"curies":[{"name":"wp","href":"https:\/\/api.w.org\/{rel}","templated":true}]}}