{"id":318,"date":"2016-03-27T21:27:23","date_gmt":"2016-03-27T20:27:23","guid":{"rendered":"http:\/\/agora.xtec.cat\/ceip-onzedesetembre\/?page_id=318"},"modified":"2018-09-20T15:14:26","modified_gmt":"2018-09-20T13:14:26","slug":"projectes-de-suport-pedagogic","status":"publish","type":"page","link":"https:\/\/agora.xtec.cat\/ceip-onzedesetembre\/projectes-de-suport-pedagogic\/","title":{"rendered":"Projectes de suport pedag\u00f2gic"},"content":{"rendered":"<ul>\n<li><span class=\"fs28 ff1 cf4\"><b>Pla d&#8217;inform\u00e0tica.<br \/>\n<\/b><\/span><\/li>\n<li><span class=\"ff1 cf4 fs28\"><b>Psicomotricitat a Educaci\u00f3 Infantil.<br \/>\n<\/b><\/span><\/li>\n<li><span class=\"ff1 cf4 fs28\"><b>Impuls a la lectura i biblioteca escolar.<br \/>\n<\/b><\/span><\/li>\n<li><span class=\"ff1 cf4 fs28\"><b>Joc simb\u00f2lic a Parvulari utilitzant els racons com a metodologia de treball.<br \/>\n<\/b><\/span><\/li>\n<li><span class=\"ff1 cf4 fs28\"><b>Projecte d\u2019innovaci\u00f3 en llengua anglesa per fomentar i millorar l\u2019expressi\u00f3 oral en aquesta llengua des de P4.<\/b><\/span><b><\/b><b>(A partir de tercer els alumnes utilitzen l\u2019aula d\u2019auto-<wbr \/>aprenentatge i\u00a0realitzen activitats al llarg del curs per con\u00e8ixer \u00a0la cultura anglosaxona\u00a0i practicar l\u2019 idioma).<\/b><\/li>\n<\/ul>\n<ul>\n<li><span class=\"fs28 ff1 cf4\"><b>Educaci\u00f3 en valors: tutories individualitzades i en grup per aprendre valors c\u00edvics i socials.<br \/>\n<\/b><\/span><\/li>\n<li><span class=\"ff1 cf4 fs28\"><b>Projecte d\u2019Expressi\u00f3 Art\u00edstica, Visual i Pl\u00e0stica com a base perqu\u00e8 els nens puguin con\u00e8ixer artistes d\u2019especial rellev\u00e0ncia tant a nivell local com mundial i poder practicar diferents t\u00e8cniques per expressar els seus sentiments, idees, emocions&#8230;<br \/>\n<\/b><\/span><\/li>\n<li><span class=\"ff1 cf4 fs28\"><b>Consci\u00e8ncia fonol\u00f2gica.<br \/>\n<\/b><\/span><\/li>\n<li><span class=\"ff1 cf4 fs28\"><b>Nataci\u00f3 escolar, adre\u00e7ada a l\u2019alumnat de 2n de prim\u00e0ria.<br \/>\n<\/b><\/span><\/li>\n<li><span class=\"ff1 cf4 fs28\"><b>Mirart \u00a0<a class=\"imCssLink\" href=\"http:\/\/agora.xtec.cat\/ceip-onzedesetembre\/wp-content\/uploads\/usu702\/2016\/03\/MIRART.pdf\" target=\"_blank\" rel=\"noopener\">(Clicar per saber m\u00e9s informaci\u00f3 del projecte)<\/a><br \/>\n<\/b><\/span><\/li>\n<li><span class=\"ff1 cf4 fs28\"><b>Programaci\u00f3 i rob\u00f2tica.<\/b><\/span><\/li>\n<\/ul>\n","protected":false},"excerpt":{"rendered":"<ul>\n<li>Pla d&#8217;inform\u00e0tica.\n<\/li>\n<li>Psicomotricitat a Educaci\u00f3 Infantil.\n<\/li>\n<li>Impuls a la lectura i biblioteca escolar.\n<\/li>\n<li>Joc simb\u00f2lic a Parvulari utilitzant els racons com a metodologia de treball.\n<\/li>\n<li>Projecte d\u2019innovaci\u00f3 en llengua anglesa per fomentar i millorar l\u2019expressi\u00f3 oral en aquesta llengua des de P4.(A partir de tercer els alumnes utilitzen l\u2019aula&hellip;  <a href=\"https:\/\/agora.xtec.cat\/ceip-onzedesetembre\/projectes-de-suport-pedagogic\/\" title=\"Read Projectes de suport pedag\u00f2gic\">Llegeix m\u00e9s\u00bb<\/a><br \/>\n","protected":false},"author":3,"featured_media":0,"parent":0,"menu_order":0,"comment_status":"closed","ping_status":"closed","template":"","meta":{"_bbp_topic_count":0,"_bbp_reply_count":0,"_bbp_total_topic_count":0,"_bbp_total_reply_count":0,"_bbp_voice_count":0,"_bbp_anonymous_reply_count":0,"_bbp_topic_count_hidden":0,"_bbp_reply_count_hidden":0,"_bbp_forum_subforum_count":0,"footnotes":""},"class_list":["post-318","page","type-page","status-publish","hentry"],"post_mailing_queue_ids":[],"_links":{"self":[{"href":"https:\/\/agora.xtec.cat\/ceip-onzedesetembre\/wp-json\/wp\/v2\/pages\/318","targetHints":{"allow":["GET"]}}],"collection":[{"href":"https:\/\/agora.xtec.cat\/ceip-onzedesetembre\/wp-json\/wp\/v2\/pages"}],"about":[{"href":"https:\/\/agora.xtec.cat\/ceip-onzedesetembre\/wp-json\/wp\/v2\/types\/page"}],"author":[{"embeddable":true,"href":"https:\/\/agora.xtec.cat\/ceip-onzedesetembre\/wp-json\/wp\/v2\/users\/3"}],"replies":[{"embeddable":true,"href":"https:\/\/agora.xtec.cat\/ceip-onzedesetembre\/wp-json\/wp\/v2\/comments?post=318"}],"version-history":[{"count":2,"href":"https:\/\/agora.xtec.cat\/ceip-onzedesetembre\/wp-json\/wp\/v2\/pages\/318\/revisions"}],"predecessor-version":[{"id":1107,"href":"https:\/\/agora.xtec.cat\/ceip-onzedesetembre\/wp-json\/wp\/v2\/pages\/318\/revisions\/1107"}],"wp:attachment":[{"href":"https:\/\/agora.xtec.cat\/ceip-onzedesetembre\/wp-json\/wp\/v2\/media?parent=318"}],"curies":[{"name":"wp","href":"https:\/\/api.w.org\/{rel}","templated":true}]}}

Projectes de suport pedagògic

<ul>
<li><span class="fs28 ff1 cf4"><b>Pla d&#8217;informàtica.<br />
</b></span></li>
<li><span class="ff1 cf4 fs28"><b>Psicomotricitat a Educació Infantil.<br />
</b></span></li>
<li><span class="ff1 cf4 fs28"><b>Impuls a la lectura i biblioteca escolar.<br />
</b></span></li>
<li><span class="ff1 cf4 fs28"><b>Joc simbòlic a Parvulari utilitzant els racons com a metodologia de treball.<br />
</b></span></li>
<li><span class="ff1 cf4 fs28"><b>Projecte d’innovació en llengua anglesa per fomentar i millorar l’expressió oral en aquesta llengua des de P4.</b></span><b></b><b>(A partir de tercer els alumnes utilitzen l’aula d’auto-<wbr />aprenentatge i realitzen activitats al llarg del curs per conèixer  la cultura anglosaxona i practicar l’ idioma).</b></li>
</ul>
<ul>
<li><span class="fs28 ff1 cf4"><b>Educació en valors: tutories individualitzades i en grup per aprendre valors cívics i socials.<br />
</b></span></li>
<li><span class="ff1 cf4 fs28"><b>Projecte d’Expressió Artística, Visual i Plàstica com a base perquè els nens puguin conèixer artistes d’especial rellevància tant a nivell local com mundial i poder practicar diferents tècniques per expressar els seus sentiments, idees, emocions&#8230;<br />
</b></span></li>
<li><span class="ff1 cf4 fs28"><b>Consciència fonològica.<br />
</b></span></li>
<li><span class="ff1 cf4 fs28"><b>Natació escolar, adreçada a l’alumnat de 2n de primària.<br />
</b></span></li>
<li><span class="ff1 cf4 fs28"><b>Mirart  <a class="imCssLink" href="http://agora.xtec.cat/ceip-onzedesetembre/wp-content/uploads/usu702/2016/03/MIRART.pdf" target="_blank" rel="noopener">(Clicar per saber més informació del projecte)</a><br />
</b></span></li>
<li><span class="ff1 cf4 fs28"><b>Programació i robòtica.</b></span></li>
</ul>

<ul>
<li>Pla d&#8217;informàtica.
</li>
<li>Psicomotricitat a Educació Infantil.
</li>
<li>Impuls a la lectura i biblioteca escolar.
</li>
<li>Joc simbòlic a Parvulari utilitzant els racons com a metodologia de treball.
</li>
<li>Projecte d’innovació en llengua anglesa per fomentar i millorar l’expressió oral en aquesta llengua des de P4.(A partir de tercer els alumnes utilitzen l’aula&hellip;  <a href="https://agora.xtec.cat/ceip-onzedesetembre/projectes-de-suport-pedagogic/" title="Read Projectes de suport pedagògic">Llegeix més»</a><br />
