{"id":3029,"date":"2024-09-17T12:48:56","date_gmt":"2024-09-17T10:48:56","guid":{"rendered":"https:\/\/agora.xtec.cat\/ceip-onzedesetembre\/?page_id=3029"},"modified":"2026-02-25T13:40:02","modified_gmt":"2026-02-25T12:40:02","slug":"temes-clau-per-educar-en-familia","status":"publish","type":"page","link":"https:\/\/agora.xtec.cat\/ceip-onzedesetembre\/temes-clau-per-educar-en-familia\/","title":{"rendered":"TEMES CLAU PER EDUCAR EN FAM\u00cdLIA"},"content":{"rendered":"<p>Infants i joves de Sant Quirze del Vall\u00e8s ens expliquen temes clau per educar en fam\u00edlia.<\/p>\n<p>Clica <a href=\"https:\/\/we.tl\/t-euOUKMtnLZ\">l&#8217;enlla\u00e7<\/a> per visualitzar el v\u00eddeo.<\/p>\n","protected":false},"excerpt":{"rendered":"<p>Infants i joves de Sant Quirze del Vall\u00e8s ens expliquen temes clau per educar en fam\u00edlia.<br \/>\nClica <a href=\"https:\/\/we.tl\/t-euOUKMtnLZ\">l&#8217;enlla\u00e7<\/a> per visualitzar el v\u00eddeo.<\/p>\n","protected":false},"author":5,"featured_media":0,"parent":0,"menu_order":0,"comment_status":"closed","ping_status":"closed","template":"","meta":{"_bbp_topic_count":0,"_bbp_reply_count":0,"_bbp_total_topic_count":0,"_bbp_total_reply_count":0,"_bbp_voice_count":0,"_bbp_anonymous_reply_count":0,"_bbp_topic_count_hidden":0,"_bbp_reply_count_hidden":0,"_bbp_forum_subforum_count":0,"footnotes":""},"class_list":["post-3029","page","type-page","status-publish","hentry"],"post_mailing_queue_ids":[],"_links":{"self":[{"href":"https:\/\/agora.xtec.cat\/ceip-onzedesetembre\/wp-json\/wp\/v2\/pages\/3029","targetHints":{"allow":["GET"]}}],"collection":[{"href":"https:\/\/agora.xtec.cat\/ceip-onzedesetembre\/wp-json\/wp\/v2\/pages"}],"about":[{"href":"https:\/\/agora.xtec.cat\/ceip-onzedesetembre\/wp-json\/wp\/v2\/types\/page"}],"author":[{"embeddable":true,"href":"https:\/\/agora.xtec.cat\/ceip-onzedesetembre\/wp-json\/wp\/v2\/users\/5"}],"replies":[{"embeddable":true,"href":"https:\/\/agora.xtec.cat\/ceip-onzedesetembre\/wp-json\/wp\/v2\/comments?post=3029"}],"version-history":[{"count":2,"href":"https:\/\/agora.xtec.cat\/ceip-onzedesetembre\/wp-json\/wp\/v2\/pages\/3029\/revisions"}],"predecessor-version":[{"id":3599,"href":"https:\/\/agora.xtec.cat\/ceip-onzedesetembre\/wp-json\/wp\/v2\/pages\/3029\/revisions\/3599"}],"wp:attachment":[{"href":"https:\/\/agora.xtec.cat\/ceip-onzedesetembre\/wp-json\/wp\/v2\/media?parent=3029"}],"curies":[{"name":"wp","href":"https:\/\/api.w.org\/{rel}","templated":true}]}}

TEMES CLAU PER EDUCAR EN FAMÍLIA

<p>Infants i joves de Sant Quirze del Vallès ens expliquen temes clau per educar en família.</p>
<p>Clica <a href="https://we.tl/t-euOUKMtnLZ">l&#8217;enllaç</a> per visualitzar el vídeo.</p>

<p>Infants i joves de Sant Quirze del Vallès ens expliquen temes clau per educar en família.<br />
Clica <a href="https://we.tl/t-euOUKMtnLZ">l&#8217;enllaç</a> per visualitzar el vídeo.</p>
