{"id":26,"date":"2014-09-18T12:24:32","date_gmt":"2014-09-18T11:24:32","guid":{"rendered":"http:\/\/agora.xtec.cat\/ceip-onzedesetembre\/?page_id=26"},"modified":"2020-11-16T16:19:15","modified_gmt":"2020-11-16T15:19:15","slug":"historia","status":"publish","type":"page","link":"https:\/\/agora.xtec.cat\/ceip-onzedesetembre\/lescola\/historia\/","title":{"rendered":"Hist\u00f2ria"},"content":{"rendered":"<p>L\u2019Escola Onze de Setembre est\u00e0 ubicada a Sant Quirze del Vall\u00e8s, una poblaci\u00f3 de la comarca del Vall\u00e8s Occidental, situada entre Sabadell i Terrassa. Va n\u00e9ixer de la partici\u00f3 de grups de l\u2019Escola Purificaci\u00f3 Salas Xandri de Sant Quirze del Vall\u00e8s.<\/p>\n<p>En principi havia de ser un centre d\u2019una sola l\u00ednia, per\u00f2 el gran creixement del municipi va obligar des del comen\u00e7ament a tenir-ne dues.<\/p>\n<p>El primer curs de l\u2019Escola Onze de Setembre, 2000-2001, ocupaven part dels patis de l\u2019escola Purificaci\u00f3 Salas Xandri en pavellons prefabricats i una gran part del nostre claustre procedia d\u2019aquell. Les activitats es coordinaven i planificaven conjuntament amb l\u2019altre equip directiu, al mateix temps que es compartien espais i material espec\u00edfic.<\/p>\n<p>El curs 2001-2002 es va inaugurar l\u2019actual escola. En aquell moment faltaven espais per construir, ja que l\u2019edifici responia al projecte d\u2019escola d\u2019una sola l\u00ednia.<\/p>\n<p>Va ser el curs 2004-2005 que es van acabar les obres per poder acollir tot l\u2019alumnat.<\/p>\n<p>Finalment, el curs 2020-2021, concretament quan l&#8217;escola complia 20 anys, l&#8217;Onze de Setembre va passar a ser Institut escola.<\/p>\n<p><a href=\"https:\/\/agora.xtec.cat\/ceip-onzedesetembre\/wp-content\/uploads\/usu702\/2020\/11\/LOGOS.jpeg\"><img loading=\"lazy\" decoding=\"async\" class=\"aligncenter wp-image-1734 size-full\" src=\"https:\/\/agora.xtec.cat\/ceip-onzedesetembre\/wp-content\/uploads\/usu702\/2020\/11\/LOGOS.jpeg\" alt=\"\" width=\"685\" height=\"236\" srcset=\"https:\/\/agora.xtec.cat\/ceip-onzedesetembre\/wp-content\/uploads\/usu702\/2020\/11\/LOGOS.jpeg 685w, https:\/\/agora.xtec.cat\/ceip-onzedesetembre\/wp-content\/uploads\/usu702\/2020\/11\/LOGOS-300x103.jpeg 300w\" sizes=\"auto, (max-width: 685px) 100vw, 685px\" \/><\/a><\/p>\n<p><span style=\"text-decoration: underline;\"><strong>LA HIST\u00d2RIA DE L&#8217;ONZE EXPLICADA EN PRIMERA PERSONA.<\/strong><\/span><iframe loading=\"lazy\" src=\"https:\/\/drive.google.com\/file\/d\/1uhnMwcYwsMF227GYpzGdu-rWrGn1qKBv\/preview\" width=\"640\" height=\"480\"><\/iframe><\/p>\n","protected":false},"excerpt":{"rendered":"<p>L\u2019Escola Onze de Setembre est\u00e0 ubicada a Sant Quirze del Vall\u00e8s, una poblaci\u00f3 de la comarca del Vall\u00e8s Occidental, situada entre Sabadell i Terrassa. Va n\u00e9ixer de la partici\u00f3 de grups de l\u2019Escola Purificaci\u00f3 Salas Xandri de Sant Quirze del Vall\u00e8s.<br \/>\nEn principi havia de ser&hellip;  <a href=\"https:\/\/agora.xtec.cat\/ceip-onzedesetembre\/lescola\/historia\/\" title=\"Read Hist\u00f2ria\">Llegeix m\u00e9s\u00bb<\/a><\/p>\n","protected":false},"author":1,"featured_media":0,"parent":22,"menu_order":20,"comment_status":"closed","ping_status":"closed","template":"page-templates\/side-menu.php","meta":{"_bbp_topic_count":0,"_bbp_reply_count":0,"_bbp_total_topic_count":0,"_bbp_total_reply_count":0,"_bbp_voice_count":0,"_bbp_anonymous_reply_count":0,"_bbp_topic_count_hidden":0,"_bbp_reply_count_hidden":0,"_bbp_forum_subforum_count":0,"footnotes":""},"class_list":["post-26","page","type-page","status-publish","hentry"],"post_mailing_queue_ids":[],"_links":{"self":[{"href":"https:\/\/agora.xtec.cat\/ceip-onzedesetembre\/wp-json\/wp\/v2\/pages\/26","targetHints":{"allow":["GET"]}}],"collection":[{"href":"https:\/\/agora.xtec.cat\/ceip-onzedesetembre\/wp-json\/wp\/v2\/pages"}],"about":[{"href":"https:\/\/agora.xtec.cat\/ceip-onzedesetembre\/wp-json\/wp\/v2\/types\/page"}],"author":[{"embeddable":true,"href":"https:\/\/agora.xtec.cat\/ceip-onzedesetembre\/wp-json\/wp\/v2\/users\/1"}],"replies":[{"embeddable":true,"href":"https:\/\/agora.xtec.cat\/ceip-onzedesetembre\/wp-json\/wp\/v2\/comments?post=26"}],"version-history":[{"count":4,"href":"https:\/\/agora.xtec.cat\/ceip-onzedesetembre\/wp-json\/wp\/v2\/pages\/26\/revisions"}],"predecessor-version":[{"id":1789,"href":"https:\/\/agora.xtec.cat\/ceip-onzedesetembre\/wp-json\/wp\/v2\/pages\/26\/revisions\/1789"}],"up":[{"embeddable":true,"href":"https:\/\/agora.xtec.cat\/ceip-onzedesetembre\/wp-json\/wp\/v2\/pages\/22"}],"wp:attachment":[{"href":"https:\/\/agora.xtec.cat\/ceip-onzedesetembre\/wp-json\/wp\/v2\/media?parent=26"}],"curies":[{"name":"wp","href":"https:\/\/api.w.org\/{rel}","templated":true}]}}

Història

<p>L’Escola Onze de Setembre està ubicada a Sant Quirze del Vallès, una població de la comarca del Vallès Occidental, situada entre Sabadell i Terrassa. Va néixer de la partició de grups de l’Escola Purificació Salas Xandri de Sant Quirze del Vallès.</p>
<p>En principi havia de ser un centre d’una sola línia, però el gran creixement del municipi va obligar des del començament a tenir-ne dues.</p>
<p>El primer curs de l’Escola Onze de Setembre, 2000-2001, ocupaven part dels patis de l’escola Purificació Salas Xandri en pavellons prefabricats i una gran part del nostre claustre procedia d’aquell. Les activitats es coordinaven i planificaven conjuntament amb l’altre equip directiu, al mateix temps que es compartien espais i material específic.</p>
<p>El curs 2001-2002 es va inaugurar l’actual escola. En aquell moment faltaven espais per construir, ja que l’edifici responia al projecte d’escola d’una sola línia.</p>
<p>Va ser el curs 2004-2005 que es van acabar les obres per poder acollir tot l’alumnat.</p>
<p>Finalment, el curs 2020-2021, concretament quan l&#8217;escola complia 20 anys, l&#8217;Onze de Setembre va passar a ser Institut escola.</p>
<p><a href="https://agora.xtec.cat/ceip-onzedesetembre/wp-content/uploads/usu702/2020/11/LOGOS.jpeg"><img loading="lazy" decoding="async" class="aligncenter wp-image-1734 size-full" src="https://agora.xtec.cat/ceip-onzedesetembre/wp-content/uploads/usu702/2020/11/LOGOS.jpeg" alt="" width="685" height="236" srcset="https://agora.xtec.cat/ceip-onzedesetembre/wp-content/uploads/usu702/2020/11/LOGOS.jpeg 685w, https://agora.xtec.cat/ceip-onzedesetembre/wp-content/uploads/usu702/2020/11/LOGOS-300x103.jpeg 300w" sizes="auto, (max-width: 685px) 100vw, 685px" /></a></p>
<p><span style="text-decoration: underline;"><strong>LA HISTÒRIA DE L&#8217;ONZE EXPLICADA EN PRIMERA PERSONA.</strong></span><iframe loading="lazy" src="https://drive.google.com/file/d/1uhnMwcYwsMF227GYpzGdu-rWrGn1qKBv/preview" width="640" height="480"></iframe></p>

<p>L’Escola Onze de Setembre està ubicada a Sant Quirze del Vallès, una població de la comarca del Vallès Occidental, situada entre Sabadell i Terrassa. Va néixer de la partició de grups de l’Escola Purificació Salas Xandri de Sant Quirze del Vallès.<br />
En principi havia de ser&hellip;  <a href="https://agora.xtec.cat/ceip-onzedesetembre/lescola/historia/" title="Read Història">Llegeix més»</a></p>
