{"id":2372,"date":"2022-05-19T00:46:30","date_gmt":"2022-05-18T22:46:30","guid":{"rendered":"https:\/\/agora.xtec.cat\/ceip-onzedesetembre\/?page_id=2372"},"modified":"2022-05-20T00:31:04","modified_gmt":"2022-05-19T22:31:04","slug":"estrategia-digital-de-centre","status":"publish","type":"page","link":"https:\/\/agora.xtec.cat\/ceip-onzedesetembre\/lescola\/estrategia-digital-de-centre\/","title":{"rendered":"Estrat\u00e8gia digital de centre"},"content":{"rendered":"<div class=\"row\" style=\"margin-bottom: 1em !important;\">\n<div class=\"small-12 large-6 text-center columns\">\n<p><img decoding=\"async\" src=\"https:\/\/agora.xtec.cat\/ceip-onzedesetembre\/wp-content\/uploads\/usu702\/2022\/05\/estrategias-para-vender-inbuze-seo3.png\" data-wp-editing=\"1\" \/><\/p>\n<h3>PART ESTRAT\u00c8GICA<\/h3>\n<p style=\"margin-bottom: 0.2em;\">Planificaci\u00f3 d&#8217;accions estrat\u00e8giques per assolir els objectius del centre a mitj\u00e0 termini.<\/p>\n<p><a href=\"https:\/\/agora.xtec.cat\/ceip-onzedesetembre\/lescola\/estrategia-digital-de-centre\/part-estrategica\/\"><span style=\"color: #3366ff;\">M\u00e9s informaci\u00f3<\/span><\/a><\/p>\n<\/div>\n<div class=\"small-12 large-6 text-center columns\">\n<p><img decoding=\"async\" src=\"https:\/\/agora.xtec.cat\/ceip-onzedesetembre\/wp-content\/uploads\/usu702\/2022\/05\/cultura.png\" \/><\/p>\n<h3>CULTURA DIGITAL<\/h3>\n<p style=\"margin-bottom: 0.2em;\">Recull d&#8217;accions i procediments, acords i protocols que defineixen el centre en l&#8217;\u00e0mbit digital.<\/p>\n<p><a href=\"https:\/\/agora.xtec.cat\/ceip-onzedesetembre\/lescola\/estrategia-digital-de-centre\/cultura-digital\/\"><span style=\"color: #3366ff;\">M\u00e9s informaci\u00f3<\/span><\/a><\/p>\n<\/div>\n<\/div>\n","protected":false},"excerpt":{"rendered":"<p>PART ESTRAT\u00c8GICA<br \/>\nPlanificaci\u00f3 d&#8217;accions estrat\u00e8giques per assolir els objectius del centre a mitj\u00e0 termini.<br \/>\n<a href=\"https:\/\/agora.xtec.cat\/ceip-onzedesetembre\/lescola\/estrategia-digital-de-centre\/part-estrategica\/\">M\u00e9s informaci\u00f3<\/a><\/p>\n<p>CULTURA DIGITAL<br \/>\nRecull d&#8217;accions i procediments, acords i protocols que defineixen el centre en l&#8217;\u00e0mbit digital.<br \/>\n<a href=\"https:\/\/agora.xtec.cat\/ceip-onzedesetembre\/lescola\/estrategia-digital-de-centre\/cultura-digital\/\">M\u00e9s informaci\u00f3<\/a><\/p>\n","protected":false},"author":3,"featured_media":0,"parent":22,"menu_order":0,"comment_status":"closed","ping_status":"closed","template":"","meta":{"_bbp_topic_count":0,"_bbp_reply_count":0,"_bbp_total_topic_count":0,"_bbp_total_reply_count":0,"_bbp_voice_count":0,"_bbp_anonymous_reply_count":0,"_bbp_topic_count_hidden":0,"_bbp_reply_count_hidden":0,"_bbp_forum_subforum_count":0,"footnotes":""},"class_list":["post-2372","page","type-page","status-publish","hentry"],"post_mailing_queue_ids":[],"_links":{"self":[{"href":"https:\/\/agora.xtec.cat\/ceip-onzedesetembre\/wp-json\/wp\/v2\/pages\/2372","targetHints":{"allow":["GET"]}}],"collection":[{"href":"https:\/\/agora.xtec.cat\/ceip-onzedesetembre\/wp-json\/wp\/v2\/pages"}],"about":[{"href":"https:\/\/agora.xtec.cat\/ceip-onzedesetembre\/wp-json\/wp\/v2\/types\/page"}],"author":[{"embeddable":true,"href":"https:\/\/agora.xtec.cat\/ceip-onzedesetembre\/wp-json\/wp\/v2\/users\/3"}],"replies":[{"embeddable":true,"href":"https:\/\/agora.xtec.cat\/ceip-onzedesetembre\/wp-json\/wp\/v2\/comments?post=2372"}],"version-history":[{"count":4,"href":"https:\/\/agora.xtec.cat\/ceip-onzedesetembre\/wp-json\/wp\/v2\/pages\/2372\/revisions"}],"predecessor-version":[{"id":2403,"href":"https:\/\/agora.xtec.cat\/ceip-onzedesetembre\/wp-json\/wp\/v2\/pages\/2372\/revisions\/2403"}],"up":[{"embeddable":true,"href":"https:\/\/agora.xtec.cat\/ceip-onzedesetembre\/wp-json\/wp\/v2\/pages\/22"}],"wp:attachment":[{"href":"https:\/\/agora.xtec.cat\/ceip-onzedesetembre\/wp-json\/wp\/v2\/media?parent=2372"}],"curies":[{"name":"wp","href":"https:\/\/api.w.org\/{rel}","templated":true}]}}

Estratègia digital de centre

<div class="row" style="margin-bottom: 1em !important;">
<div class="small-12 large-6 text-center columns">
<p><img decoding="async" src="https://agora.xtec.cat/ceip-onzedesetembre/wp-content/uploads/usu702/2022/05/estrategias-para-vender-inbuze-seo3.png" data-wp-editing="1" /></p>
<h3>PART ESTRATÈGICA</h3>
<p style="margin-bottom: 0.2em;">Planificació d&#8217;accions estratègiques per assolir els objectius del centre a mitjà termini.</p>
<p><a href="https://agora.xtec.cat/ceip-onzedesetembre/lescola/estrategia-digital-de-centre/part-estrategica/"><span style="color: #3366ff;">Més informació</span></a></p>
</div>
<div class="small-12 large-6 text-center columns">
<p><img decoding="async" src="https://agora.xtec.cat/ceip-onzedesetembre/wp-content/uploads/usu702/2022/05/cultura.png" /></p>
<h3>CULTURA DIGITAL</h3>
<p style="margin-bottom: 0.2em;">Recull d&#8217;accions i procediments, acords i protocols que defineixen el centre en l&#8217;àmbit digital.</p>
<p><a href="https://agora.xtec.cat/ceip-onzedesetembre/lescola/estrategia-digital-de-centre/cultura-digital/"><span style="color: #3366ff;">Més informació</span></a></p>
</div>
</div>

<p>PART ESTRATÈGICA<br />
Planificació d&#8217;accions estratègiques per assolir els objectius del centre a mitjà termini.<br />
<a href="https://agora.xtec.cat/ceip-onzedesetembre/lescola/estrategia-digital-de-centre/part-estrategica/">Més informació</a></p>
<p>CULTURA DIGITAL<br />
Recull d&#8217;accions i procediments, acords i protocols que defineixen el centre en l&#8217;àmbit digital.<br />
<a href="https://agora.xtec.cat/ceip-onzedesetembre/lescola/estrategia-digital-de-centre/cultura-digital/">Més informació</a></p>
