{"id":22,"date":"2014-09-18T12:19:57","date_gmt":"2014-09-18T11:19:57","guid":{"rendered":"http:\/\/agora.xtec.cat\/ceip-onzedesetembre\/?page_id=22"},"modified":"2021-02-08T16:39:52","modified_gmt":"2021-02-08T15:39:52","slug":"lescola","status":"publish","type":"page","link":"https:\/\/agora.xtec.cat\/ceip-onzedesetembre\/lescola\/","title":{"rendered":"L&#8217;Institut escola"},"content":{"rendered":"<p>L\u2019Institut escola Onze de Setembre s\u2019esfor\u00e7a per oferir un medi ric i estimulant per aconseguir el ple desenvolupament de la personalitat dels alumnes en totes les seves potencialitats.<\/p>\n<p>El centre opta per un ensenyament exigent i actiu, basat en l\u2019observaci\u00f3 i l\u2019experimentaci\u00f3, fomentant l\u2019esfor\u00e7, la iniciativa i el treball personal i en equip. Es vol establir lligams entre la teoria i la pr\u00e0ctica. Els aprenentatges es basen en la comprensi\u00f3. L\u2019equip de mestres vetllar\u00e0 per tal que els alumnes adquireixin h\u00e0bits intel\u2022lectuals i t\u00e8cniques de treball.<\/p>\n<p>Es respecta el desenvolupament de la personalitat dels alumnes, d\u2019acord amb les seves capacitats i es procura el seguiment individual de cadascun d\u2019ells. Es fomenten els valors de la cooperaci\u00f3 en lloc de la competici\u00f3.<\/p>\n<p>L\u2019Institut escola es mant\u00e9 oberta a tots aquells canvis metodol\u00f2gics que, un cop analitzats cr\u00edticament, puguin millorar-la i potenciar-la.<\/p>\n<p>El centre vol potenciar el reciclatge i la formaci\u00f3 permanent del seu personal docent.<\/p>\n<p>Es potencien les sortides i col\u00f2nies com a complement dels continguts que es treballen i pel seu aspecte l\u00fadic i socialitzador.<\/p>\n<p>L\u2019Institut escola d\u00f3na facilitats per organitzar totes aquelles activitats que treballin i \/o complementin els diferents aprenentatges: racons, tallers, self-acces, grups flexibles,&#8230;<\/p>\n","protected":false},"excerpt":{"rendered":"<p>L\u2019Institut escola Onze de Setembre s\u2019esfor\u00e7a per oferir un medi ric i estimulant per aconseguir el ple desenvolupament de la personalitat dels alumnes en totes les seves potencialitats.<br \/>\nEl centre opta per un ensenyament exigent i actiu, basat en l\u2019observaci\u00f3 i l\u2019experimentaci\u00f3, fomentant l\u2019esfor\u00e7, la iniciativa&hellip;  <a href=\"https:\/\/agora.xtec.cat\/ceip-onzedesetembre\/lescola\/\" title=\"Read L&#8217;Institut escola\">Llegeix m\u00e9s\u00bb<\/a><\/p>\n","protected":false},"author":1,"featured_media":0,"parent":0,"menu_order":0,"comment_status":"closed","ping_status":"closed","template":"page-templates\/side-menu.php","meta":{"_bbp_topic_count":0,"_bbp_reply_count":0,"_bbp_total_topic_count":0,"_bbp_total_reply_count":0,"_bbp_voice_count":0,"_bbp_anonymous_reply_count":0,"_bbp_topic_count_hidden":0,"_bbp_reply_count_hidden":0,"_bbp_forum_subforum_count":0,"footnotes":""},"class_list":["post-22","page","type-page","status-publish","hentry"],"post_mailing_queue_ids":[],"_links":{"self":[{"href":"https:\/\/agora.xtec.cat\/ceip-onzedesetembre\/wp-json\/wp\/v2\/pages\/22","targetHints":{"allow":["GET"]}}],"collection":[{"href":"https:\/\/agora.xtec.cat\/ceip-onzedesetembre\/wp-json\/wp\/v2\/pages"}],"about":[{"href":"https:\/\/agora.xtec.cat\/ceip-onzedesetembre\/wp-json\/wp\/v2\/types\/page"}],"author":[{"embeddable":true,"href":"https:\/\/agora.xtec.cat\/ceip-onzedesetembre\/wp-json\/wp\/v2\/users\/1"}],"replies":[{"embeddable":true,"href":"https:\/\/agora.xtec.cat\/ceip-onzedesetembre\/wp-json\/wp\/v2\/comments?post=22"}],"version-history":[{"count":3,"href":"https:\/\/agora.xtec.cat\/ceip-onzedesetembre\/wp-json\/wp\/v2\/pages\/22\/revisions"}],"predecessor-version":[{"id":1925,"href":"https:\/\/agora.xtec.cat\/ceip-onzedesetembre\/wp-json\/wp\/v2\/pages\/22\/revisions\/1925"}],"wp:attachment":[{"href":"https:\/\/agora.xtec.cat\/ceip-onzedesetembre\/wp-json\/wp\/v2\/media?parent=22"}],"curies":[{"name":"wp","href":"https:\/\/api.w.org\/{rel}","templated":true}]}}

<p>L’Institut escola Onze de Setembre s’esforça per oferir un medi ric i estimulant per aconseguir el ple desenvolupament de la personalitat dels alumnes en totes les seves potencialitats.</p>
<p>El centre opta per un ensenyament exigent i actiu, basat en l’observació i l’experimentació, fomentant l’esforç, la iniciativa i el treball personal i en equip. Es vol establir lligams entre la teoria i la pràctica. Els aprenentatges es basen en la comprensió. L’equip de mestres vetllarà per tal que els alumnes adquireixin hàbits intel•lectuals i tècniques de treball.</p>
<p>Es respecta el desenvolupament de la personalitat dels alumnes, d’acord amb les seves capacitats i es procura el seguiment individual de cadascun d’ells. Es fomenten els valors de la cooperació en lloc de la competició.</p>
<p>L’Institut escola es manté oberta a tots aquells canvis metodològics que, un cop analitzats críticament, puguin millorar-la i potenciar-la.</p>
<p>El centre vol potenciar el reciclatge i la formació permanent del seu personal docent.</p>
<p>Es potencien les sortides i colònies com a complement dels continguts que es treballen i pel seu aspecte lúdic i socialitzador.</p>
<p>L’Institut escola dóna facilitats per organitzar totes aquelles activitats que treballin i /o complementin els diferents aprenentatges: racons, tallers, self-acces, grups flexibles,&#8230;</p>

<p>L’Institut escola Onze de Setembre s’esforça per oferir un medi ric i estimulant per aconseguir el ple desenvolupament de la personalitat dels alumnes en totes les seves potencialitats.<br />
El centre opta per un ensenyament exigent i actiu, basat en l’observació i l’experimentació, fomentant l’esforç, la iniciativa&hellip;  <a href="https://agora.xtec.cat/ceip-onzedesetembre/lescola/" title="Read L&#8217;Institut escola">Llegeix més»</a></p>
