{"id":1147,"date":"2019-01-11T16:10:17","date_gmt":"2019-01-11T15:10:17","guid":{"rendered":"http:\/\/agora.xtec.cat\/ceip-onzedesetembre\/?page_id=1147"},"modified":"2019-01-11T16:11:19","modified_gmt":"2019-01-11T15:11:19","slug":"projecte-linguistic-de-centre","status":"publish","type":"page","link":"https:\/\/agora.xtec.cat\/ceip-onzedesetembre\/projecte-linguistic-de-centre\/","title":{"rendered":"Projecte Ling\u00fc\u00edstic de Centre"},"content":{"rendered":"<p>Fent clic al seg\u00fcent enlla\u00e7 podreu consultar el Projecte ling\u00fc\u00edstic de Centre (PLC) de la nostra escola.<\/p>\n<p><a href=\"https:\/\/agora.xtec.cat\/ceip-onzedesetembre\/wp-content\/uploads\/usu702\/2019\/01\/PROJECTE-LING\u00dc\u00cdSTIC-DE-CENTRE-Actualitzat-2018.pdf\">Projecte Ling\u00fc\u00edstic de Centre<\/a><\/p>\n","protected":false},"excerpt":{"rendered":"<p>Fent clic al seg\u00fcent enlla\u00e7 podreu consultar el Projecte ling\u00fc\u00edstic de Centre (PLC) de la nostra escola.<br \/>\n<a href=\"https:\/\/agora.xtec.cat\/ceip-onzedesetembre\/wp-content\/uploads\/usu702\/2019\/01\/PROJECTE-LING\u00dc\u00cdSTIC-DE-CENTRE-Actualitzat-2018.pdf\">Projecte Ling\u00fc\u00edstic de Centre<\/a><\/p>\n","protected":false},"author":3,"featured_media":0,"parent":0,"menu_order":0,"comment_status":"closed","ping_status":"closed","template":"","meta":{"_bbp_topic_count":0,"_bbp_reply_count":0,"_bbp_total_topic_count":0,"_bbp_total_reply_count":0,"_bbp_voice_count":0,"_bbp_anonymous_reply_count":0,"_bbp_topic_count_hidden":0,"_bbp_reply_count_hidden":0,"_bbp_forum_subforum_count":0,"footnotes":""},"class_list":["post-1147","page","type-page","status-publish","hentry"],"post_mailing_queue_ids":[],"_links":{"self":[{"href":"https:\/\/agora.xtec.cat\/ceip-onzedesetembre\/wp-json\/wp\/v2\/pages\/1147","targetHints":{"allow":["GET"]}}],"collection":[{"href":"https:\/\/agora.xtec.cat\/ceip-onzedesetembre\/wp-json\/wp\/v2\/pages"}],"about":[{"href":"https:\/\/agora.xtec.cat\/ceip-onzedesetembre\/wp-json\/wp\/v2\/types\/page"}],"author":[{"embeddable":true,"href":"https:\/\/agora.xtec.cat\/ceip-onzedesetembre\/wp-json\/wp\/v2\/users\/3"}],"replies":[{"embeddable":true,"href":"https:\/\/agora.xtec.cat\/ceip-onzedesetembre\/wp-json\/wp\/v2\/comments?post=1147"}],"version-history":[{"count":1,"href":"https:\/\/agora.xtec.cat\/ceip-onzedesetembre\/wp-json\/wp\/v2\/pages\/1147\/revisions"}],"predecessor-version":[{"id":1152,"href":"https:\/\/agora.xtec.cat\/ceip-onzedesetembre\/wp-json\/wp\/v2\/pages\/1147\/revisions\/1152"}],"wp:attachment":[{"href":"https:\/\/agora.xtec.cat\/ceip-onzedesetembre\/wp-json\/wp\/v2\/media?parent=1147"}],"curies":[{"name":"wp","href":"https:\/\/api.w.org\/{rel}","templated":true}]}}

Projecte Lingüístic de Centre

<p>Fent clic al següent enllaç podreu consultar el Projecte lingüístic de Centre (PLC) de la nostra escola.</p>
<p><a href="https://agora.xtec.cat/ceip-onzedesetembre/wp-content/uploads/usu702/2019/01/PROJECTE-LINGÜÍSTIC-DE-CENTRE-Actualitzat-2018.pdf">Projecte Lingüístic de Centre</a></p>

<p>Fent clic al següent enllaç podreu consultar el Projecte lingüístic de Centre (PLC) de la nostra escola.<br />
<a href="https://agora.xtec.cat/ceip-onzedesetembre/wp-content/uploads/usu702/2019/01/PROJECTE-LINGÜÍSTIC-DE-CENTRE-Actualitzat-2018.pdf">Projecte Lingüístic de Centre</a></p>
