{"id":77,"date":"2014-09-18T14:05:08","date_gmt":"2014-09-18T14:05:08","guid":{"rendered":"http:\/\/agora.xtec.cat\/ceip-ocata\/?page_id=77"},"modified":"2025-09-02T14:10:18","modified_gmt":"2025-09-02T12:10:18","slug":"acollida","status":"publish","type":"page","link":"https:\/\/agora.xtec.cat\/ceip-ocata\/serveis\/acollida\/","title":{"rendered":"Acollida"},"content":{"rendered":"<p>L&#8217;acollida matinal \u00e9s de 8h a 9h\u00a0 al llarg del curs i abasta tots els dies lectius.<\/p>\n<p>Aquest servei est\u00e0 adre\u00e7at a les fam\u00edlies de l\u2019escola que de manera regular o puntual necessiten que acollim els seus fills i filles d\u2019educaci\u00f3 infantil i prim\u00e0ria.<\/p>\n<p><a href=\"https:\/\/drive.google.com\/drive\/folders\/1emxEtBXBE3UEhUR-IVvBHIIpajlPM179\" target=\"_blank\" rel=\"noopener\">OCATA ACOLLIDA SAM SAT INFO 2025-26<\/a><\/p>\n<p><a href=\"https:\/\/agora.xtec.cat\/ceip-ocata\/wp-content\/uploads\/usu386\/2025\/09\/retol-acollida.jpg\"><img loading=\"lazy\" decoding=\"async\" class=\"alignnone  wp-image-7759\" src=\"https:\/\/agora.xtec.cat\/ceip-ocata\/wp-content\/uploads\/usu386\/2025\/09\/retol-acollida.jpg\" alt=\"\" width=\"502\" height=\"454\" srcset=\"https:\/\/agora.xtec.cat\/ceip-ocata\/wp-content\/uploads\/usu386\/2025\/09\/retol-acollida.jpg 800w, https:\/\/agora.xtec.cat\/ceip-ocata\/wp-content\/uploads\/usu386\/2025\/09\/retol-acollida-300x271.jpg 300w, https:\/\/agora.xtec.cat\/ceip-ocata\/wp-content\/uploads\/usu386\/2025\/09\/retol-acollida-768x694.jpg 768w\" sizes=\"auto, (max-width: 502px) 100vw, 502px\" \/><\/a><\/p>\n<blockquote><p>&nbsp;<\/p>\n<p>&nbsp;<\/p><\/blockquote>\n<p>&nbsp;<\/p>\n<p>&nbsp;<\/p>\n","protected":false},"excerpt":{"rendered":"<p>L&#8217;acollida matinal \u00e9s de 8h a 9h\u00a0 al llarg del curs i abasta tots els dies lectius.<br \/>\nAquest servei est\u00e0 adre\u00e7at a les fam\u00edlies de l\u2019escola que de manera regular o puntual necessiten que acollim els seus fills i filles d\u2019educaci\u00f3 infantil i prim\u00e0ria.<br \/>\n<a href=\"https:\/\/drive.google.com\/drive\/folders\/1emxEtBXBE3UEhUR-IVvBHIIpajlPM179\" target=\"_blank\"&hellip;  <a href=\"https:\/\/agora.xtec.cat\/ceip-ocata\/serveis\/acollida\/\" title=\"Read Acollida\">Llegeix m\u00e9s\u00bb<\/a><\/p>\n","protected":false},"author":2,"featured_media":0,"parent":66,"menu_order":1,"comment_status":"closed","ping_status":"closed","template":"page-templates\/side-menu.php","meta":{"_bbp_topic_count":0,"_bbp_reply_count":0,"_bbp_total_topic_count":0,"_bbp_total_reply_count":0,"_bbp_voice_count":0,"_bbp_anonymous_reply_count":0,"_bbp_topic_count_hidden":0,"_bbp_reply_count_hidden":0,"_bbp_forum_subforum_count":0,"footnotes":""},"class_list":["post-77","page","type-page","status-publish","hentry"],"post_mailing_queue_ids":[],"_links":{"self":[{"href":"https:\/\/agora.xtec.cat\/ceip-ocata\/wp-json\/wp\/v2\/pages\/77","targetHints":{"allow":["GET"]}}],"collection":[{"href":"https:\/\/agora.xtec.cat\/ceip-ocata\/wp-json\/wp\/v2\/pages"}],"about":[{"href":"https:\/\/agora.xtec.cat\/ceip-ocata\/wp-json\/wp\/v2\/types\/page"}],"author":[{"embeddable":true,"href":"https:\/\/agora.xtec.cat\/ceip-ocata\/wp-json\/wp\/v2\/users\/2"}],"replies":[{"embeddable":true,"href":"https:\/\/agora.xtec.cat\/ceip-ocata\/wp-json\/wp\/v2\/comments?post=77"}],"version-history":[{"count":7,"href":"https:\/\/agora.xtec.cat\/ceip-ocata\/wp-json\/wp\/v2\/pages\/77\/revisions"}],"predecessor-version":[{"id":7760,"href":"https:\/\/agora.xtec.cat\/ceip-ocata\/wp-json\/wp\/v2\/pages\/77\/revisions\/7760"}],"up":[{"embeddable":true,"href":"https:\/\/agora.xtec.cat\/ceip-ocata\/wp-json\/wp\/v2\/pages\/66"}],"wp:attachment":[{"href":"https:\/\/agora.xtec.cat\/ceip-ocata\/wp-json\/wp\/v2\/media?parent=77"}],"curies":[{"name":"wp","href":"https:\/\/api.w.org\/{rel}","templated":true}]}}