{"id":73,"date":"2014-09-18T14:01:51","date_gmt":"2014-09-18T14:01:51","guid":{"rendered":"http:\/\/agora.xtec.cat\/ceip-ocata\/?page_id=73"},"modified":"2026-04-14T07:35:30","modified_gmt":"2026-04-14T05:35:30","slug":"menjador-escolar","status":"publish","type":"page","link":"https:\/\/agora.xtec.cat\/ceip-ocata\/serveis\/menjador-escolar\/","title":{"rendered":"Cuina i menjador escolar"},"content":{"rendered":"<p>&nbsp;<\/p>\n<p><a href=\"https:\/\/agora.xtec.cat\/ceip-ocata\/wp-content\/uploads\/usu386\/2021\/01\/WhatsApp-Image-2021-01-30-at-21.08.58.jpeg\"><img loading=\"lazy\" decoding=\"async\" class=\" wp-image-5805 alignleft\" src=\"https:\/\/agora.xtec.cat\/ceip-ocata\/wp-content\/uploads\/usu386\/2021\/01\/WhatsApp-Image-2021-01-30-at-21.08.58-300x272.jpeg\" alt=\"\" width=\"331\" height=\"300\" srcset=\"https:\/\/agora.xtec.cat\/ceip-ocata\/wp-content\/uploads\/usu386\/2021\/01\/WhatsApp-Image-2021-01-30-at-21.08.58-300x272.jpeg 300w, https:\/\/agora.xtec.cat\/ceip-ocata\/wp-content\/uploads\/usu386\/2021\/01\/WhatsApp-Image-2021-01-30-at-21.08.58.jpeg 720w\" sizes=\"auto, (max-width: 331px) 100vw, 331px\" \/><\/a><\/p>\n<p style=\"text-align: left;\">La cuina de l\u2019escola \u00e9s un m\u00e9s dels elements que vertebren l\u2019educaci\u00f3 del centre. La cuina &#8211; menjador suposa una manera m\u00e9s de continuar la l\u00ednia pedag\u00f2gica. \u00c9s una cuina basada en el producte de temporada, lliure de fregits, amb plats equilibrats on s\u2019escolta l\u2019opini\u00f3 i els matisos que aporten els mateixos infants, una cuina oberta als nous sabors i a les noves textures que ens presenta el cuiner. En definitiva una cuina din\u00e0mica i oberta, de treball amb el centre i plenament integrada amb la pr\u00f2pia manera de fer de l\u2019escola.<\/p>\n<p>L&#8217;associaci\u00f3 DIN\u00c0MIC, treballant estretament amb l&#8217;escola, s&#8217;encarrega de la gesti\u00f3 tant de la cuina com del monitoratge.<\/p>\n<p>Preus: Fix 7,25\u20ac\u00a0 \u00a0 \u00a0 \u00a0Espor\u00e0dic 7,96\u20ac<\/p>\n<p>&nbsp;<\/p>\n<p><strong>\u00a0<\/strong><a style=\"font-family: inherit; font-size: 1em;\" href=\"https:\/\/agora.xtec.cat\/ceip-ocata\/wp-content\/uploads\/usu386\/2021\/09\/Normativa-del-servei-de-Menjador-OCATA-21-22-.pdf\" target=\"_blank\" rel=\"noopener\"> \u00a0<\/a><\/p>\n<blockquote><p><a href=\"https:\/\/viudinamic.wordpress.com\/menus-de-menjador-escolar\/\" target=\"_blank\" rel=\"noopener noreferrer\">\u00a0 \u00a0Web Din\u00e0mic<\/a><\/p><\/blockquote>\n<p><strong>\u00a0 \u00a0 \u00a0<\/strong><\/p>\n<p><strong>\u00a0 \u00a0 \u00a0 \u00a0 <\/strong><a href=\"https:\/\/agora.xtec.cat\/ceip-ocata\/wp-content\/uploads\/usu386\/2022\/03\/Menu-BASAL_OCATA-Marc\u0327-2022-3.0.pdf\" target=\"_blank\" rel=\"noopener\">\u00a0\u00a0<\/a><\/p>\n<blockquote><p><strong>MEN\u00daS CURS 2025-26:<\/strong><\/p>\n<p><a href=\"https:\/\/agora.xtec.cat\/ceip-ocata\/wp-content\/uploads\/usu386\/2025\/09\/Menu_basal_Escola_Ocata_setembre25-3.pdf\" target=\"_blank\" rel=\"noopener\">SETEMBRE<\/a><\/p>\n<p><a href=\"https:\/\/agora.xtec.cat\/ceip-ocata\/wp-content\/uploads\/usu386\/2025\/09\/MENUS-OCATA-OCTUBRE-2025.pdf\" target=\"_blank\" rel=\"noopener\">OCTUBRE<\/a><\/p>\n<p><a href=\"https:\/\/agora.xtec.cat\/ceip-ocata\/wp-content\/uploads\/usu386\/2025\/11\/Menu_basal_Escola_Ocata_Novembre25.pdf-1-1.pdf\" target=\"_blank\" rel=\"noopener\">NOVEMBRE<\/a><\/p>\n<p><a href=\"https:\/\/agora.xtec.cat\/ceip-ocata\/wp-content\/uploads\/usu386\/2025\/12\/Menus-Desembre-25-Ocata.pdf\" target=\"_blank\" rel=\"noopener\">DESEMBRE<\/a><\/p>\n<p><a href=\"https:\/\/agora.xtec.cat\/ceip-ocata\/wp-content\/uploads\/usu386\/2026\/01\/Menu_basal_Escola_Ocata_Gener26.pdf.pdf\" target=\"_blank\" rel=\"noopener\">GENER<\/a><\/p>\n<p><a href=\"https:\/\/agora.xtec.cat\/ceip-ocata\/wp-content\/uploads\/usu386\/2026\/02\/Menu_basal_Escola_Ocata_Febrer26.pdf.pdf\" target=\"_blank\" rel=\"noopener\">FEBRER<\/a><\/p>\n<p><a href=\"https:\/\/agora.xtec.cat\/ceip-ocata\/wp-content\/uploads\/usu386\/2026\/02\/MENU_BASAL_ESCOLA_OCATA_MARC26.pdf\" target=\"_blank\" rel=\"noopener\">MAR\u00c7<\/a><\/p>\n<p><a href=\"https:\/\/agora.xtec.cat\/ceip-ocata\/wp-content\/uploads\/usu386\/2026\/04\/MENU_BASAL_ESCOLA_OCATA_ABRIL26.pdf\" target=\"_blank\" rel=\"noopener\">ABRIL<\/a><\/p>\n<p>&nbsp;<\/p><\/blockquote>\n<p>&nbsp;<\/p>\n<p>&nbsp;<\/p>\n","protected":false},"excerpt":{"rendered":"<p>&nbsp;<br \/>\n<a href=\"https:\/\/agora.xtec.cat\/ceip-ocata\/wp-content\/uploads\/usu386\/2021\/01\/WhatsApp-Image-2021-01-30-at-21.08.58.jpeg\"><\/a><br \/>\nLa cuina de l\u2019escola \u00e9s un m\u00e9s dels elements que vertebren l\u2019educaci\u00f3 del centre. La cuina &#8211; menjador suposa una manera m\u00e9s de continuar la l\u00ednia pedag\u00f2gica. \u00c9s una cuina basada en el producte de temporada, lliure de fregits, amb plats equilibrats on s\u2019escolta&hellip;  <a href=\"https:\/\/agora.xtec.cat\/ceip-ocata\/serveis\/menjador-escolar\/\" title=\"Read Cuina i menjador escolar\">Llegeix m\u00e9s\u00bb<\/a><\/p>\n","protected":false},"author":2,"featured_media":0,"parent":66,"menu_order":2,"comment_status":"closed","ping_status":"closed","template":"page-templates\/side-menu.php","meta":{"_bbp_topic_count":0,"_bbp_reply_count":0,"_bbp_total_topic_count":0,"_bbp_total_reply_count":0,"_bbp_voice_count":0,"_bbp_anonymous_reply_count":0,"_bbp_topic_count_hidden":0,"_bbp_reply_count_hidden":0,"_bbp_forum_subforum_count":0,"footnotes":""},"class_list":["post-73","page","type-page","status-publish","hentry"],"post_mailing_queue_ids":[],"_links":{"self":[{"href":"https:\/\/agora.xtec.cat\/ceip-ocata\/wp-json\/wp\/v2\/pages\/73","targetHints":{"allow":["GET"]}}],"collection":[{"href":"https:\/\/agora.xtec.cat\/ceip-ocata\/wp-json\/wp\/v2\/pages"}],"about":[{"href":"https:\/\/agora.xtec.cat\/ceip-ocata\/wp-json\/wp\/v2\/types\/page"}],"author":[{"embeddable":true,"href":"https:\/\/agora.xtec.cat\/ceip-ocata\/wp-json\/wp\/v2\/users\/2"}],"replies":[{"embeddable":true,"href":"https:\/\/agora.xtec.cat\/ceip-ocata\/wp-json\/wp\/v2\/comments?post=73"}],"version-history":[{"count":6,"href":"https:\/\/agora.xtec.cat\/ceip-ocata\/wp-json\/wp\/v2\/pages\/73\/revisions"}],"predecessor-version":[{"id":7901,"href":"https:\/\/agora.xtec.cat\/ceip-ocata\/wp-json\/wp\/v2\/pages\/73\/revisions\/7901"}],"up":[{"embeddable":true,"href":"https:\/\/agora.xtec.cat\/ceip-ocata\/wp-json\/wp\/v2\/pages\/66"}],"wp:attachment":[{"href":"https:\/\/agora.xtec.cat\/ceip-ocata\/wp-json\/wp\/v2\/media?parent=73"}],"curies":[{"name":"wp","href":"https:\/\/api.w.org\/{rel}","templated":true}]}}