{"id":5222,"date":"2020-05-13T08:06:50","date_gmt":"2020-05-13T06:06:50","guid":{"rendered":"http:\/\/agora.xtec.cat\/ceip-ocata\/?page_id=5222"},"modified":"2024-09-06T10:46:09","modified_gmt":"2024-09-06T08:46:09","slug":"quotes","status":"publish","type":"page","link":"https:\/\/agora.xtec.cat\/ceip-ocata\/lescola\/quotes\/","title":{"rendered":"Quotes"},"content":{"rendered":"<p>En el seg\u00fcent quadre hi ha les quotes del curs 2024-2025.<\/p>\n<p><a href=\"https:\/\/agora.xtec.cat\/ceip-ocata\/wp-content\/uploads\/usu386\/2024\/09\/quadre-quotes.jpg\"><img loading=\"lazy\" decoding=\"async\" class=\"alignnone size-full wp-image-7481\" src=\"https:\/\/agora.xtec.cat\/ceip-ocata\/wp-content\/uploads\/usu386\/2024\/09\/quadre-quotes.jpg\" alt=\"\" width=\"432\" height=\"270\" srcset=\"https:\/\/agora.xtec.cat\/ceip-ocata\/wp-content\/uploads\/usu386\/2024\/09\/quadre-quotes.jpg 432w, https:\/\/agora.xtec.cat\/ceip-ocata\/wp-content\/uploads\/usu386\/2024\/09\/quadre-quotes-300x188.jpg 300w\" sizes=\"auto, (max-width: 432px) 100vw, 432px\" \/><\/a><\/p>\n<p>La <strong>quota<\/strong> d\u2019AFA \u00e9s sempre <strong>per fam\u00edlia<\/strong>, \u00e9s a dir que si hi ha m\u00e9s d\u2019un germ\u00e0, els 32\u20ac es paguen nom\u00e9s un cop i els heu de restar de la quota final en els segons germans.<\/p>\n<p>La <strong>quota REMA<\/strong> \u00e9s una quota que serveix per comprar, quan cal, llibres nous o reposar-ne de vells. Aquesta quota serveix per comprar altres llibres d\u2019\u00fas dins de l\u2019aula, consulta,\u00a0 llibres de text de prim\u00e0ria o de lectura que cada nen\/a pot fer-ne \u00fas.<\/p>\n<p>La <strong>quota<\/strong> de <strong>material <\/strong>fa refer\u00e8ncia a la quaderneria, llibre d\u2019activitats d\u2019angl\u00e8s,\u00a0 \u00a0material d\u2019innovamat, material fungible i socialitzat per alumne\/a que es fa servir a les aules (arxivadors, carpetes, colors, retoladors, gomes, llapis, fulls) fotoc\u00f2pies en color i en b\/n, dotacions de llibres de coneixements per les aules (per Nadal, per Sant Jordi&#8230;), material espec\u00edfic d\u2019algunes \u00e0rees, agenda escolar personalitzada (nom\u00e9s prim\u00e0ria), adquisici\u00f3 material audiovisual, dotaci\u00f3 per la millora de les aules i espais de Treball , i el material fungible que fem servir a l\u2019aula de pl\u00e0stica, als ambients, als racons etc.<\/p>\n<p>&nbsp;<\/p>\n<p>&nbsp;<\/p>\n","protected":false},"excerpt":{"rendered":"<p>En el seg\u00fcent quadre hi ha les quotes del curs 2024-2025.<br \/>\n<a href=\"https:\/\/agora.xtec.cat\/ceip-ocata\/wp-content\/uploads\/usu386\/2024\/09\/quadre-quotes.jpg\"><\/a><br \/>\nLa quota d\u2019AFA \u00e9s sempre per fam\u00edlia, \u00e9s a dir que si hi ha m\u00e9s d\u2019un germ\u00e0, els 32\u20ac es paguen nom\u00e9s un cop i els heu de restar de la quota final en&hellip;  <a href=\"https:\/\/agora.xtec.cat\/ceip-ocata\/lescola\/quotes\/\" title=\"Read Quotes\">Llegeix m\u00e9s\u00bb<\/a><\/p>\n","protected":false},"author":1,"featured_media":0,"parent":22,"menu_order":6,"comment_status":"closed","ping_status":"closed","template":"page-templates\/side-menu.php","meta":{"_bbp_topic_count":0,"_bbp_reply_count":0,"_bbp_total_topic_count":0,"_bbp_total_reply_count":0,"_bbp_voice_count":0,"_bbp_anonymous_reply_count":0,"_bbp_topic_count_hidden":0,"_bbp_reply_count_hidden":0,"_bbp_forum_subforum_count":0,"footnotes":""},"class_list":["post-5222","page","type-page","status-publish","hentry"],"post_mailing_queue_ids":[],"_links":{"self":[{"href":"https:\/\/agora.xtec.cat\/ceip-ocata\/wp-json\/wp\/v2\/pages\/5222","targetHints":{"allow":["GET"]}}],"collection":[{"href":"https:\/\/agora.xtec.cat\/ceip-ocata\/wp-json\/wp\/v2\/pages"}],"about":[{"href":"https:\/\/agora.xtec.cat\/ceip-ocata\/wp-json\/wp\/v2\/types\/page"}],"author":[{"embeddable":true,"href":"https:\/\/agora.xtec.cat\/ceip-ocata\/wp-json\/wp\/v2\/users\/1"}],"replies":[{"embeddable":true,"href":"https:\/\/agora.xtec.cat\/ceip-ocata\/wp-json\/wp\/v2\/comments?post=5222"}],"version-history":[{"count":5,"href":"https:\/\/agora.xtec.cat\/ceip-ocata\/wp-json\/wp\/v2\/pages\/5222\/revisions"}],"predecessor-version":[{"id":7482,"href":"https:\/\/agora.xtec.cat\/ceip-ocata\/wp-json\/wp\/v2\/pages\/5222\/revisions\/7482"}],"up":[{"embeddable":true,"href":"https:\/\/agora.xtec.cat\/ceip-ocata\/wp-json\/wp\/v2\/pages\/22"}],"wp:attachment":[{"href":"https:\/\/agora.xtec.cat\/ceip-ocata\/wp-json\/wp\/v2\/media?parent=5222"}],"curies":[{"name":"wp","href":"https:\/\/api.w.org\/{rel}","templated":true}]}}