{"id":28,"date":"2014-09-18T12:29:35","date_gmt":"2014-09-18T12:29:35","guid":{"rendered":"http:\/\/agora.xtec.cat\/ceip-ocata\/?page_id=28"},"modified":"2025-07-09T13:07:43","modified_gmt":"2025-07-09T11:07:43","slug":"consell-escolar","status":"publish","type":"page","link":"https:\/\/agora.xtec.cat\/ceip-ocata\/lescola\/consell-escolar\/","title":{"rendered":"Consell escolar"},"content":{"rendered":"<p>El Consell Escolar \u00e9s l\u2019\u00f2rgan de participaci\u00f3 de la comunitat escolar en el govern de l&#8217;escola.<\/p>\n<p><span class=\"OYPEnA font-feature-liga-off font-feature-clig-off font-feature-calt-off text-decoration-none text-strikethrough-none\">En els centres p\u00fablics, la funci\u00f3 principal del Consell Escolar \u00e9s participar en la presa de decisions en relaci\u00f3 amb aquells temes importants per al funcionament i l&#8217;organitzaci\u00f3 del centre: el projecte educatiu, la programaci\u00f3 general, la gesti\u00f3 econ\u00f2mica, etc.<\/span><\/p>\n<p>Hi estan representats tots els sectors de la comunitat educativa a excepci\u00f3 de l&#8217;alumnat. Professors\/res, fam\u00edlies, personal de serveis, l&#8217;Ajuntament.<\/p>\n<p>Hi ha eleccions a la renovaci\u00f3 parcial dels membres del Consell cada dos anys.<\/p>\n<p>Per a m\u00e9s informaci\u00f3 podeu consultar les Normes d\u2019Organitzaci\u00f3 de Centre.<\/p>\n<p><strong>Composici\u00f3 del Consell Escolar<\/strong><\/p>\n<p><a href=\"https:\/\/agora.xtec.cat\/ceip-ocata\/wp-content\/uploads\/usu386\/2021\/11\/CE.jpg\"><img loading=\"lazy\" decoding=\"async\" class=\"aligncenter wp-image-6404 size-full\" src=\"https:\/\/agora.xtec.cat\/ceip-ocata\/wp-content\/uploads\/usu386\/2021\/11\/CE.jpg\" alt=\"\" width=\"1024\" height=\"768\" srcset=\"https:\/\/agora.xtec.cat\/ceip-ocata\/wp-content\/uploads\/usu386\/2021\/11\/CE.jpg 1024w, https:\/\/agora.xtec.cat\/ceip-ocata\/wp-content\/uploads\/usu386\/2021\/11\/CE-300x225.jpg 300w, https:\/\/agora.xtec.cat\/ceip-ocata\/wp-content\/uploads\/usu386\/2021\/11\/CE-768x576.jpg 768w, https:\/\/agora.xtec.cat\/ceip-ocata\/wp-content\/uploads\/usu386\/2021\/11\/CE-200x150.jpg 200w\" sizes=\"auto, (max-width: 1024px) 100vw, 1024px\" \/><\/a><a href=\"https:\/\/agora.xtec.cat\/ceip-ocata\/wp-content\/uploads\/usu386\/2021\/11\/CE.jpg\"><br \/>\n<\/a><\/p>\n<p><strong>Acords dels Consells Escolars:<\/strong><\/p>\n<blockquote><p><a href=\"https:\/\/agora.xtec.cat\/ceip-ocata\/wp-content\/uploads\/usu386\/2025\/02\/Acords-Consell-Escolar-02.docx.pdf\" target=\"_blank\" rel=\"noopener\">05 de febrer de 2025<\/a><\/p>\n<p><a href=\"https:\/\/agora.xtec.cat\/ceip-ocata\/wp-content\/uploads\/usu386\/2024\/10\/Acords-Consell-Escolar-01.docx.pdf\" target=\"_blank\" rel=\"noopener\">10 d&#8217;octubre de 2024<\/a><\/p>\n<p><a href=\"https:\/\/agora.xtec.cat\/ceip-ocata\/wp-content\/uploads\/usu386\/2024\/07\/Acords-Consell-Escolar-03-.pdf\" target=\"_blank\" rel=\"noopener\">20 de juny 2024<\/a><\/p>\n<p><a href=\"https:\/\/agora.xtec.cat\/ceip-ocata\/wp-content\/uploads\/usu386\/2024\/02\/Acords-Consell-Escolar-02.docx.pdf\" target=\"_blank\" rel=\"noopener\">29 de gener 2024<\/a><\/p>\n<p><a href=\"https:\/\/agora.xtec.cat\/ceip-ocata\/wp-content\/uploads\/usu386\/2024\/02\/Acords-Consell-Escolar-01.docx.pdf\" target=\"_blank\" rel=\"noopener\">4 d&#8217;octubre 2023<\/a><\/p>\n<p><a href=\"https:\/\/agora.xtec.cat\/ceip-ocata\/wp-content\/uploads\/usu386\/2023\/07\/Acords-Consell-Escolar-03.docx.pdf\" target=\"_blank\" rel=\"noopener\">27 de juny de 2023<\/a><\/p>\n<p><a href=\"https:\/\/agora.xtec.cat\/ceip-ocata\/wp-content\/uploads\/usu386\/2023\/07\/Acords-Consell-Escolar-02.pdf\" target=\"_blank\" rel=\"noopener\">30 de gener de 2023<\/a><\/p>\n<p><a href=\"https:\/\/agora.xtec.cat\/ceip-ocata\/wp-content\/uploads\/usu386\/2023\/07\/Acords-Consell-Escolar-01.pdf\" target=\"_blank\" rel=\"noopener\">3 d&#8217;octubre de 2022<\/a><\/p>\n<p><a href=\"https:\/\/agora.xtec.cat\/ceip-ocata\/wp-content\/uploads\/usu386\/2022\/06\/Acords-Consell-Escolar-05.pdf\" target=\"_blank\" rel=\"noopener\">27 de juny de 2022<\/a><\/p>\n<p><a href=\"https:\/\/agora.xtec.cat\/ceip-ocata\/wp-content\/uploads\/usu386\/2022\/06\/Acords-Consell-Escolar-04.pdf\" target=\"_blank\" rel=\"noopener\">9 de juny de 2022<\/a><\/p>\n<p><a href=\"https:\/\/agora.xtec.cat\/ceip-ocata\/wp-content\/uploads\/usu386\/2022\/06\/Acords-Consell-Escolar-03-.pdf\" target=\"_blank\" rel=\"noopener\">31 de gener de 2022<\/a><\/p>\n<p><a href=\"https:\/\/agora.xtec.cat\/ceip-ocata\/wp-content\/uploads\/usu386\/2021\/11\/27-10.pdf\" target=\"_blank\" rel=\"noopener\">27 d&#8217;octubre de 2021<\/a><\/p>\n<p><a href=\"https:\/\/agora.xtec.cat\/ceip-ocata\/wp-content\/uploads\/usu386\/2021\/11\/9-09.pdf\" target=\"_blank\" rel=\"noopener\">9 de setembre de 2021<\/a><\/p>\n<p>&nbsp;<\/p>\n<p>&nbsp;<\/p>\n<p>&nbsp;<\/p>\n<p>&nbsp;<\/p>\n<p>&nbsp;<\/p><\/blockquote>\n","protected":false},"excerpt":{"rendered":"<p>El Consell Escolar \u00e9s l\u2019\u00f2rgan de participaci\u00f3 de la comunitat escolar en el govern de l&#8217;escola.<br \/>\nEn els centres p\u00fablics, la funci\u00f3 principal del Consell Escolar \u00e9s participar en la presa de decisions en relaci\u00f3 amb aquells temes importants per al funcionament i l&#8217;organitzaci\u00f3 del centre:&hellip;  <a href=\"https:\/\/agora.xtec.cat\/ceip-ocata\/lescola\/consell-escolar\/\" title=\"Read Consell escolar\">Llegeix m\u00e9s\u00bb<\/a><\/p>\n","protected":false},"author":2,"featured_media":0,"parent":22,"menu_order":3,"comment_status":"closed","ping_status":"closed","template":"page-templates\/side-menu.php","meta":{"_bbp_topic_count":0,"_bbp_reply_count":0,"_bbp_total_topic_count":0,"_bbp_total_reply_count":0,"_bbp_voice_count":0,"_bbp_anonymous_reply_count":0,"_bbp_topic_count_hidden":0,"_bbp_reply_count_hidden":0,"_bbp_forum_subforum_count":0,"footnotes":""},"class_list":["post-28","page","type-page","status-publish","hentry"],"post_mailing_queue_ids":[],"_links":{"self":[{"href":"https:\/\/agora.xtec.cat\/ceip-ocata\/wp-json\/wp\/v2\/pages\/28","targetHints":{"allow":["GET"]}}],"collection":[{"href":"https:\/\/agora.xtec.cat\/ceip-ocata\/wp-json\/wp\/v2\/pages"}],"about":[{"href":"https:\/\/agora.xtec.cat\/ceip-ocata\/wp-json\/wp\/v2\/types\/page"}],"author":[{"embeddable":true,"href":"https:\/\/agora.xtec.cat\/ceip-ocata\/wp-json\/wp\/v2\/users\/2"}],"replies":[{"embeddable":true,"href":"https:\/\/agora.xtec.cat\/ceip-ocata\/wp-json\/wp\/v2\/comments?post=28"}],"version-history":[{"count":6,"href":"https:\/\/agora.xtec.cat\/ceip-ocata\/wp-json\/wp\/v2\/pages\/28\/revisions"}],"predecessor-version":[{"id":7740,"href":"https:\/\/agora.xtec.cat\/ceip-ocata\/wp-json\/wp\/v2\/pages\/28\/revisions\/7740"}],"up":[{"embeddable":true,"href":"https:\/\/agora.xtec.cat\/ceip-ocata\/wp-json\/wp\/v2\/pages\/22"}],"wp:attachment":[{"href":"https:\/\/agora.xtec.cat\/ceip-ocata\/wp-json\/wp\/v2\/media?parent=28"}],"curies":[{"name":"wp","href":"https:\/\/api.w.org\/{rel}","templated":true}]}}