{"id":22,"date":"2014-09-18T12:19:57","date_gmt":"2014-09-18T12:19:57","guid":{"rendered":"http:\/\/agora.xtec.cat\/ceip-ocata\/?page_id=22"},"modified":"2026-04-23T10:14:30","modified_gmt":"2026-04-23T08:14:30","slug":"lescola","status":"publish","type":"page","link":"https:\/\/agora.xtec.cat\/ceip-ocata\/","title":{"rendered":"L&#8217;escola"},"content":{"rendered":"<h4><strong>CURS 2025-26<\/strong><\/h4>\n<h4>Comencem una nova etapa plena d\u2019oportunitats, aprenentatges i emocions. Us desitgem un curs ple d\u2019il\u00b7lusi\u00f3 i bons moments!<\/h4>\n<h4 style=\"text-align: left;\">De mica en mica anirem farcint aquesta p\u00e0gina amb informacions del vostre inter\u00e8s.<\/h4>\n<h4 style=\"text-align: center;\"><strong><a href=\"https:\/\/agora.xtec.cat\/ceip-ocata\/wp-content\/uploads\/usu386\/2025\/08\/CALENDARI-2025-26.jpg\"><img loading=\"lazy\" decoding=\"async\" class=\"alignnone size-large wp-image-7742\" src=\"https:\/\/agora.xtec.cat\/ceip-ocata\/wp-content\/uploads\/usu386\/2025\/08\/CALENDARI-2025-26-1024x688.jpg\" alt=\"\" width=\"1024\" height=\"688\" srcset=\"https:\/\/agora.xtec.cat\/ceip-ocata\/wp-content\/uploads\/usu386\/2025\/08\/CALENDARI-2025-26-1024x688.jpg 1024w, https:\/\/agora.xtec.cat\/ceip-ocata\/wp-content\/uploads\/usu386\/2025\/08\/CALENDARI-2025-26-300x202.jpg 300w, https:\/\/agora.xtec.cat\/ceip-ocata\/wp-content\/uploads\/usu386\/2025\/08\/CALENDARI-2025-26-768x516.jpg 768w, https:\/\/agora.xtec.cat\/ceip-ocata\/wp-content\/uploads\/usu386\/2025\/08\/CALENDARI-2025-26.jpg 1210w\" sizes=\"auto, (max-width: 1024px) 100vw, 1024px\" \/><\/a>\u00a0 \u00a0 \u00a0 \u00a0 \u00a0 \u00a0 \u00a0 \u00a0 \u00a0 \u00a0 \u00a0 \u00a0 \u00a0 \u00a0 \u00a0 \u00a0 \u00a0 \u00a0 \u00a0 \u00a0 \u00a0 \u00a0 \u00a0 \u00a0 \u00a0 \u00a0 \u00a0 \u00a0 \u00a0 \u00a0 \u00a0 \u00a0 \u00a0 \u00a0 \u00a0 \u00a0 \u00a0 \u00a0 \u00a0<\/strong><\/h4>\n<p>&nbsp;<\/p>\n<p>&nbsp;<\/p>\n<table style=\"border-collapse: collapse; width: 100%;\">\n<tbody>\n<tr>\n<td style=\"width: 100%;\"><strong>PREINSCRIPCI\u00d3 DEL CURS 2026-27<\/strong><\/p>\n<p><span style=\"font-family: inherit; font-size: 1em;\">\u00a0<\/span><\/p>\n<table style=\"border-collapse: collapse; width: 100%;\">\n<tbody>\n<tr>\n<td style=\"width: 100%;\"><span style=\"font-family: inherit; font-size: 1em;\">Segon cicle d&#8217;Educaci\u00f3 infantil i educaci\u00f3 prim\u00e0ria del 4 al 18 de mar\u00e7 de 2026<\/span><\/p>\n<p><strong><a href=\"https:\/\/agora.xtec.cat\/ceip-ocata\/wp-content\/uploads\/usu386\/2026\/03\/Oferta-inicial.pdf\" target=\"_blank\" rel=\"noopener\">Publicaci\u00f3 de l&#8217;oferta inicial de places<\/a> &#8211; <\/strong><\/p>\n<p><strong><a href=\"https:\/\/mapaescolar.gencat.cat\/\" target=\"_blank\" rel=\"noopener\">Mapa escolar de Catalunya<\/a><\/strong><\/p>\n<p><a href=\"https:\/\/agora.xtec.cat\/ceip-ocata\/wp-content\/uploads\/usu386\/2026\/04\/INFORME_BAREM_PROVISIONAL_BAREM.pdf\" target=\"_blank\" rel=\"noopener\">Publicaci\u00f3 de la llista de sol\u00b7licituds que han demanat el centre i l&#8217;ensenyament en primera petici\u00f3 amb la puntuaci\u00f3 provisional a 15\/04\/2026<\/a><\/p>\n<p><a href=\"https:\/\/agora.xtec.cat\/ceip-ocata\/wp-content\/uploads\/usu386\/2026\/04\/INFORME_BAREM_RESOLTES_BAREM.pdf\" target=\"_blank\" rel=\"noopener\">Publicaci\u00f3 de la llista de sol\u00b7licituds que han demanat el centre i l&#8217;ensenyament en primera petici\u00f3 amb la puntuaci\u00f3 resoltes les reclamacions a 23\/04\/2026<\/a><\/td>\n<\/tr>\n<\/tbody>\n<\/table>\n<p>&nbsp;<\/p>\n<p><strong>\u00a0 \u00a0 \u00a0 \u00a0 \u00a0 \u00a0 \u00a0 \u00a0 \u00a0 \u00a0 \u00a0 \u00a0 \u00a0JORNADA DE PORTES OBERTES<\/strong><\/p>\n<p><a href=\"https:\/\/agora.xtec.cat\/ceip-ocata\/wp-content\/uploads\/usu386\/2026\/01\/Retol-PORTES-OBERTES-26.png\"><img loading=\"lazy\" decoding=\"async\" class=\"wp-image-7838 aligncenter\" src=\"https:\/\/agora.xtec.cat\/ceip-ocata\/wp-content\/uploads\/usu386\/2026\/01\/Retol-PORTES-OBERTES-26-1024x1024.png\" alt=\"\" width=\"589\" height=\"589\" srcset=\"https:\/\/agora.xtec.cat\/ceip-ocata\/wp-content\/uploads\/usu386\/2026\/01\/Retol-PORTES-OBERTES-26-1024x1024.png 1024w, https:\/\/agora.xtec.cat\/ceip-ocata\/wp-content\/uploads\/usu386\/2026\/01\/Retol-PORTES-OBERTES-26-300x300.png 300w, https:\/\/agora.xtec.cat\/ceip-ocata\/wp-content\/uploads\/usu386\/2026\/01\/Retol-PORTES-OBERTES-26-150x150.png 150w, https:\/\/agora.xtec.cat\/ceip-ocata\/wp-content\/uploads\/usu386\/2026\/01\/Retol-PORTES-OBERTES-26-768x768.png 768w, https:\/\/agora.xtec.cat\/ceip-ocata\/wp-content\/uploads\/usu386\/2026\/01\/Retol-PORTES-OBERTES-26-1536x1536.png 1536w, https:\/\/agora.xtec.cat\/ceip-ocata\/wp-content\/uploads\/usu386\/2026\/01\/Retol-PORTES-OBERTES-26.png 1654w\" sizes=\"auto, (max-width: 589px) 100vw, 589px\" \/><\/a><\/p>\n<p data-start=\"188\" data-end=\"346\">\u00a0 \u00a0 Us convidem a la jornada de portes obertes de la nostra escola, una oportunitat per con\u00e8ixer de prop el nostre projecte educatiu, els espais i l\u2019equip docent.<\/p>\n<p data-start=\"348\" data-end=\"595\">\u00a0 \u00a0Durant la jornada s\u2019oferir\u00e0 una <strong data-start=\"380\" data-end=\"425\">reuni\u00f3 espec\u00edfica per a les fam\u00edlies d\u2019I3<\/strong>, en qu\u00e8 s\u2019explicar\u00e0 amb detall el funcionament d\u2019aquesta etapa, el proc\u00e9s d\u2019adaptaci\u00f3 dels infants i l\u2019acompanyament a les fam\u00edlies en els\u00a0 \u00a0primers anys d\u2019escolaritzaci\u00f3.<\/p>\n<p data-start=\"597\" data-end=\"764\">\u00a0 \u00a0A m\u00e9s, es presentaran les <strong data-start=\"623\" data-end=\"664\">caracter\u00edstiques generals de l\u2019escola<\/strong>, la nostra manera d\u2019entendre l\u2019educaci\u00f3, els valors que ens defineixen i l\u2019organitzaci\u00f3 del centre.<\/p>\n<p data-start=\"597\" data-end=\"764\">Per una reuni\u00f3 m\u00e9s fluida us demanem que vingueu sense els vostres fills\/es.<\/p>\n<p data-start=\"597\" data-end=\"764\">Us animem a venir, con\u00e8ixer-nos i resoldre tots els dubtes. Estarem encantats de rebre-us.<\/p>\n<p data-start=\"597\" data-end=\"764\">Us deixem un petit tastet de la nostra escola: <a href=\"https:\/\/photos.app.goo.gl\/uHUxfY6Auw3QC4v78\" target=\"_blank\" rel=\"noopener\">v\u00eddeo<\/a><\/p>\n<p data-start=\"597\" data-end=\"764\">\n<\/td>\n<\/tr>\n<\/tbody>\n<\/table>\n<p data-start=\"693\" data-end=\"744\">\n","protected":false},"excerpt":{"rendered":"<p>CURS 2025-26<br \/>\nComencem una nova etapa plena d\u2019oportunitats, aprenentatges i emocions. Us desitgem un curs ple d\u2019il\u00b7lusi\u00f3 i bons moments!<br \/>\nDe mica en mica anirem farcint aquesta p\u00e0gina amb informacions del vostre inter\u00e8s.<br \/>\n<a href=\"https:\/\/agora.xtec.cat\/ceip-ocata\/wp-content\/uploads\/usu386\/2025\/08\/CALENDARI-2025-26.jpg\"><\/a>\u00a0 \u00a0 \u00a0 \u00a0 \u00a0 \u00a0 \u00a0 \u00a0 \u00a0 \u00a0 \u00a0 \u00a0 \u00a0 \u00a0&hellip;  <a href=\"https:\/\/agora.xtec.cat\/ceip-ocata\/\" title=\"Read L&#8217;escola\">Llegeix m\u00e9s\u00bb<\/a><\/p>\n","protected":false},"author":2,"featured_media":0,"parent":0,"menu_order":0,"comment_status":"closed","ping_status":"closed","template":"page-templates\/front-page.php","meta":{"_bbp_topic_count":0,"_bbp_reply_count":0,"_bbp_total_topic_count":0,"_bbp_total_reply_count":0,"_bbp_voice_count":0,"_bbp_anonymous_reply_count":0,"_bbp_topic_count_hidden":0,"_bbp_reply_count_hidden":0,"_bbp_forum_subforum_count":0,"footnotes":""},"class_list":["post-22","page","type-page","status-publish","hentry"],"post_mailing_queue_ids":[],"_links":{"self":[{"href":"https:\/\/agora.xtec.cat\/ceip-ocata\/wp-json\/wp\/v2\/pages\/22","targetHints":{"allow":["GET"]}}],"collection":[{"href":"https:\/\/agora.xtec.cat\/ceip-ocata\/wp-json\/wp\/v2\/pages"}],"about":[{"href":"https:\/\/agora.xtec.cat\/ceip-ocata\/wp-json\/wp\/v2\/types\/page"}],"author":[{"embeddable":true,"href":"https:\/\/agora.xtec.cat\/ceip-ocata\/wp-json\/wp\/v2\/users\/2"}],"replies":[{"embeddable":true,"href":"https:\/\/agora.xtec.cat\/ceip-ocata\/wp-json\/wp\/v2\/comments?post=22"}],"version-history":[{"count":7,"href":"https:\/\/agora.xtec.cat\/ceip-ocata\/wp-json\/wp\/v2\/pages\/22\/revisions"}],"predecessor-version":[{"id":320,"href":"https:\/\/agora.xtec.cat\/ceip-ocata\/wp-json\/wp\/v2\/pages\/22\/revisions\/320"}],"wp:attachment":[{"href":"https:\/\/agora.xtec.cat\/ceip-ocata\/wp-json\/wp\/v2\/media?parent=22"}],"curies":[{"name":"wp","href":"https:\/\/api.w.org\/{rel}","templated":true}]}}

<h4><strong>CURS 2025-26</strong></h4>
<h4>Comencem una nova etapa plena d’oportunitats, aprenentatges i emocions. Us desitgem un curs ple d’il·lusió i bons moments!</h4>
<h4 style="text-align: left;">De mica en mica anirem farcint aquesta pàgina amb informacions del vostre interès.</h4>
<h4 style="text-align: center;"><strong><a href="https://agora.xtec.cat/ceip-ocata/wp-content/uploads/usu386/2025/08/CALENDARI-2025-26.jpg"><img loading="lazy" decoding="async" class="alignnone size-large wp-image-7742" src="https://agora.xtec.cat/ceip-ocata/wp-content/uploads/usu386/2025/08/CALENDARI-2025-26-1024x688.jpg" alt="" width="1024" height="688" srcset="https://agora.xtec.cat/ceip-ocata/wp-content/uploads/usu386/2025/08/CALENDARI-2025-26-1024x688.jpg 1024w, https://agora.xtec.cat/ceip-ocata/wp-content/uploads/usu386/2025/08/CALENDARI-2025-26-300x202.jpg 300w, https://agora.xtec.cat/ceip-ocata/wp-content/uploads/usu386/2025/08/CALENDARI-2025-26-768x516.jpg 768w, https://agora.xtec.cat/ceip-ocata/wp-content/uploads/usu386/2025/08/CALENDARI-2025-26.jpg 1210w" sizes="auto, (max-width: 1024px) 100vw, 1024px" /></a>                                                                             </strong></h4>
<p>&nbsp;</p>
<p>&nbsp;</p>
<table style="border-collapse: collapse; width: 100%;">
<tbody>
<tr>
<td style="width: 100%;"><strong>PREINSCRIPCIÓ DEL CURS 2026-27</strong></p>
<p><span style="font-family: inherit; font-size: 1em;"> </span></p>
<table style="border-collapse: collapse; width: 100%;">
<tbody>
<tr>
<td style="width: 100%;"><span style="font-family: inherit; font-size: 1em;">Segon cicle d&#8217;Educació infantil i educació primària del 4 al 18 de març de 2026</span></p>
<p><strong><a href="https://agora.xtec.cat/ceip-ocata/wp-content/uploads/usu386/2026/03/Oferta-inicial.pdf" target="_blank" rel="noopener">Publicació de l&#8217;oferta inicial de places</a> &#8211; </strong></p>
<p><strong><a href="https://mapaescolar.gencat.cat/" target="_blank" rel="noopener">Mapa escolar de Catalunya</a></strong></p>
<p><a href="https://agora.xtec.cat/ceip-ocata/wp-content/uploads/usu386/2026/04/INFORME_BAREM_PROVISIONAL_BAREM.pdf" target="_blank" rel="noopener">Publicació de la llista de sol·licituds que han demanat el centre i l&#8217;ensenyament en primera petició amb la puntuació provisional a 15/04/2026</a></p>
<p><a href="https://agora.xtec.cat/ceip-ocata/wp-content/uploads/usu386/2026/04/INFORME_BAREM_RESOLTES_BAREM.pdf" target="_blank" rel="noopener">Publicació de la llista de sol·licituds que han demanat el centre i l&#8217;ensenyament en primera petició amb la puntuació resoltes les reclamacions a 23/04/2026</a></td>
</tr>
</tbody>
</table>
<p>&nbsp;</p>
<p><strong>                         JORNADA DE PORTES OBERTES</strong></p>
<p><a href="https://agora.xtec.cat/ceip-ocata/wp-content/uploads/usu386/2026/01/Retol-PORTES-OBERTES-26.png"><img loading="lazy" decoding="async" class="wp-image-7838 aligncenter" src="https://agora.xtec.cat/ceip-ocata/wp-content/uploads/usu386/2026/01/Retol-PORTES-OBERTES-26-1024x1024.png" alt="" width="589" height="589" srcset="https://agora.xtec.cat/ceip-ocata/wp-content/uploads/usu386/2026/01/Retol-PORTES-OBERTES-26-1024x1024.png 1024w, https://agora.xtec.cat/ceip-ocata/wp-content/uploads/usu386/2026/01/Retol-PORTES-OBERTES-26-300x300.png 300w, https://agora.xtec.cat/ceip-ocata/wp-content/uploads/usu386/2026/01/Retol-PORTES-OBERTES-26-150x150.png 150w, https://agora.xtec.cat/ceip-ocata/wp-content/uploads/usu386/2026/01/Retol-PORTES-OBERTES-26-768x768.png 768w, https://agora.xtec.cat/ceip-ocata/wp-content/uploads/usu386/2026/01/Retol-PORTES-OBERTES-26-1536x1536.png 1536w, https://agora.xtec.cat/ceip-ocata/wp-content/uploads/usu386/2026/01/Retol-PORTES-OBERTES-26.png 1654w" sizes="auto, (max-width: 589px) 100vw, 589px" /></a></p>
<p data-start="188" data-end="346">    Us convidem a la jornada de portes obertes de la nostra escola, una oportunitat per conèixer de prop el nostre projecte educatiu, els espais i l’equip docent.</p>
<p data-start="348" data-end="595">   Durant la jornada s’oferirà una <strong data-start="380" data-end="425">reunió específica per a les famílies d’I3</strong>, en què s’explicarà amb detall el funcionament d’aquesta etapa, el procés d’adaptació dels infants i l’acompanyament a les famílies en els   primers anys d’escolarització.</p>
<p data-start="597" data-end="764">   A més, es presentaran les <strong data-start="623" data-end="664">característiques generals de l’escola</strong>, la nostra manera d’entendre l’educació, els valors que ens defineixen i l’organització del centre.</p>
<p data-start="597" data-end="764">Per una reunió més fluida us demanem que vingueu sense els vostres fills/es.</p>
<p data-start="597" data-end="764">Us animem a venir, conèixer-nos i resoldre tots els dubtes. Estarem encantats de rebre-us.</p>
<p data-start="597" data-end="764">Us deixem un petit tastet de la nostra escola: <a href="https://photos.app.goo.gl/uHUxfY6Auw3QC4v78" target="_blank" rel="noopener">vídeo</a></p>
<p data-start="597" data-end="764">
</td>
</tr>
</tbody>
</table>
<p data-start="693" data-end="744">

<p>CURS 2025-26<br />
Comencem una nova etapa plena d’oportunitats, aprenentatges i emocions. Us desitgem un curs ple d’il·lusió i bons moments!<br />
De mica en mica anirem farcint aquesta pàgina amb informacions del vostre interès.<br />
<a href="https://agora.xtec.cat/ceip-ocata/wp-content/uploads/usu386/2025/08/CALENDARI-2025-26.jpg"></a>                           &hellip;  <a href="https://agora.xtec.cat/ceip-ocata/" title="Read L&#8217;escola">Llegeix més»</a></p>
