{"id":84,"date":"2014-09-18T14:11:31","date_gmt":"2014-09-18T13:11:31","guid":{"rendered":"http:\/\/agora.xtec.cat\/ceip-nostra-llar\/?page_id=84"},"modified":"2025-11-07T18:17:58","modified_gmt":"2025-11-07T17:17:58","slug":"activitats-extraescolars","status":"publish","type":"page","link":"https:\/\/agora.xtec.cat\/ceip-nostra-llar\/5989-2\/serveis\/activitats-extraescolars\/","title":{"rendered":"Activitats extraescolars 2025-2026"},"content":{"rendered":"<div dir=\"ltr\">\n<div dir=\"ltr\">\n<p><span style=\"font-weight: 400;\">En relaci\u00f3 amb les extraescolars que es realitzaran a l\u2019escola durant el curs 2025- 2026.\u00a0<\/span><a href=\"https:\/\/agora.xtec.cat\/ceip-nostra-llar\/wp-content\/uploads\/usu1055\/2025\/07\/Extraescolars-dossier-25-26.pdf\"><b>Aqu\u00ed podeu descarregar el dossier informatiu de totes les activitats previstes<\/b><span style=\"font-weight: 400;\">.<\/span><\/a><\/p>\n<p><span style=\"font-weight: 400;\">Les activitats comen\u00e7aran la <\/span><b>primera setmana d\u2019octubre de 2025\u00a0<\/b><span style=\"font-weight: 400;\">(a excepci\u00f3 de dansa que s\u2019inicia el dia\u00a08 de setembre)\u00a0i acabaran el divendres\u00a0<\/span><b>29 de maig de 2026 <\/b><span style=\"font-weight: 400;\">(a excepci\u00f3 de teatre i dansa).<\/span><\/p>\n<p><span style=\"font-weight: 400;\">\ud83d\udcdd<\/span><span style=\"font-weight: 400;\">\u00a0Per\u00edode d&#8217;inscripci\u00f3: del <\/span><b>9 de juny al\u00a015 de setembre de 2025<\/b><span style=\"font-weight: 400;\"><br \/>\n<\/span><span style=\"font-weight: 400;\">Cada activitat t\u00e9 un m\u00ednim i un m\u00e0xim d\u2019inscrits per garantir la qualitat de l\u2019activitat. Les places s&#8217;assignen per ordre d&#8217;inscripci\u00f3. Si l\u2019activitat ja\u00a0no disposa de places, la fam\u00edlia \u00e9s informada i l\u2019infant passa a llista d\u2019espera.<\/span><\/p>\n<\/div>\n<p>\ud83d\udc49\ud83c\udffc Si l&#8217;infant \u00e9s baixa, <strong>no es torna l&#8217;import de la matr\u00edcula.<br \/>\n<\/strong><\/p>\n<p>\ud83d\udc49\ud83c\udffc En cas que l&#8217;infant canvi\u00ef d&#8217;activitat (\u00e9s baixa d&#8217;una activitat, per\u00f2 s&#8217;inscriu a una altra), queda exonerat de pagar la <strong>matr\u00edcula de l&#8217;AFA<\/strong> de la nova activitat, sempre que el preu sigui igual o inferior a la matr\u00edcula de l&#8217;activitat que ha estat baixa. Si el preu de la matr\u00edcula de la nova activitat \u00e9s superior, ha de pagar la difer\u00e8ncia.<\/p>\n<div dir=\"ltr\">\n<p><span style=\"font-weight: 400;\">Els preus indicats al <a href=\"https:\/\/agora.xtec.cat\/ceip-nostra-llar\/wp-content\/uploads\/usu1055\/2025\/07\/Extraescolars-dossier-25-26.pdf\"><strong>dossier<\/strong><\/a> s\u00f3n per a fam\u00edlies s\u00f2cies de l\u2019AFA. Les fam\u00edlies no s\u00f2cies tenen un increment de 30\u202f\u20ac m\u00e9s de matr\u00edcula.<\/span><\/p>\n<p><span style=\"font-weight: 400;\">Un cop tancades les inscripcions i si queden places, les extraescolars de tarda tamb\u00e9 admeten inscripcions d\u2019infants d\u2019altres escoles, els quals han d\u2019afegir 30\u20ac m\u00e9s de matr\u00edcula.<\/span><\/p>\n<p><span style=\"text-decoration: underline;\"><b>\u00a0Activitats de migdia:<\/b><\/span><\/p>\n<ul>\n<li><b>Rob\u00f2tica<\/b><span style=\"font-weight: 400;\">\u00a0(a c\u00e0rrec de Codelearn)<br \/>\n<\/span><span style=\"font-weight: 400;\">\ud83d\udd17<\/span><a href=\"https:\/\/tinyurl.com\/notrallar2526\"><span style=\"font-weight: 400;\">Inscripci\u00f3<\/span><\/a><\/li>\n<li><b>Angl\u00e8s<\/b><span style=\"font-weight: 400;\">\u00a0(a c\u00e0rrec d\u2019Hiberno Idiomes)<\/span><span style=\"font-weight: 400;\"><br \/>\n<\/span><span style=\"font-weight: 400;\">\ud83d\udd04<\/span><i><span style=\"font-weight: 400;\">Antics alumnes<\/span><\/i><span style=\"font-weight: 400;\">: App Englody<\/span><span style=\"font-weight: 400;\"><br \/>\n<\/span><span style=\"font-weight: 400;\">\ud83c\udd95<\/span><i><span style=\"font-weight: 400;\">Nous alumnes<\/span><\/i><span style=\"font-weight: 400;\">:\u00a0<\/span><a href=\"https:\/\/cloud.englody.com\/admin\/preMatricula?param=MTY2ODE1NjY0MQ==\"><span style=\"font-weight: 400;\">Inscripci\u00f3<\/span><\/a><\/li>\n<li style=\"font-weight: 400;\" aria-level=\"1\"><b>Taller d\u2019emocions<\/b><span style=\"font-weight: 400;\">\u00a0(a c\u00e0rrec de La Fita Emocions)<\/span><span style=\"font-weight: 400;\"><br \/>\n<\/span><span style=\"font-weight: 400;\">\ud83d\udcce<\/span><a href=\"https:\/\/agora.xtec.cat\/ceip-nostra-llar\/wp-content\/uploads\/usu1055\/2025\/07\/Fitxa-inscripcio-Educacio-Emocional-Nostra-Llar.pdf\"><span style=\"font-weight: 400;\"> Descarregueu-vos\u00a0<\/span><span style=\"font-weight: 400;\">aqu\u00ed<\/span><\/a><span style=\"font-weight: 400;\">\u00a0la butlleta d\u2019inscripci\u00f3\u00a0(un cop omplerta, l\u2019haureu d\u2019enviar a\u00a0<\/span><a href=\"mailto:info@lafitapsico.cat\"><span style=\"font-weight: 400;\">info<\/span><\/a><span style=\"font-weight: 400;\">@lafitapsico.cat<\/span><span style=\"font-weight: 400;\">).<\/span><\/li>\n<\/ul>\n<p><span style=\"text-decoration: underline;\"><strong>Activitats de tarda:<\/strong><\/span><\/p>\n<ul>\n<li style=\"font-weight: 400;\" aria-level=\"1\"><b>Esportives<\/b><span style=\"font-weight: 400;\">\u00a0(a c\u00e0rrec del Centre Gimn\u00e0stic Castellarnau)<\/span><span style=\"font-weight: 400;\"><br \/>\n<\/span><span style=\"font-weight: 400;\">\ud83d\udd17<\/span><a href=\"https:\/\/clubgimnasticcastellarnau.playoffinformatica.com\/preinscripcio\/10\/INSCRIPCIO-ESCOLA-NOSTRA-LLAR-CURS-2025-26\/\"><span style=\"font-weight: 400;\">Inscripci\u00f3<\/span><\/a><\/li>\n<li style=\"font-weight: 400;\" aria-level=\"1\"><b>B\u00e0squet<\/b><span style=\"font-weight: 400;\">\u00a0(a c\u00e0rrec d\u2019AE Sigaltas)<\/span><span style=\"font-weight: 400;\"><br \/>\n<\/span><span style=\"font-weight: 400;\">\ud83d\udd17<\/span><a href=\"https:\/\/sigaltas.cat\/academy-nll\"><span style=\"font-weight: 400;\">Inscripci\u00f3<\/span><\/a><\/li>\n<li style=\"font-weight: 400;\" aria-level=\"1\"><b>Nataci\u00f3<\/b><span style=\"font-weight: 400;\">\u00a0(a c\u00e0rrec d\u2019Uni\u00f3 Lleure)<\/span><span style=\"font-weight: 400;\"><br \/>\n<\/span><span style=\"font-weight: 400;\">\ud83d\udd17<\/span><a href=\"https:\/\/www.uniolleure.cat\/nostra-llar-extraescolars\/\"><span style=\"font-weight: 400;\">Inscripci\u00f3<\/span><\/a><\/li>\n<li style=\"font-weight: 400;\" aria-level=\"1\"><b>Dansa<\/b><span style=\"font-weight: 400;\">\u00a0(a c\u00e0rrec de Driss)<\/span><span style=\"font-weight: 400;\"><br \/>\n<\/span><span style=\"font-weight: 400;\">\ud83d\udcdd<\/span><span style=\"font-weight: 400;\">\u00a0Inscripci\u00f3:\u00a0<\/span><i><span style=\"font-weight: 400;\">presencialment al Driss<\/span><\/i><\/li>\n<li style=\"font-weight: 400;\" aria-level=\"1\"><b>Escacs<\/b><span style=\"font-weight: 400;\">\u00a0(a c\u00e0rrec del Club Escacs Castellar)<\/span><span style=\"font-weight: 400;\"><br \/>\n<\/span><span style=\"font-weight: 400;\">\ud83d\udd17<\/span><a href=\"https:\/\/form.jotform.com\/251533005748050\"><span style=\"font-weight: 400;\">Inscripci\u00f3<\/span><\/a><\/li>\n<li style=\"font-weight: 400;\" aria-level=\"1\"><b>Teatre<\/b><span style=\"font-weight: 400;\">\u00a0(a c\u00e0rrec de l\u2019Escotill\u00f3)<\/span><span style=\"font-weight: 400;\"><br \/>\n<\/span><span style=\"font-weight: 400;\">\ud83d\udd17<\/span><a href=\"https:\/\/docs.google.com\/forms\/d\/e\/1FAIpQLSeSGDMFrWBcToHJ_V_Uh3UamCrxQUPS9t_0IIB8fS2PF9nYMA\/viewform?usp=sf_link\"><span style=\"font-weight: 400;\">Inscripci\u00f3<\/span><\/a><\/li>\n<li><b>Art<\/b><span style=\"font-weight: 400;\">\u00a0(a c\u00e0rrec d\u2019ARTeneu)<\/span><span style=\"font-weight: 400;\"><br \/>\n<\/span><span style=\"font-weight: 400;\">\ud83d\udd17<\/span><a href=\"https:\/\/forms.office.com\/e\/hMw9nBcQHQ?origin=lprLink\"><span style=\"font-weight: 400;\">Inscripci\u00f3<\/span><\/a><\/li>\n<\/ul>\n<p>&nbsp;<\/p>\n<p>Amb el suport de l&#8217;Ajuntament de Sabadell<\/p>\n<p><a href=\"https:\/\/agora.xtec.cat\/ceip-nostra-llar\/wp-content\/uploads\/usu1055\/2025\/09\/WhatsApp-Image-2025-09-26-at-11.38.51.jpeg\"><img loading=\"lazy\" decoding=\"async\" class=\"alignnone wp-image-12926\" src=\"https:\/\/agora.xtec.cat\/ceip-nostra-llar\/wp-content\/uploads\/usu1055\/2025\/09\/WhatsApp-Image-2025-09-26-at-11.38.51-1024x426.jpeg\" alt=\"\" width=\"168\" height=\"70\" srcset=\"https:\/\/agora.xtec.cat\/ceip-nostra-llar\/wp-content\/uploads\/usu1055\/2025\/09\/WhatsApp-Image-2025-09-26-at-11.38.51-1024x426.jpeg 1024w, https:\/\/agora.xtec.cat\/ceip-nostra-llar\/wp-content\/uploads\/usu1055\/2025\/09\/WhatsApp-Image-2025-09-26-at-11.38.51-300x125.jpeg 300w, https:\/\/agora.xtec.cat\/ceip-nostra-llar\/wp-content\/uploads\/usu1055\/2025\/09\/WhatsApp-Image-2025-09-26-at-11.38.51-768x320.jpeg 768w, https:\/\/agora.xtec.cat\/ceip-nostra-llar\/wp-content\/uploads\/usu1055\/2025\/09\/WhatsApp-Image-2025-09-26-at-11.38.51-1536x639.jpeg 1536w, https:\/\/agora.xtec.cat\/ceip-nostra-llar\/wp-content\/uploads\/usu1055\/2025\/09\/WhatsApp-Image-2025-09-26-at-11.38.51.jpeg 1600w\" sizes=\"auto, (max-width: 168px) 100vw, 168px\" \/><\/a><\/p>\n<\/div>\n<\/div>\n","protected":false},"excerpt":{"rendered":"<p>En relaci\u00f3 amb les extraescolars que es realitzaran a l\u2019escola durant el curs 2025- 2026.\u00a0<a href=\"https:\/\/agora.xtec.cat\/ceip-nostra-llar\/wp-content\/uploads\/usu1055\/2025\/07\/Extraescolars-dossier-25-26.pdf\">Aqu\u00ed podeu descarregar el dossier informatiu de totes les activitats previstes.<\/a><br \/>\nLes activitats comen\u00e7aran la primera setmana d\u2019octubre de 2025\u00a0(a excepci\u00f3 de dansa que s\u2019inicia el dia\u00a08 de setembre)\u00a0i acabaran el&hellip;  <a href=\"https:\/\/agora.xtec.cat\/ceip-nostra-llar\/5989-2\/serveis\/activitats-extraescolars\/\" title=\"Read Activitats extraescolars 2025-2026\">Llegeix m\u00e9s\u00bb<\/a><\/p>\n","protected":false},"author":1,"featured_media":0,"parent":66,"menu_order":30,"comment_status":"closed","ping_status":"closed","template":"page-templates\/side-menu.php","meta":{"_bbp_topic_count":0,"_bbp_reply_count":0,"_bbp_total_topic_count":0,"_bbp_total_reply_count":0,"_bbp_voice_count":0,"_bbp_anonymous_reply_count":0,"_bbp_topic_count_hidden":0,"_bbp_reply_count_hidden":0,"_bbp_forum_subforum_count":0,"footnotes":""},"class_list":["post-84","page","type-page","status-publish","hentry"],"post_mailing_queue_ids":[],"_links":{"self":[{"href":"https:\/\/agora.xtec.cat\/ceip-nostra-llar\/wp-json\/wp\/v2\/pages\/84","targetHints":{"allow":["GET"]}}],"collection":[{"href":"https:\/\/agora.xtec.cat\/ceip-nostra-llar\/wp-json\/wp\/v2\/pages"}],"about":[{"href":"https:\/\/agora.xtec.cat\/ceip-nostra-llar\/wp-json\/wp\/v2\/types\/page"}],"author":[{"embeddable":true,"href":"https:\/\/agora.xtec.cat\/ceip-nostra-llar\/wp-json\/wp\/v2\/users\/1"}],"replies":[{"embeddable":true,"href":"https:\/\/agora.xtec.cat\/ceip-nostra-llar\/wp-json\/wp\/v2\/comments?post=84"}],"version-history":[{"count":6,"href":"https:\/\/agora.xtec.cat\/ceip-nostra-llar\/wp-json\/wp\/v2\/pages\/84\/revisions"}],"predecessor-version":[{"id":13059,"href":"https:\/\/agora.xtec.cat\/ceip-nostra-llar\/wp-json\/wp\/v2\/pages\/84\/revisions\/13059"}],"up":[{"embeddable":true,"href":"https:\/\/agora.xtec.cat\/ceip-nostra-llar\/wp-json\/wp\/v2\/pages\/66"}],"wp:attachment":[{"href":"https:\/\/agora.xtec.cat\/ceip-nostra-llar\/wp-json\/wp\/v2\/media?parent=84"}],"curies":[{"name":"wp","href":"https:\/\/api.w.org\/{rel}","templated":true}]}}