{"id":715,"date":"2016-08-19T18:15:50","date_gmt":"2016-08-19T17:15:50","guid":{"rendered":"http:\/\/agora.xtec.cat\/ceip-nostra-llar\/?page_id=715"},"modified":"2026-05-06T10:53:08","modified_gmt":"2026-05-06T08:53:08","slug":"composicio","status":"publish","type":"page","link":"https:\/\/agora.xtec.cat\/ceip-nostra-llar\/lescola-2\/consell-escolar\/composicio\/","title":{"rendered":"Composici\u00f3"},"content":{"rendered":"<table width=\"595\">\n<tbody>\n<tr>\n<td width=\"265\"><strong>Director<\/strong> <strong>i<\/strong> <strong>President<\/strong> <strong>del<\/strong> <strong>Consell<\/strong> <strong>Escolar<\/strong><strong>\u00a0\u00a0\u00a0\u00a0 <\/strong><\/td>\n<td width=\"331\">Neus Font<\/td>\n<\/tr>\n<tr>\n<td width=\"265\"><strong>Cap<\/strong> <strong>d<\/strong><strong> \u2019<\/strong><strong>Estudis<\/strong><\/td>\n<td width=\"331\">Laura Redondo<\/td>\n<\/tr>\n<tr>\n<td width=\"265\"><strong>Secret\u00e0ria\u00a0\u00a0\u00a0\u00a0\u00a0 <\/strong><\/td>\n<td width=\"331\">Noem\u00ed Peir\u00f3<\/td>\n<\/tr>\n<tr>\n<td width=\"265\"><strong>Representant<\/strong> <strong>de<\/strong> <strong>l<\/strong><strong>\u2019<\/strong><strong>Ajuntament<\/strong><\/td>\n<td width=\"331\">N\u00faria Batet<\/td>\n<\/tr>\n<tr>\n<td width=\"265\"><strong>Representants<\/strong> <strong>del<\/strong> <strong>Professorat:<\/strong><\/td>\n<td width=\"331\">Anna Farriol, Cristina Mora\u00f1o, Gemma Fern\u00e1ndez, J\u00falia Gamisans, Maria Mir, Mireia Barba, Sandra Rios<\/td>\n<\/tr>\n<tr>\n<td width=\"265\"><strong>Representants<\/strong> <strong>pares\/mares:<\/strong><\/td>\n<td width=\"331\">\u00a0Marc Castellv\u00ed, Gina Corts, Raquel Robles, Aida Mateo, Ester S\u00e1nchez, , S\u00edlvia Lorenzo,<\/td>\n<\/tr>\n<tr>\n<td width=\"265\"><strong>Representant<\/strong> <strong>de<\/strong> <strong>l<\/strong><strong>\u2019<\/strong><strong>AFA:\u00a0\u00a0\u00a0\u00a0 <\/strong><\/td>\n<td width=\"331\">Ernest Valdovinos<\/td>\n<\/tr>\n<tr>\n<td width=\"265\"><strong>Representant PAE:<\/strong><\/td>\n<td width=\"331\">Neus Figols<\/td>\n<\/tr>\n<tr>\n<td width=\"265\"><strong>Representant<\/strong> <strong>del<\/strong> <strong>PAS: <\/strong><\/td>\n<td width=\"331\">Germ\u00e1n Muela<\/td>\n<\/tr>\n<\/tbody>\n<\/table>\n<p>&nbsp;<\/p>\n<p><strong>Comissions del Consell Escolar:<\/strong><\/p>\n<table style=\"border-collapse: collapse; width: 100%; height: 111px;\">\n<tbody>\n<tr style=\"height: 32px;\">\n<td style=\"width: 20%; height: 32px;\">C. Permanent<\/td>\n<td style=\"width: 20%; height: 32px;\">C. Conviv\u00e8ncia<\/td>\n<td style=\"width: 20%; height: 32px;\">C. Econ\u00f2mica<\/td>\n<td style=\"width: 20%; height: 32px;\">C. Menjador<\/td>\n<td style=\"width: 20%; height: 32px;\">C. Extraescolars<\/td>\n<\/tr>\n<tr style=\"height: 79px;\">\n<td style=\"width: 20%; height: 79px;\">Neus Font<\/p>\n<p>Laura Redondo<\/p>\n<p>Noem\u00ed Peir\u00f3<\/p>\n<p>Cristina Mora\u00f1o<\/p>\n<p><em>r. fam\u00edlia a concretar<\/em><\/p>\n<p>&nbsp;<\/td>\n<td style=\"width: 20%; height: 79px;\">Neus Font,<\/p>\n<p>Noem\u00ed Peir\u00f3,<\/p>\n<p>Cristina Mora\u00f1o,<\/p>\n<p>Gemma Fern\u00e1ndez<\/p>\n<p>Marc Castellv\u00ed<\/p>\n<p>Gina Corts<\/td>\n<td style=\"width: 20%; height: 79px;\">Neus Font<\/p>\n<p>Noem\u00ed Peir\u00f3<\/p>\n<p><em>r. fam\u00edlia a concretar<\/em><\/p>\n<p>J\u00falia Gamisans<\/td>\n<td style=\"width: 20%; height: 79px;\">Neus Font<\/p>\n<p>Mireia Barba<\/p>\n<p>Sandra Rios<\/p>\n<p>Ernest Valdovinos<\/p>\n<p>Raquel Robles.<\/td>\n<td style=\"width: 20%; height: 79px;\">Laura Redondo<\/p>\n<p>Anna Farriol<\/p>\n<p>Maria Mir<\/p>\n<p>r. fam\u00edlia a concretar<\/p>\n<p>Ernest Valdovinos<\/td>\n<\/tr>\n<\/tbody>\n<\/table>\n<div class=\"yj6qo\"><\/div>\n<div class=\"adL\"><\/div>\n","protected":false},"excerpt":{"rendered":"<p>Director i President del Consell Escolar\u00a0\u00a0\u00a0\u00a0<br \/>\nNeus Font<\/p>\n<p>Cap d \u2019Estudis<br \/>\nLaura Redondo<\/p>\n<p>Secret\u00e0ria\u00a0\u00a0\u00a0\u00a0\u00a0<br \/>\nNoem\u00ed Peir\u00f3<\/p>\n<p>Representant de l\u2019Ajuntament<br \/>\nN\u00faria Batet<\/p>\n<p>Representants del Professorat:<br \/>\nAnna Farriol, Cristina Mora\u00f1o, Gemma Fern\u00e1ndez, J\u00falia Gamisans, Maria Mir, Mireia Barba, Sandra Rios<\/p>\n<p>Representants pares\/mares:<br \/>\n\u00a0Marc Castellv\u00ed, Gina Corts, Raquel Robles, Aida Mateo, Ester S\u00e1nchez, , S\u00edlvia Lorenzo,<\/p>\n<p>Representant de&hellip;  <a href=\"https:\/\/agora.xtec.cat\/ceip-nostra-llar\/lescola-2\/consell-escolar\/composicio\/\" title=\"Read Composici\u00f3\">Llegeix m\u00e9s\u00bb<\/a><\/p>\n","protected":false},"author":1,"featured_media":0,"parent":28,"menu_order":1,"comment_status":"closed","ping_status":"closed","template":"page-templates\/side-menu.php","meta":{"_bbp_topic_count":0,"_bbp_reply_count":0,"_bbp_total_topic_count":0,"_bbp_total_reply_count":0,"_bbp_voice_count":0,"_bbp_anonymous_reply_count":0,"_bbp_topic_count_hidden":0,"_bbp_reply_count_hidden":0,"_bbp_forum_subforum_count":0,"footnotes":""},"class_list":["post-715","page","type-page","status-publish","hentry"],"post_mailing_queue_ids":[],"_links":{"self":[{"href":"https:\/\/agora.xtec.cat\/ceip-nostra-llar\/wp-json\/wp\/v2\/pages\/715","targetHints":{"allow":["GET"]}}],"collection":[{"href":"https:\/\/agora.xtec.cat\/ceip-nostra-llar\/wp-json\/wp\/v2\/pages"}],"about":[{"href":"https:\/\/agora.xtec.cat\/ceip-nostra-llar\/wp-json\/wp\/v2\/types\/page"}],"author":[{"embeddable":true,"href":"https:\/\/agora.xtec.cat\/ceip-nostra-llar\/wp-json\/wp\/v2\/users\/1"}],"replies":[{"embeddable":true,"href":"https:\/\/agora.xtec.cat\/ceip-nostra-llar\/wp-json\/wp\/v2\/comments?post=715"}],"version-history":[{"count":7,"href":"https:\/\/agora.xtec.cat\/ceip-nostra-llar\/wp-json\/wp\/v2\/pages\/715\/revisions"}],"predecessor-version":[{"id":13527,"href":"https:\/\/agora.xtec.cat\/ceip-nostra-llar\/wp-json\/wp\/v2\/pages\/715\/revisions\/13527"}],"up":[{"embeddable":true,"href":"https:\/\/agora.xtec.cat\/ceip-nostra-llar\/wp-json\/wp\/v2\/pages\/28"}],"wp:attachment":[{"href":"https:\/\/agora.xtec.cat\/ceip-nostra-llar\/wp-json\/wp\/v2\/media?parent=715"}],"curies":[{"name":"wp","href":"https:\/\/api.w.org\/{rel}","templated":true}]}}