{"id":3746,"date":"2019-01-29T09:41:04","date_gmt":"2019-01-29T08:41:04","guid":{"rendered":"http:\/\/agora.xtec.cat\/ceip-nostra-llar\/?page_id=3746"},"modified":"2025-03-11T15:11:25","modified_gmt":"2025-03-11T14:11:25","slug":"projecte-pedagogic","status":"publish","type":"page","link":"https:\/\/agora.xtec.cat\/ceip-nostra-llar\/lescola-2\/projecte-pedagogic\/","title":{"rendered":"Projecte pedag\u00f2gic"},"content":{"rendered":"<div class=\"entry-content\">\n<div class=\"items-row cols-2 row-0 row-fluid clearfix\">\n<div class=\"span6\">\n<div class=\"item column-2\">\n<p>A l\u2019Escola Nostra Llar, el nostre enfocament metodol\u00f2gic situa l\u2019infant com a eix central i protagonista del seu propi proc\u00e9s d\u2019aprenentatge. Treballem per afavorir el desenvolupament integral dels nens i nenes a partir d\u2019un aprenentatge significatiu i vivencial. Aquest enfocament es materialitza en una s\u00e8rie de principis que guien la nostra pr\u00e0ctica educativa:<\/p>\n<ol>\n<li><strong>Autoconeixement i gesti\u00f3 emocional:<\/strong><br \/>\nFomentem que l\u2019alumnat desenvolupi una consci\u00e8ncia d\u2019ell mateix i aprengui a gestionar les seves emocions. Aquest treball emocional \u00e9s essencial per afavorir un ambient d\u2019aprenentatge positiu i segur.<\/li>\n<li><strong>Experimentaci\u00f3 i manipulaci\u00f3:<\/strong><br \/>\nL\u2019aprenentatge pr\u00e0ctic \u00e9s clau. Donem prioritat a l\u2019\u00fas de materials manipulatius, l\u2019experimentaci\u00f3 directa i la descoberta com a mitjans per consolidar coneixements.<\/li>\n<li><strong>Joc i cohesi\u00f3 grupal:<\/strong><br \/>\nEl joc \u00e9s una eina fonamental per aprendre de manera natural i motivadora. A m\u00e9s, treballem el treball cooperatiu i activitats que reforcen la cohesi\u00f3 del grup, promovent valors com la col\u00b7laboraci\u00f3 i el respecte mutu.<\/li>\n<li><strong>Plantejament de reptes i recerca:<\/strong><br \/>\nL\u2019aprenentatge es dinamitza amb reptes i activitats que estimulen la curiositat i la iniciativa dels alumnes, aix\u00ed com amb processos de recerca adaptats al seu nivell.<\/li>\n<li><strong>Sortides i experi\u00e8ncies contextualitzades:<\/strong><br \/>\nOrganitzem sortides, excursions i visites que complementen i donen sentit al que es treballa a l\u2019aula, connectant l\u2019aprenentatge amb el m\u00f3n real.<\/li>\n<\/ol>\n<p>Per dur a terme aquests principis, utilitzem una varietat de metodologies que s\u2019adapten a les necessitats i interessos de l\u2019alumnat:<\/p>\n<div>\n<ul>\n<li><strong>Treball sistem\u00e0tic i globalitzat<\/strong> per integrar els aprenentatges de manera coherent.<\/li>\n<li><strong>Projectes interdisciplinaris<\/strong> que parteixen dels interessos dels infants.<\/li>\n<li><strong>Aprenentatge basat en problemes (ABP)<\/strong> per fomentar el pensament cr\u00edtic i la resoluci\u00f3 de conflictes.<\/li>\n<\/ul>\n<\/div>\n<div><\/div>\n<p>Les <strong>situacions d\u2019aprenentatge<\/strong> s\u00f3n el punt de partida per crear un context enriquidor i significatiu que permeti als alumnes <strong>explorar, cr\u00e9ixer i aprendre amb motivaci\u00f3 i autonomia.<\/strong><\/p>\n<p>&nbsp;<\/p>\n<\/div>\n<\/div>\n<\/div>\n<\/div>\n<p>&nbsp;<\/p>\n<p>&nbsp;<\/p>\n","protected":false},"excerpt":{"rendered":"<p>A l\u2019Escola Nostra Llar, el nostre enfocament metodol\u00f2gic situa l\u2019infant com a eix central i protagonista del seu propi proc\u00e9s d\u2019aprenentatge. Treballem per afavorir el desenvolupament integral dels nens i nenes a partir d\u2019un aprenentatge significatiu i vivencial. Aquest enfocament es materialitza en una s\u00e8rie&hellip;  <a href=\"https:\/\/agora.xtec.cat\/ceip-nostra-llar\/lescola-2\/projecte-pedagogic\/\" title=\"Read Projecte pedag\u00f2gic\">Llegeix m\u00e9s\u00bb<\/a><\/p>\n","protected":false},"author":1,"featured_media":0,"parent":12179,"menu_order":3,"comment_status":"closed","ping_status":"closed","template":"page-templates\/side-menu.php","meta":{"_bbp_topic_count":0,"_bbp_reply_count":0,"_bbp_total_topic_count":0,"_bbp_total_reply_count":0,"_bbp_voice_count":0,"_bbp_anonymous_reply_count":0,"_bbp_topic_count_hidden":0,"_bbp_reply_count_hidden":0,"_bbp_forum_subforum_count":0,"footnotes":""},"class_list":["post-3746","page","type-page","status-publish","hentry"],"post_mailing_queue_ids":[],"_links":{"self":[{"href":"https:\/\/agora.xtec.cat\/ceip-nostra-llar\/wp-json\/wp\/v2\/pages\/3746","targetHints":{"allow":["GET"]}}],"collection":[{"href":"https:\/\/agora.xtec.cat\/ceip-nostra-llar\/wp-json\/wp\/v2\/pages"}],"about":[{"href":"https:\/\/agora.xtec.cat\/ceip-nostra-llar\/wp-json\/wp\/v2\/types\/page"}],"author":[{"embeddable":true,"href":"https:\/\/agora.xtec.cat\/ceip-nostra-llar\/wp-json\/wp\/v2\/users\/1"}],"replies":[{"embeddable":true,"href":"https:\/\/agora.xtec.cat\/ceip-nostra-llar\/wp-json\/wp\/v2\/comments?post=3746"}],"version-history":[{"count":6,"href":"https:\/\/agora.xtec.cat\/ceip-nostra-llar\/wp-json\/wp\/v2\/pages\/3746\/revisions"}],"predecessor-version":[{"id":12451,"href":"https:\/\/agora.xtec.cat\/ceip-nostra-llar\/wp-json\/wp\/v2\/pages\/3746\/revisions\/12451"}],"up":[{"embeddable":true,"href":"https:\/\/agora.xtec.cat\/ceip-nostra-llar\/wp-json\/wp\/v2\/pages\/12179"}],"wp:attachment":[{"href":"https:\/\/agora.xtec.cat\/ceip-nostra-llar\/wp-json\/wp\/v2\/media?parent=3746"}],"curies":[{"name":"wp","href":"https:\/\/api.w.org\/{rel}","templated":true}]}}