{"id":12271,"date":"2025-01-27T14:12:40","date_gmt":"2025-01-27T13:12:40","guid":{"rendered":"https:\/\/agora.xtec.cat\/ceip-nostra-llar\/?page_id=12271"},"modified":"2025-02-13T13:30:17","modified_gmt":"2025-02-13T12:30:17","slug":"projecte-de-matematiques","status":"publish","type":"page","link":"https:\/\/agora.xtec.cat\/ceip-nostra-llar\/lescola-2\/instal%c2%b7lacions\/projecte-de-matematiques\/","title":{"rendered":"Projecte de matem\u00e0tiques"},"content":{"rendered":"<p><a href=\"https:\/\/agora.xtec.cat\/ceip-nostra-llar\/wp-content\/uploads\/usu1055\/2020\/01\/emat.jpg\"><img loading=\"lazy\" decoding=\"async\" class=\"aligncenter wp-image-5165\" src=\"https:\/\/agora.xtec.cat\/ceip-nostra-llar\/wp-content\/uploads\/usu1055\/2020\/01\/emat-1024x336.jpg\" sizes=\"auto, (max-width: 1018px) 100vw, 1018px\" srcset=\"https:\/\/agora.xtec.cat\/ceip-nostra-llar\/wp-content\/uploads\/usu1055\/2020\/01\/emat-1024x336.jpg 1024w, https:\/\/agora.xtec.cat\/ceip-nostra-llar\/wp-content\/uploads\/usu1055\/2020\/01\/emat-300x98.jpg 300w, https:\/\/agora.xtec.cat\/ceip-nostra-llar\/wp-content\/uploads\/usu1055\/2020\/01\/emat-768x252.jpg 768w, https:\/\/agora.xtec.cat\/ceip-nostra-llar\/wp-content\/uploads\/usu1055\/2020\/01\/emat.jpg 1202w\" alt=\"\" width=\"1018\" height=\"334\" \/><\/a><\/p>\n<div class=\"titular\">\n<p data-start=\"0\" data-end=\"538\">El projecte ENTUSIASMAT vol fer que els alumnes gaudeixin aprenent matem\u00e0tiques de maneres divertides i diferents. Com sabem que cada persona apr\u00e8n de manera \u00fanica, el projecte utilitza les Intel\u00b7lig\u00e8ncies M\u00faltiples per oferir diverses maneres d\u2019apropar un mateix concepte. Per exemple, podem treballar les figures geom\u00e8triques cantant can\u00e7ons (intel\u00b7lig\u00e8ncia musical), movent-nos (intel\u00b7lig\u00e8ncia corporal-cinest\u00e8sica), buscant formes al nostre voltant (intel\u00b7lig\u00e8ncia naturalista) o utilitzant geoplans (intel\u00b7lig\u00e8ncia visual-espacial).<\/p>\n<p data-start=\"540\" data-end=\"788\" data-is-last-node=\"\">L&#8217;objectiu \u00e9s que els alumnes desenvolupin un pensament m\u00e9s estrat\u00e8gic, aprenguin a reflexionar i s\u2019ho passin b\u00e9 creant i seguint procediments que els ajudin a entendre millor les matem\u00e0tiques, millorant aix\u00ed la seva motivaci\u00f3 i els seus resultats.<\/p>\n<\/div>\n<div class=\"text c3\">\n<div class=\"wpb_text_column wpb_content_element \">\n<div class=\"wpb_wrapper\">\n<div class=\" section_inner clearfix\">\n<div class=\"section_inner_margin clearfix\">\n<div class=\"vc_col-sm-9 wpb_column vc_column_container\">\n<div class=\"wpb_wrapper\">\n<div class=\"wpb_text_column wpb_content_element \">\n<div class=\"wpb_wrapper\">\n<p>&nbsp;<\/p>\n<\/div>\n<\/div>\n<\/div>\n<\/div>\n<\/div>\n<\/div>\n<\/div>\n<\/div>\n<\/div>\n","protected":false},"excerpt":{"rendered":"<p><a href=\"https:\/\/agora.xtec.cat\/ceip-nostra-llar\/wp-content\/uploads\/usu1055\/2020\/01\/emat.jpg\"><\/a><\/p>\n<p>El projecte ENTUSIASMAT vol fer que els alumnes gaudeixin aprenent matem\u00e0tiques de maneres divertides i diferents. Com sabem que cada persona apr\u00e8n de manera \u00fanica, el projecte utilitza les Intel\u00b7lig\u00e8ncies M\u00faltiples per oferir diverses maneres d\u2019apropar un mateix concepte. Per exemple, podem treballar les&hellip;  <a href=\"https:\/\/agora.xtec.cat\/ceip-nostra-llar\/lescola-2\/instal%c2%b7lacions\/projecte-de-matematiques\/\" title=\"Read Projecte de matem\u00e0tiques\">Llegeix m\u00e9s\u00bb<\/a><\/p>\n","protected":false},"author":56,"featured_media":0,"parent":30,"menu_order":1,"comment_status":"closed","ping_status":"closed","template":"page-templates\/side-menu.php","meta":{"_bbp_topic_count":0,"_bbp_reply_count":0,"_bbp_total_topic_count":0,"_bbp_total_reply_count":0,"_bbp_voice_count":0,"_bbp_anonymous_reply_count":0,"_bbp_topic_count_hidden":0,"_bbp_reply_count_hidden":0,"_bbp_forum_subforum_count":0,"footnotes":""},"class_list":["post-12271","page","type-page","status-publish","hentry"],"post_mailing_queue_ids":[],"_links":{"self":[{"href":"https:\/\/agora.xtec.cat\/ceip-nostra-llar\/wp-json\/wp\/v2\/pages\/12271","targetHints":{"allow":["GET"]}}],"collection":[{"href":"https:\/\/agora.xtec.cat\/ceip-nostra-llar\/wp-json\/wp\/v2\/pages"}],"about":[{"href":"https:\/\/agora.xtec.cat\/ceip-nostra-llar\/wp-json\/wp\/v2\/types\/page"}],"author":[{"embeddable":true,"href":"https:\/\/agora.xtec.cat\/ceip-nostra-llar\/wp-json\/wp\/v2\/users\/56"}],"replies":[{"embeddable":true,"href":"https:\/\/agora.xtec.cat\/ceip-nostra-llar\/wp-json\/wp\/v2\/comments?post=12271"}],"version-history":[{"count":3,"href":"https:\/\/agora.xtec.cat\/ceip-nostra-llar\/wp-json\/wp\/v2\/pages\/12271\/revisions"}],"predecessor-version":[{"id":12352,"href":"https:\/\/agora.xtec.cat\/ceip-nostra-llar\/wp-json\/wp\/v2\/pages\/12271\/revisions\/12352"}],"up":[{"embeddable":true,"href":"https:\/\/agora.xtec.cat\/ceip-nostra-llar\/wp-json\/wp\/v2\/pages\/30"}],"wp:attachment":[{"href":"https:\/\/agora.xtec.cat\/ceip-nostra-llar\/wp-json\/wp\/v2\/media?parent=12271"}],"curies":[{"name":"wp","href":"https:\/\/api.w.org\/{rel}","templated":true}]}}