{"id":859,"date":"2016-12-04T12:27:39","date_gmt":"2016-12-04T11:27:39","guid":{"rendered":"http:\/\/agora.xtec.cat\/ceip-montserrat\/?page_id=859"},"modified":"2019-11-12T18:23:54","modified_gmt":"2019-11-12T17:23:54","slug":"socialitzacio-de-llibres","status":"publish","type":"page","link":"https:\/\/agora.xtec.cat\/ceip-montserrat\/serveis\/socialitzacio-de-llibres\/","title":{"rendered":"Socialitzaci\u00f3 de Llibres de text"},"content":{"rendered":"<p>El Projecte de Socialitzaci\u00f3 i reciclatge dels llibres de text es va iniciar el curs 2007\/2008.<\/p>\n<p>Aquest projecte va ser proposat per l&#8217;AFA i es porta a terme juntament amb la col\u00b7laboraci\u00f3 de l&#8217;Escola. \u00c9s un projecte que est\u00e0 aprovat perl Claustre de mestres i pel Consell Escolar .<\/p>\n<p>Els <span style=\"text-decoration: underline;\"><strong>principis<\/strong><\/span> en que est\u00e0 basat aquest projecte s\u00f3n:<\/p>\n<p><strong>Igualtat:<\/strong> Assegura que tots els alumnes tinguin les mateixes possibilitats i facilitats d&#8217;aprenentatge.<\/p>\n<p><strong>Unitat:<\/strong> Aquest projecte es duu a terme amb la implicaci\u00f3 de TOTA la comunitat educativa.<\/p>\n<p><strong>Qualitat:<\/strong> Augment de qualitat dels recursos material a disposici\u00f3 dels alumnes i enriquir el fons bibliogr\u00e0fic del centre.\u00a0<img loading=\"lazy\" decoding=\"async\" class=\"alignright\" src=\"https:\/\/anand.nl\/wp-content\/uploads\/2015\/09\/stack-of-books-images-Books.png\" alt=\"Imagen relacionada\" width=\"291\" height=\"284\" \/><\/p>\n<p><strong>Solidaritat:<\/strong> Ajudar a les fam\u00edlies amb diferents situacions dif\u00edcils.<\/p>\n<p><strong>Economia:<\/strong> Aquest projecte suposa un estalvi, una reducci\u00f3 efectiva del cost de llibres de text i altre material escolar, a m\u00e9s de recuperar el m\u00e1xim nombre de llibres de cada classe que puguin ser aprofitats el curs seg\u00fcent.<\/p>\n<p><strong>Pedagogia:<\/strong> Aquest projecte \u00e9s una via per treballar de manera pr\u00e0ctica en l&#8217;educaci\u00f3 de ls nens i nenes conceptes com el saber compartir, la igualtat, la solidaritat, l&#8217;austeritat i la utilitzaci\u00f3 racional dels recursos, el respecte, la responsabilitat davant els materials comunitaris i l&#8217;esperit cooperatiu davant de l&#8217;incisiu individualisme.<\/p>\n<p><strong>Cooperaci\u00f3:<\/strong>\u00a0Foment del treball en equip entre l&#8217;alumnat, les families, l&#8217;equip direcitu i el professorat.<\/p>\n<p>&nbsp;<\/p>\n<p>&nbsp;<\/p>\n","protected":false},"excerpt":{"rendered":"<p>El Projecte de Socialitzaci\u00f3 i reciclatge dels llibres de text es va iniciar el curs 2007\/2008.<br \/>\nAquest projecte va ser proposat per l&#8217;AFA i es porta a terme juntament amb la col\u00b7laboraci\u00f3 de l&#8217;Escola. \u00c9s un projecte que est\u00e0 aprovat perl Claustre de mestres i pel&hellip;  <a href=\"https:\/\/agora.xtec.cat\/ceip-montserrat\/serveis\/socialitzacio-de-llibres\/\" title=\"Read Socialitzaci\u00f3 de Llibres de text\">Llegeix m\u00e9s\u00bb<\/a><\/p>\n","protected":false},"author":1,"featured_media":0,"parent":66,"menu_order":10,"comment_status":"closed","ping_status":"closed","template":"","meta":{"_bbp_topic_count":0,"_bbp_reply_count":0,"_bbp_total_topic_count":0,"_bbp_total_reply_count":0,"_bbp_voice_count":0,"_bbp_anonymous_reply_count":0,"_bbp_topic_count_hidden":0,"_bbp_reply_count_hidden":0,"_bbp_forum_subforum_count":0,"footnotes":""},"class_list":["post-859","page","type-page","status-publish","hentry"],"post_mailing_queue_ids":[],"_links":{"self":[{"href":"https:\/\/agora.xtec.cat\/ceip-montserrat\/wp-json\/wp\/v2\/pages\/859","targetHints":{"allow":["GET"]}}],"collection":[{"href":"https:\/\/agora.xtec.cat\/ceip-montserrat\/wp-json\/wp\/v2\/pages"}],"about":[{"href":"https:\/\/agora.xtec.cat\/ceip-montserrat\/wp-json\/wp\/v2\/types\/page"}],"author":[{"embeddable":true,"href":"https:\/\/agora.xtec.cat\/ceip-montserrat\/wp-json\/wp\/v2\/users\/1"}],"replies":[{"embeddable":true,"href":"https:\/\/agora.xtec.cat\/ceip-montserrat\/wp-json\/wp\/v2\/comments?post=859"}],"version-history":[{"count":3,"href":"https:\/\/agora.xtec.cat\/ceip-montserrat\/wp-json\/wp\/v2\/pages\/859\/revisions"}],"predecessor-version":[{"id":4732,"href":"https:\/\/agora.xtec.cat\/ceip-montserrat\/wp-json\/wp\/v2\/pages\/859\/revisions\/4732"}],"up":[{"embeddable":true,"href":"https:\/\/agora.xtec.cat\/ceip-montserrat\/wp-json\/wp\/v2\/pages\/66"}],"wp:attachment":[{"href":"https:\/\/agora.xtec.cat\/ceip-montserrat\/wp-json\/wp\/v2\/media?parent=859"}],"curies":[{"name":"wp","href":"https:\/\/api.w.org\/{rel}","templated":true}]}}