{"id":3773,"date":"2018-11-07T11:42:50","date_gmt":"2018-11-07T10:42:50","guid":{"rendered":"http:\/\/agora.xtec.cat\/ceip-montserrat\/?page_id=3773"},"modified":"2026-03-17T20:31:01","modified_gmt":"2026-03-17T19:31:01","slug":"projectes-dinnovacio","status":"publish","type":"page","link":"https:\/\/agora.xtec.cat\/ceip-montserrat\/projecte-educatiu\/projectes-dinnovacio\/","title":{"rendered":"Projectes d&#8217;Innovaci\u00f3"},"content":{"rendered":"<p>Els <strong>projectes d\u2019innovaci\u00f3 pedag\u00f2gica<\/strong> consisteixen en iniciatives d\u2019un centre educatiu que responen a objectius de millora educativa pr\u00e8viament fixats en un pla d\u2019acci\u00f3 i que aporten evid\u00e8ncies del canvi que ha significat per al centre o centres pel que fa a les compet\u00e8ncies dels alumnes o a l\u2019organitzaci\u00f3 i gesti\u00f3.<\/p>\n<p>Les finalitats b\u00e0siques de qualsevol innovaci\u00f3 han de ser millorar l\u2019\u00e8xit escolar de tot l\u2019alumnat, i promoure l\u2019esfor\u00e7 de tots per aconseguir l\u2019excel\u00b7l\u00e8ncia educativa i garantir l\u2019equitat. Per veure m\u00e9s informaci\u00f3 premeu <a href=\"http:\/\/xtec.gencat.cat\/ca\/innovacio\/\">aqu\u00ed.<\/a><\/p>\n<p>L&#8217;escola Montserrat participa en diferents <strong><span style=\"text-decoration: underline;\">projectes d&#8217;innovaci\u00f3 pedag\u00f2gica<\/span><\/strong>:<\/p>\n<ul>\n<li><a href=\"http:\/\/agora.xtec.cat\/ceip-montserrat\/projecte-educatiu\/projectes-dinnovacio\/etwinning\/\">Projecte &#8220;eTwinning&#8221;<\/a><\/li>\n<li><a style=\"color: #2795b6;\" href=\"https:\/\/agora.xtec.cat\/ceip-montserrat\/projecte-educatiu\/ambients-a-infantil\/\">Projecte &#8220;Ambients d&#8217;aprenentatge a l&#8217;educaci\u00f3 infantil&#8221;<\/a>\u00a0(reconegut pel Departament d&#8217;Educaci\u00f3)<\/li>\n<li><a href=\"https:\/\/agora.xtec.cat\/ceip-montserrat\/categoria\/pcmat\/\">Projecte PCMAT (Pensament Computacional i matem\u00e0tiques)<\/a><\/li>\n<\/ul>\n<p>L&#8217;escola Montserrat al <a href=\"https:\/\/innovacio.xtec.gencat.cat\/centre\/08026816\">Mapa d&#8217;innovaci\u00f3 pedag\u00f2gica de Catalunya<\/a>.<\/p>\n<p><strong><span style=\"text-decoration: underline;\">Projectes d&#8217;innovaci\u00f3 pedag\u00f2gica que ha participat:<\/span><\/strong><\/p>\n<ul>\n<li><a href=\"http:\/\/agora.xtec.cat\/ceip-montserrat\/projecte-educatiu\/projectes-dinnovacio\/apadrinem-el-nostre-patrimoni\/\">Projecte &#8220;Apadrinem el nostre patrimoni&#8221;<\/a><\/li>\n<li><a href=\"http:\/\/agora.xtec.cat\/ceip-montserrat\/projecte-educatiu\/projectes-dinnovacio\/eduhack-growing-app\/\">Projecte EduHack &#8220;Growwing App&#8221;<\/a><\/li>\n<\/ul>\n","protected":false},"excerpt":{"rendered":"<p>Els projectes d\u2019innovaci\u00f3 pedag\u00f2gica consisteixen en iniciatives d\u2019un centre educatiu que responen a objectius de millora educativa pr\u00e8viament fixats en un pla d\u2019acci\u00f3 i que aporten evid\u00e8ncies del canvi que ha significat per al centre o centres pel que fa a les compet\u00e8ncies dels alumnes&hellip;  <a href=\"https:\/\/agora.xtec.cat\/ceip-montserrat\/projecte-educatiu\/projectes-dinnovacio\/\" title=\"Read Projectes d&#8217;Innovaci\u00f3\">Llegeix m\u00e9s\u00bb<\/a><\/p>\n","protected":false},"author":1,"featured_media":0,"parent":64,"menu_order":43,"comment_status":"closed","ping_status":"closed","template":"","meta":{"_bbp_topic_count":0,"_bbp_reply_count":0,"_bbp_total_topic_count":0,"_bbp_total_reply_count":0,"_bbp_voice_count":0,"_bbp_anonymous_reply_count":0,"_bbp_topic_count_hidden":0,"_bbp_reply_count_hidden":0,"_bbp_forum_subforum_count":0,"footnotes":""},"class_list":["post-3773","page","type-page","status-publish","hentry"],"post_mailing_queue_ids":[],"_links":{"self":[{"href":"https:\/\/agora.xtec.cat\/ceip-montserrat\/wp-json\/wp\/v2\/pages\/3773","targetHints":{"allow":["GET"]}}],"collection":[{"href":"https:\/\/agora.xtec.cat\/ceip-montserrat\/wp-json\/wp\/v2\/pages"}],"about":[{"href":"https:\/\/agora.xtec.cat\/ceip-montserrat\/wp-json\/wp\/v2\/types\/page"}],"author":[{"embeddable":true,"href":"https:\/\/agora.xtec.cat\/ceip-montserrat\/wp-json\/wp\/v2\/users\/1"}],"replies":[{"embeddable":true,"href":"https:\/\/agora.xtec.cat\/ceip-montserrat\/wp-json\/wp\/v2\/comments?post=3773"}],"version-history":[{"count":5,"href":"https:\/\/agora.xtec.cat\/ceip-montserrat\/wp-json\/wp\/v2\/pages\/3773\/revisions"}],"predecessor-version":[{"id":8286,"href":"https:\/\/agora.xtec.cat\/ceip-montserrat\/wp-json\/wp\/v2\/pages\/3773\/revisions\/8286"}],"up":[{"embeddable":true,"href":"https:\/\/agora.xtec.cat\/ceip-montserrat\/wp-json\/wp\/v2\/pages\/64"}],"wp:attachment":[{"href":"https:\/\/agora.xtec.cat\/ceip-montserrat\/wp-json\/wp\/v2\/media?parent=3773"}],"curies":[{"name":"wp","href":"https:\/\/api.w.org\/{rel}","templated":true}]}}