{"id":2833,"date":"2018-03-07T16:48:11","date_gmt":"2018-03-07T15:48:11","guid":{"rendered":"http:\/\/agora.xtec.cat\/ceip-montserrat\/?page_id=2833"},"modified":"2018-03-07T16:51:26","modified_gmt":"2018-03-07T15:51:26","slug":"projecte-espurn","status":"publish","type":"page","link":"https:\/\/agora.xtec.cat\/ceip-montserrat\/projecte-educatiu\/altres-projectes\/projecte-espurn\/","title":{"rendered":"Projectes amb espurn@"},"content":{"rendered":"<p><a href=\"http:\/\/agora.xtec.cat\/ceip-montserrat\/wp-content\/uploads\/usu1311\/2018\/03\/projecte-espurna.jpg\"><img loading=\"lazy\" decoding=\"async\" class=\"aligncenter wp-image-2834\" src=\"http:\/\/agora.xtec.cat\/ceip-montserrat\/wp-content\/uploads\/usu1311\/2018\/03\/projecte-espurna.jpg\" alt=\"\" width=\"437\" height=\"119\" srcset=\"https:\/\/agora.xtec.cat\/ceip-montserrat\/wp-content\/uploads\/usu1311\/2018\/03\/projecte-espurna.jpg 606w, https:\/\/agora.xtec.cat\/ceip-montserrat\/wp-content\/uploads\/usu1311\/2018\/03\/projecte-espurna-300x82.jpg 300w\" sizes=\"auto, (max-width: 437px) 100vw, 437px\" \/><\/a><\/p>\n<p>\u00c9s una iniciativa de l&#8217;ICE de la UAB, \u00e9s\u00a0 un projecte multidisciplinar que en base al treball en <u><b>projectes col\u00b7laboratius en xarxa<\/b><\/u>, integra metodologies i din\u00e0miques adre\u00e7ades a la millora qualitativa de l&#8217;Escola.<\/p>\n<p>El curs 2017-2018 l\u2019escola ha iniciat el Projecte amb espurn@ amb un projecte col\u00b7laboratiu, creat des de la perspectiva de les intel\u00b7lig\u00e8ncies m\u00faltiples i l&#8217;assoliment de les compet\u00e8ncies b\u00e0siques. Treballa l&#8217;\u00e0mbit de l&#8217;educaci\u00f3 visual i pl\u00e0stica juntament amb les noves tecnologies<\/p>\n<p>\u201c<u>Cad\u00e0vers exquisits<\/u>\u201d \u00e9s el projecte que realitzem aquest curs. \u00c9s un joc inventat pels surrealistes consistent en la creaci\u00f3 i invenci\u00f3 col\u00b7lectiva.<\/p>\n","protected":false},"excerpt":{"rendered":"<p><a href=\"http:\/\/agora.xtec.cat\/ceip-montserrat\/wp-content\/uploads\/usu1311\/2018\/03\/projecte-espurna.jpg\"><\/a><br \/>\n\u00c9s una iniciativa de l&#8217;ICE de la UAB, \u00e9s\u00a0 un projecte multidisciplinar que en base al treball en projectes col\u00b7laboratius en xarxa, integra metodologies i din\u00e0miques adre\u00e7ades a la millora qualitativa de l&#8217;Escola.<br \/>\nEl curs 2017-2018 l\u2019escola ha iniciat el Projecte amb espurn@ amb un&hellip;  <a href=\"https:\/\/agora.xtec.cat\/ceip-montserrat\/projecte-educatiu\/altres-projectes\/projecte-espurn\/\" title=\"Read Projectes amb espurn@\">Llegeix m\u00e9s\u00bb<\/a><\/p>\n","protected":false},"author":1,"featured_media":0,"parent":2839,"menu_order":0,"comment_status":"closed","ping_status":"closed","template":"","meta":{"_bbp_topic_count":0,"_bbp_reply_count":0,"_bbp_total_topic_count":0,"_bbp_total_reply_count":0,"_bbp_voice_count":0,"_bbp_anonymous_reply_count":0,"_bbp_topic_count_hidden":0,"_bbp_reply_count_hidden":0,"_bbp_forum_subforum_count":0,"footnotes":""},"class_list":["post-2833","page","type-page","status-publish","hentry"],"post_mailing_queue_ids":[],"_links":{"self":[{"href":"https:\/\/agora.xtec.cat\/ceip-montserrat\/wp-json\/wp\/v2\/pages\/2833","targetHints":{"allow":["GET"]}}],"collection":[{"href":"https:\/\/agora.xtec.cat\/ceip-montserrat\/wp-json\/wp\/v2\/pages"}],"about":[{"href":"https:\/\/agora.xtec.cat\/ceip-montserrat\/wp-json\/wp\/v2\/types\/page"}],"author":[{"embeddable":true,"href":"https:\/\/agora.xtec.cat\/ceip-montserrat\/wp-json\/wp\/v2\/users\/1"}],"replies":[{"embeddable":true,"href":"https:\/\/agora.xtec.cat\/ceip-montserrat\/wp-json\/wp\/v2\/comments?post=2833"}],"version-history":[{"count":2,"href":"https:\/\/agora.xtec.cat\/ceip-montserrat\/wp-json\/wp\/v2\/pages\/2833\/revisions"}],"predecessor-version":[{"id":2844,"href":"https:\/\/agora.xtec.cat\/ceip-montserrat\/wp-json\/wp\/v2\/pages\/2833\/revisions\/2844"}],"up":[{"embeddable":true,"href":"https:\/\/agora.xtec.cat\/ceip-montserrat\/wp-json\/wp\/v2\/pages\/2839"}],"wp:attachment":[{"href":"https:\/\/agora.xtec.cat\/ceip-montserrat\/wp-json\/wp\/v2\/media?parent=2833"}],"curies":[{"name":"wp","href":"https:\/\/api.w.org\/{rel}","templated":true}]}}