{"id":1906,"date":"2017-06-09T12:37:30","date_gmt":"2017-06-09T10:37:30","guid":{"rendered":"http:\/\/agora.xtec.cat\/ceip-montserrat\/?page_id=1906"},"modified":"2026-01-10T12:26:53","modified_gmt":"2026-01-10T11:26:53","slug":"qui-som","status":"publish","type":"page","link":"https:\/\/agora.xtec.cat\/ceip-montserrat\/lescola\/qui-som\/","title":{"rendered":"Qui som"},"content":{"rendered":"<ul style=\"list-style-type: circle;\">\n<li>Som <strong>Escola P\u00fablica<\/strong> de <strong>doble l\u00ednia<\/strong> amb un total de 382 alumnes: 101 alumnes d\u2019Ed. Infantil i 282 de Prim\u00e0ria, enguany repartits en 6 grups d\u2019Ed. Infantil i 13 grups d&#8217; Ed. Prim\u00e0ria.<\/li>\n<\/ul>\n<ul style=\"list-style-type: circle;\">\n<li>L&#8217;edifici actual va ser inaugurat el mes de febrer del <strong>2009<\/strong>. Durant l&#8217;estiu 2018 i 2019 es van realitzar les obres d&#8217;ampliaci\u00f3 per acollir la segona l\u00ednia en la seva totalitat i durant l\u2019estiu 2023 es va instal\u00b7lar un m\u00f2dul prefabricat per la necessitat d\u2019incrementar l\u2019oferta educativa del municipi..<\/li>\n<\/ul>\n<ul style=\"list-style-type: circle;\">\n<li>Com un equip de persones que treballem amb <strong>il\u00b7lusi\u00f3, implicaci\u00f3 i professionalitat<\/strong> per assolir els objectius del nostre projecte educatiu.<\/li>\n<\/ul>\n<ul style=\"list-style-type: circle;\">\n<li>La llengua vehicular \u00e9s el catal\u00e0 com a eix vertebrador d&#8217;un <strong>projecte educatiu pluriling\u00fce<\/strong> juntament amb el castell\u00e0, l&#8217;angl\u00e8s i el franc\u00e8s.<\/li>\n<\/ul>\n<ul style=\"list-style-type: circle;\">\n<li>El centre garanteix la <strong>inclusi\u00f3 escolar i social<\/strong> de tot l&#8217;alumnat.<\/li>\n<\/ul>\n<ul style=\"list-style-type: circle;\">\n<li>Fomentem l&#8217;<strong>educaci\u00f3 intercultural i coeducaci\u00f3<\/strong> en un marc de di\u00e0leg, bona conviv\u00e8ncia i respecte que ajuda a promoure l&#8217;equitat educativa.<\/li>\n<\/ul>\n<ul style=\"list-style-type: circle;\">\n<li><strong>Escola Innovadora<\/strong>. Certificat d&#8217;innovaci\u00f3.<\/li>\n<\/ul>\n<ul style=\"list-style-type: circle;\">\n<li>Som <strong>escola Formadora<\/strong> de futurs mestres.<\/li>\n<\/ul>\n<ul style=\"list-style-type: circle;\">\n<li>Potenciem la <strong>Formaci\u00f3 cont\u00ednua<\/strong> dels professionals del centre.<\/li>\n<\/ul>\n","protected":false},"excerpt":{"rendered":"<ul style=\"list-style-type: circle;\">\n<li>Som Escola P\u00fablica de doble l\u00ednia amb un total de 382 alumnes: 101 alumnes d\u2019Ed. Infantil i 282 de Prim\u00e0ria, enguany repartits en 6 grups d\u2019Ed. Infantil i 13 grups d&#8217; Ed. Prim\u00e0ria.<\/li>\n<\/ul>\n<ul style=\"list-style-type: circle;\">\n<li>L&#8217;edifici actual va ser inaugurat el mes de febrer&hellip;  <a href=\"https:\/\/agora.xtec.cat\/ceip-montserrat\/lescola\/qui-som\/\" title=\"Read Qui som\">Llegeix m\u00e9s\u00bb<\/a><br \/>\n","protected":false},"author":1,"featured_media":0,"parent":22,"menu_order":14,"comment_status":"closed","ping_status":"closed","template":"","meta":{"_bbp_topic_count":0,"_bbp_reply_count":0,"_bbp_total_topic_count":0,"_bbp_total_reply_count":0,"_bbp_voice_count":0,"_bbp_anonymous_reply_count":0,"_bbp_topic_count_hidden":0,"_bbp_reply_count_hidden":0,"_bbp_forum_subforum_count":0,"footnotes":""},"class_list":["post-1906","page","type-page","status-publish","hentry"],"post_mailing_queue_ids":[],"_links":{"self":[{"href":"https:\/\/agora.xtec.cat\/ceip-montserrat\/wp-json\/wp\/v2\/pages\/1906","targetHints":{"allow":["GET"]}}],"collection":[{"href":"https:\/\/agora.xtec.cat\/ceip-montserrat\/wp-json\/wp\/v2\/pages"}],"about":[{"href":"https:\/\/agora.xtec.cat\/ceip-montserrat\/wp-json\/wp\/v2\/types\/page"}],"author":[{"embeddable":true,"href":"https:\/\/agora.xtec.cat\/ceip-montserrat\/wp-json\/wp\/v2\/users\/1"}],"replies":[{"embeddable":true,"href":"https:\/\/agora.xtec.cat\/ceip-montserrat\/wp-json\/wp\/v2\/comments?post=1906"}],"version-history":[{"count":7,"href":"https:\/\/agora.xtec.cat\/ceip-montserrat\/wp-json\/wp\/v2\/pages\/1906\/revisions"}],"predecessor-version":[{"id":8066,"href":"https:\/\/agora.xtec.cat\/ceip-montserrat\/wp-json\/wp\/v2\/pages\/1906\/revisions\/8066"}],"up":[{"embeddable":true,"href":"https:\/\/agora.xtec.cat\/ceip-montserrat\/wp-json\/wp\/v2\/pages\/22"}],"wp:attachment":[{"href":"https:\/\/agora.xtec.cat\/ceip-montserrat\/wp-json\/wp\/v2\/media?parent=1906"}],"curies":[{"name":"wp","href":"https:\/\/api.w.org\/{rel}","templated":true}]}}